CRAN Package Check Results for Package glmmTMB

Last updated on 2021-09-22 22:56:26 CEST.

Flavor Version Tinstall Tcheck Ttotal Status Flags
r-devel-linux-x86_64-debian-clang 1.1.2.3 186.09 285.88 471.97 OK
r-devel-linux-x86_64-debian-gcc 1.1.2.3 152.33 262.45 414.78 ERROR
r-devel-linux-x86_64-fedora-clang 1.1.2.3 493.44 NOTE
r-devel-linux-x86_64-fedora-gcc 1.1.2.3 617.80 OK
r-devel-windows-x86_64 1.1.2.2 133.00 222.00 355.00 NOTE --no-vignettes
r-devel-windows-x86_64-gcc10-UCRT 1.1.2.3 ERROR
r-patched-linux-x86_64 1.1.2.2 163.48 297.43 460.91 OK
r-patched-solaris-x86 1.1.2 380.60 ERROR
r-release-linux-x86_64 1.1.2.2 156.65 303.74 460.39 OK
r-release-macos-arm64 1.1.2.2 NOTE
r-release-macos-x86_64 1.1.2.3 NOTE
r-release-windows-ix86+x86_64 1.1.2.2 332.00 381.00 713.00 NOTE --no-vignettes
r-oldrel-macos-x86_64 1.1.2.3 NOTE
r-oldrel-windows-ix86+x86_64 1.1.2.2 258.00 370.00 628.00 NOTE --no-vignettes

Check Details

Version: 1.1.2.3
Check: tests
Result: ERROR
     Running ‘AAAtest-all.R’ [129s/183s]
    Running the tests in ‘tests/AAAtest-all.R’ failed.
    Complete output:
     > if (require("testthat")) {
     + pkg <- "glmmTMB"
     + require(pkg, character.only=TRUE)
     + print(sessionInfo())
     + test_check(pkg, reporter="summary")
     + print(warnings()) # TODO? catch most of these by expect_warning(..)
     + } else {
     + warnings("Package 'testthat' not available, cannot run unit tests for package",
     + sQuote(pkg))
     + }
     Loading required package: testthat
     Loading required package: glmmTMB
     R Under development (unstable) (2021-09-20 r80942)
     Platform: x86_64-pc-linux-gnu (64-bit)
     Running under: Debian GNU/Linux bookworm/sid
    
     Matrix products: default
     BLAS: /home/hornik/tmp/R.check/r-devel-gcc/Work/build/lib/libRblas.so
     LAPACK: /home/hornik/tmp/R.check/r-devel-gcc/Work/build/lib/libRlapack.so
    
     locale:
     [1] LC_CTYPE=en_US.UTF-8 LC_NUMERIC=C
     [3] LC_TIME=en_US.UTF-8 LC_COLLATE=C
     [5] LC_MONETARY=en_US.UTF-8 LC_MESSAGES=en_US.UTF-8
     [7] LC_PAPER=en_US.UTF-8 LC_NAME=C
     [9] LC_ADDRESS=C LC_TELEPHONE=C
     [11] LC_MEASUREMENT=en_US.UTF-8 LC_IDENTIFICATION=C
    
     attached base packages:
     [1] stats graphics grDevices utils datasets methods base
    
     other attached packages:
     [1] glmmTMB_1.1.2.3 testthat_3.0.4
    
     loaded via a namespace (and not attached):
     [1] Rcpp_1.0.7 TMB_1.7.21 magrittr_2.0.1
     [4] splines_4.2.0 MASS_7.3-54 xtable_1.8-4
     [7] lattice_0.20-44 R6_2.5.1 rlang_0.4.11
     [10] multcomp_1.4-17 minqa_1.2.4 grid_4.2.0
     [13] nlme_3.1-153 TH.data_1.0-10 coda_0.19-4
     [16] emmeans_1.6.3 survival_3.2-13 lme4_1.1-27.1
     [19] numDeriv_2016.8-1.1 Matrix_1.3-4 nloptr_1.2.2.2
     [22] codetools_0.2-18 sandwich_3.0-1 estimability_1.3
     [25] compiler_4.2.0 boot_1.3-28 mvtnorm_1.1-2
     [28] zoo_1.8-9
     Anova: ..............
     VarCorr: WWWWWWWWWWWWWW1
     altopt:
     alternative optimizers: S
     basics: W.........2...SS.....S......S
     trickier examples: SS.SSSS....
     bootMer:
     bootMer: SS
     control: SS
     disp: ...
     downstream:
     emmeans: .............
     effects: ..
     edgecases:
     test edge cases: .
     env:
     basic examples: ...
     families:
     alternative binomial specifications: ..........
     non-integer count warnings: .......
     fitting exotic families: SSSSS
     trunc compois: S
     compois: S
     genpois: S
     tweedie: S.
     link function info available: ............
     link info added to family: ...
     formulas:
     formula parsing: ................
     mapopt:
     methods:
     basic methods: .............34..56789...Wa.S..............b...................
     simulate consistency with glm/lm: ...
     Ranef etc.: .......S...........
     offset:
     offsets: SSSSSSSS
     predict: c....SSS
     Predict two-column response case: SSWW.................S..SSSS..Sde.S..
     reml:
     REML: f
     rr: ........Wg
     saveload:
     Saving and loading glmmTMB objects: .
     sparseX:
     sparse X models: Whi.jk..
     start: ..
     utils: .............
     varstruc:
     variance structures: ........SSS
     weight:
     weight: WWWWWWWWWWlmWWWWWWWWWWWWWWWWWWWWn
     zi:
     ZI models: SS
    
     ══ Skipped ═════════════════════════════════════════════════════════════════════
     1. downstream methods work with optim() (test-altopt.R:11:3) - Reason: On CRAN
    
     2. Update Gaussian (test-basics.R:67:3) - Reason: On CRAN
    
     3. Variance structures (test-basics.R:76:3) - Reason: On CRAN
    
     4. Multiple RE, reordering (test-basics.R:106:6) - Reason: On CRAN
    
     5. close to lme4 results (test-basics.R:141:5) - Reason: On CRAN
    
     6. basic zero inflation (test-basics.R:194:8) - Reason: On CRAN
    
     7. alternative binomial model specifications (test-basics.R:212:5) - Reason: On CRAN
    
     8. NA handling (test-basics.R:233:5) - Reason: On CRAN
    
     9. quine NB fit (test-basics.R:251:5) - Reason: On CRAN
    
     10. contrasts arg (test-basics.R:262:5) - Reason: On CRAN
    
     11. zero disp setting (test-basics.R:273:5) - Reason: On CRAN
    
     12. Bernoulli responses (test-bootMer.R:11:3) - Reason: On CRAN
    
     13. binomial responses (test-bootMer.R:21:5) - Reason: On CRAN
    
     14. profile method (test-control.R:16:3) - Reason: On CRAN
    
     15. parallel regions (test-control.R:50:3) - Reason: On CRAN
    
     16. beta (test-families.R:90:3) - Reason: On CRAN
    
     17. nbinom (test-families.R:112:5) - Reason: On CRAN
    
     18. dbetabinom (test-families.R:167:5) - Reason: On CRAN
    
     19. truncated (test-families.R:240:5) - Reason: On CRAN
    
     20. truncated_genpois (test-families.R:317:3) - Reason: On CRAN
    
     21. truncated_compois (test-families.R:334:5) - Reason: On CRAN
    
     22. compois (test-families.R:345:5) - Reason: On CRAN
    
     23. genpois (test-families.R:356:5) - Reason: On CRAN
    
     24. tweedie (test-families.R:365:5) - Reason: On CRAN
    
     25. anova ML/REML checks (test-methods.R:115:5) - Reason: On CRAN
    
     26. various binomial response types work (test-methods.R:398:3) - Reason: On CRAN
    
     27. LM with offset as argument (test-offset.R:29:3) - Reason: On CRAN
    
     28. LM with offset in formula (test-offset.R:37:5) - Reason: On CRAN
    
     29. LM with offset in formula - variable not in environment (test-offset.R:50:5) - Reason: On CRAN
    
     30. LM with offset in dispersion formula (test-offset.R:59:5) - Reason: On CRAN
    
     31. LM with multiple offsets (cond/dispersion) (test-offset.R:67:5) - Reason: On CRAN
    
     32. LM with random crap in the formula (test-offset.R:76:5) - Reason: On CRAN
    
     33. offset in do.call (test-offset.R:83:5) - Reason: On CRAN
    
     34. LONG offset in do.call (test-offset.R:92:5) - Reason: On CRAN
    
     35. new levels of fixed effect factor (test-predict.R:40:5) - Reason: On CRAN
    
     36. new levels in RE term (test-predict.R:47:5) - Reason: On CRAN
    
     37. new levels in AR1 (OK) (test-predict.R:54:5) - Reason: On CRAN
    
     38. two-column response (test-predict.R:64:5) - Reason: On CRAN
    
     39. Prediction with dispformula=~0 (test-predict.R:72:5) - Reason: On CRAN
    
     40. scale (test-predict.R:186:5) - Reason: On CRAN
    
     41. scale_RE (test-predict.R:208:5) - Reason: On CRAN
    
     42. complex bases in dispformula (test-predict.R:215:5) - Reason: On CRAN
    
     43. fix_predvars works for I(x^2) (test-predict.R:227:5) - Reason: On CRAN
    
     44. contrasts carried over (test-predict.R:247:5) - Reason: On CRAN
    
     45. offset-only model (GH #625) (test-predict.R:286:5) - Reason: On CRAN
    
     46. inverse-link prediction (test-predict.R:305:3) - Reason: On CRAN
    
     47. ar1 requires factor time (test-varstruc.R:52:3) - Reason: On CRAN
    
     48. varcorr_print (test-varstruc.R:72:5) - Reason: On CRAN
    
     49. cov_struct_order (test-varstruc.R:98:5) - Reason: On CRAN
    
     50. zi (test-zi.R:12:3) - Reason: On CRAN
    
     51. zi beta and Gamma (test-zi.R:37:5) - Reason: On CRAN
    
     ══ Warnings ════════════════════════════════════════════════════════════════════
     1. (code run outside of `test_that()`) (test-VarCorr.R:8:1) - NA/NaN function evaluation
    
     2. (code run outside of `test_that()`) (test-VarCorr.R:8:1) - NA/NaN function evaluation
    
     3. (code run outside of `test_that()`) (test-VarCorr.R:8:1) - NA/NaN function evaluation
    
     4. (code run outside of `test_that()`) (test-VarCorr.R:8:1) - NA/NaN function evaluation
    
     5. (code run outside of `test_that()`) (test-VarCorr.R:8:1) - NA/NaN function evaluation
    
     6. (code run outside of `test_that()`) (test-VarCorr.R:8:1) - NA/NaN function evaluation
    
     7. (code run outside of `test_that()`) (test-VarCorr.R:8:1) - NA/NaN function evaluation
    
     8. (code run outside of `test_that()`) (test-VarCorr.R:8:1) - NA/NaN function evaluation
    
     9. (code run outside of `test_that()`) (test-VarCorr.R:8:1) - NA/NaN function evaluation
    
     10. (code run outside of `test_that()`) (test-VarCorr.R:8:1) - NA/NaN function evaluation
    
     11. (code run outside of `test_that()`) (test-VarCorr.R:8:1) - NA/NaN function evaluation
    
     12. (code run outside of `test_that()`) (test-VarCorr.R:8:1) - NA/NaN function evaluation
    
     13. (code run outside of `test_that()`) (test-VarCorr.R:8:1) - NA/NaN function evaluation
    
     14. (code run outside of `test_that()`) (test-VarCorr.R:8:1) - NA/NaN function evaluation
    
     15. (code run outside of `test_that()`) (test-basics.R:39:1) - Model convergence problem; non-positive-definite Hessian matrix. See vignette('troubleshooting')
    
     16. drop1 (test-methods.R:104:7) - Model convergence problem; non-positive-definite Hessian matrix. See vignette('troubleshooting')
    
     17. (code run outside of `test_that()`) (???) - Model convergence problem; non-positive-definite Hessian matrix. See vignette('troubleshooting')
    
     18. (code run outside of `test_that()`) (???) - Model convergence problem; non-positive-definite Hessian matrix. See vignette('troubleshooting')
    
     19. rr eigenvalues (test-rr.R:93:9) - NA/NaN function evaluation
    
     20. basic fits (???) - Model convergence problem; non-positive-definite Hessian matrix. See vignette('troubleshooting')
    
     21. Weights can be an argument (test-weight.R:35:5) - NA/NaN function evaluation
    
     22. Weights can be an argument (test-weight.R:35:5) - NA/NaN function evaluation
    
     23. Weights can be an argument (test-weight.R:35:5) - NA/NaN function evaluation
    
     24. Weights can be an argument (test-weight.R:35:5) - NA/NaN function evaluation
    
     25. Weights can be an argument (test-weight.R:35:5) - NA/NaN function evaluation
    
     26. Weights can be an argument (test-weight.R:35:5) - NA/NaN function evaluation
    
     27. Weights can be an argument (test-weight.R:35:5) - NA/NaN function evaluation
    
     28. Weights can be an argument (test-weight.R:35:5) - NA/NaN function evaluation
    
     29. Weights can be an argument (test-weight.R:35:5) - NA/NaN function evaluation
    
     30. Weights can be an argument (test-weight.R:35:5) - NA/NaN function evaluation
    
     31. (code run outside of `test_that()`) (test-weight.R:55:1) - NA/NaN function evaluation
    
     32. (code run outside of `test_that()`) (test-weight.R:55:1) - NA/NaN function evaluation
    
     33. (code run outside of `test_that()`) (test-weight.R:55:1) - NA/NaN function evaluation
    
     34. (code run outside of `test_that()`) (test-weight.R:55:1) - NA/NaN function evaluation
    
     35. (code run outside of `test_that()`) (test-weight.R:55:1) - NA/NaN function evaluation
    
     36. (code run outside of `test_that()`) (test-weight.R:55:1) - NA/NaN function evaluation
    
     37. (code run outside of `test_that()`) (test-weight.R:55:1) - NA/NaN function evaluation
    
     38. (code run outside of `test_that()`) (test-weight.R:55:1) - NA/NaN function evaluation
    
     39. (code run outside of `test_that()`) (test-weight.R:55:1) - NA/NaN function evaluation
    
     40. (code run outside of `test_that()`) (test-weight.R:55:1) - NA/NaN function evaluation
    
     41. (code run outside of `test_that()`) (test-weight.R:55:1) - NA/NaN function evaluation
    
     42. (code run outside of `test_that()`) (test-weight.R:55:1) - NA/NaN function evaluation
    
     43. (code run outside of `test_that()`) (test-weight.R:55:1) - NA/NaN function evaluation
    
     44. (code run outside of `test_that()`) (test-weight.R:55:1) - NA/NaN function evaluation
    
     45. (code run outside of `test_that()`) (test-weight.R:55:1) - NA/NaN function evaluation
    
     46. (code run outside of `test_that()`) (test-weight.R:55:1) - NA/NaN function evaluation
    
     47. (code run outside of `test_that()`) (test-weight.R:55:1) - NA/NaN function evaluation
    
     48. (code run outside of `test_that()`) (test-weight.R:55:1) - NA/NaN function evaluation
    
     49. (code run outside of `test_that()`) (test-weight.R:55:1) - NA/NaN function evaluation
    
     50. (code run outside of `test_that()`) (test-weight.R:55:1) - NA/NaN function evaluation
    
     ══ Failed ══════════════════════════════════════════════════════════════════════
     ── 1. Error (test-VarCorr.R:8:1): (code run outside of `test_that()`) ──────────
     Error: gradient in optim evaluated to length 1 not 6
     Backtrace:
     1. glmmTMB::glmmTMB(distance ~ age + (age | Subject), data = Orthodont) test-VarCorr.R:8:0
     2. glmmTMB::fitTMB(TMBStruc)
     3. TMB::sdreport(obj, getJointPrecision = TMBStruc$REML)
     4. stats::optimHess(par.fixed, obj$fn, obj$gr)
    
     ── 2. Failure (test-basics.R:56:5): Basic Gaussian Sleepdata examples ──────────
     fixef(fm2)$cond not equal to fixef(fm1)$cond.
     2/2 mismatches (average diff: 151)
     [1] 8.72 - 251.4 == -243
     [2] 69.51 - 10.5 == 59
    
     ── 3. Failure (test-methods.R:72:5): Predict ───────────────────────────────────
     predict(fm2) not equal to predict(fm2, newdata = sleepstudy).
     180/180 mismatches (average diff: 3.85)
     [1] 254 - 239 == 14.731
     [2] 274 - 261 == 12.345
     [3] 293 - 283 == 9.960
     [4] 313 - 305 == 7.574
     [5] 332 - 327 == 5.189
     [6] 352 - 349 == 2.803
     [7] 371 - 371 == 0.418
     [8] 391 - 393 == -1.968
     [9] 411 - 415 == -4.353
     ...
    
     ── 4. Failure (test-methods.R:77:5): Predict ───────────────────────────────────
     pr2se$fit not equivalent to predict(fm2).
     180/180 mismatches (average diff: 3.85)
     [1] 239 - 254 == -14.731
     [2] 261 - 274 == -12.345
     [3] 283 - 293 == -9.960
     [4] 305 - 313 == -7.574
     [5] 327 - 332 == -5.189
     [6] 349 - 352 == -2.803
     [7] 371 - 371 == -0.418
     [8] 393 - 391 == 1.968
     [9] 415 - 411 == 4.353
     ...
    
     ── 5. Failure (test-methods.R:80:5): Predict ───────────────────────────────────
     unname(pr2se$fit[1]) not equal to 254.2208.
     1/1 mismatches
     [1] 239 - 254 == -14.7
    
     ── 6. Failure (test-methods.R:81:5): Predict ───────────────────────────────────
     unname(pr2se$se.fit[1]) not equal to 12.94514.
     1/1 mismatches
     [1] NaN - 12.9 == NaN
    
     ── 7. Failure (test-methods.R:82:5): Predict ───────────────────────────────────
     unname(pr2se$fit[100]) not equal to 457.9684.
     1/1 mismatches
     [1] 455 - 458 == -2.66
    
     ── 8. Failure (test-methods.R:83:5): Predict ───────────────────────────────────
     unname(pr2se$se.fit[100]) not equal to 14.13943.
     1/1 mismatches
     [1] NaN - 14.1 == NaN
    
     ── 9. Failure (test-methods.R:86:5): Predict ───────────────────────────────────
     predict(fm2) not equal to predict(fm2, newdata = sleepstudy[, c("Days", "Subject")]).
     180/180 mismatches (average diff: 3.85)
     [1] 254 - 239 == 14.731
     [2] 274 - 261 == 12.345
     [3] 293 - 283 == 9.960
     [4] 313 - 305 == 7.574
     [5] 332 - 327 == 5.189
     [6] 352 - 349 == 2.803
     [7] 371 - 371 == 0.418
     [8] 391 - 393 == -1.968
     [9] 411 - 415 == -4.353
     ...
    
     ── 10. Failure (test-methods.R:105:7): drop1 ───────────────────────────────────
     dd$AIC not equal to c(1763.94, 1785.48).
     2/2 mismatches (average diff: 0.000656)
     [1] 1764 - 1764 == -0.000656
     [2] NA - 1785 == NA
     ... and 13 more
    
    
     Maximum number of 10 failures reached, some test results may be missing.
    
     ══ DONE ════════════════════════════════════════════════════════════════════════
     Error: Test failures
     Execution halted
Flavor: r-devel-linux-x86_64-debian-gcc

Version: 1.1.2.3
Check: installed package size
Result: NOTE
     installed size is 48.8Mb
     sub-directories of 1Mb or more:
     libs 44.1Mb
     test_data 2.2Mb
     vignette_data 1.1Mb
Flavors: r-devel-linux-x86_64-fedora-clang, r-release-macos-x86_64, r-oldrel-macos-x86_64

Version: 1.1.2.2
Flags: --no-vignettes
Check: installed package size
Result: NOTE
     installed size is 18.3Mb
     sub-directories of 1Mb or more:
     libs 13.7Mb
     test_data 2.0Mb
     vignette_data 1.1Mb
Flavors: r-devel-windows-x86_64, r-release-windows-ix86+x86_64, r-oldrel-windows-ix86+x86_64

Version: 1.1.2.3
Check: package dependencies
Result: NOTE
    Packages suggested but not available for checking: 'png', 'huxtable'
Flavor: r-devel-windows-x86_64-gcc10-UCRT

Version: 1.1.2.3
Check: whether package can be installed
Result: ERROR
    Installation failed.
Flavor: r-devel-windows-x86_64-gcc10-UCRT

Version: 1.1.2
Check: installed package size
Result: NOTE
     installed size is 6.9Mb
     sub-directories of 1Mb or more:
     libs 1.9Mb
     test_data 2.2Mb
     vignette_data 1.3Mb
Flavor: r-patched-solaris-x86

Version: 1.1.2
Check: examples
Result: ERROR
    Running examples in ‘glmmTMB-Ex.R’ failed
    The error most likely occurred in:
    
    > ### Name: VarCorr.glmmTMB
    > ### Title: Extract variance and correlation components
    > ### Aliases: VarCorr.glmmTMB VarCorr
    > ### Keywords: internal
    >
    > ### ** Examples
    >
    > ## Comparing variance-covariance matrix with manual computation
    > data("sleepstudy",package="lme4")
    > fm4 <- glmmTMB(Reaction ~ Days + (Days|Subject), sleepstudy)
    
     *** caught segfault ***
    address 4539ec45, cause 'memory not mapped'
    
     *** caught segfault ***
    address 1140000a, cause 'memory not mapped'
    
    Traceback:
     1: retape(set.defaults = TRUE)
     2: MakeADFun(data.tmb, parameters, map = mapArg, random = randomArg, profile = NULL, silent = !verbose, DLL = "glmmTMB")
     3: eval(substitute(expr), data, enclos = parent.frame())
     4: eval(substitute(expr), data, enclos = parent.frame())
     5: with.default(TMBStruc, MakeADFun(data.tmb, parameters, map = mapArg, random = randomArg, profile = NULL, silent = !verbose, DLL = "glmmTMB"))
     6: with(TMBStruc, MakeADFun(data.tmb, parameters, map = mapArg, random = randomArg, profile = NULL, silent = !verbose, DLL = "glmmTMB"))
     7: fitTMB(TMBStruc)
     8: glmmTMB(Reaction ~ Days + (Days | Subject), sleepstudy)
    An irrecoverable exception occurred. R is aborting now ...
    
    Traceback:
     1: retape(set.defaults = TRUE)
     2: MakeADFun(data.tmb, parameters, map = mapArg, random = randomArg, profile = NULL, silent = !verbose, DLL = "glmmTMB")
     3: eval(substitute(expr), data, enclos = parent.frame())
     4: eval(substitute(expr), data, enclos = parent.frame())
     5: with.default(TMBStruc, MakeADFun(data.tmb, parameters, map = mapArg, random = randomArg, profile = NULL, silent = !verbose, DLL = "glmmTMB"))
     6: with(TMBStruc, MakeADFun(data.tmb, parameters, map = mapArg, random = randomArg, profile = NULL, silent = !verbose, DLL = "glmmTMB"))
     7: fitTMB(TMBStruc)
     8: glmmTMB(Reaction ~ Days + (Days | Subject), sleepstudy)
    An irrecoverable exception occurred. R is aborting now ...
Flavor: r-patched-solaris-x86

Version: 1.1.2
Check: tests
Result: ERROR
     Running ‘AAAtest-all.R’ [9s/40s]
    Running the tests in ‘tests/AAAtest-all.R’ failed.
    Complete output:
     > if (require("testthat")) {
     + pkg <- "glmmTMB"
     + require(pkg, character.only=TRUE)
     + print(sessionInfo())
     + test_check(pkg, reporter="summary")
     + print(warnings()) # TODO? catch most of these by expect_warning(..)
     + } else {
     + warnings("Package 'testthat' not available, cannot run unit tests for package",
     + sQuote(pkg))
     + }
     Loading required package: testthat
     Loading required package: glmmTMB
     R version 4.1.1 Patched (2021-08-19 r80801)
     Platform: i386-pc-solaris2.10 (32-bit)
     Running under: Solaris 10
    
     Matrix products: default
     BLAS: /home/ripley/R/cc/lib/libRblas.so
     LAPACK: /home/ripley/R/cc/lib/libRlapack.so
    
     locale:
     [1] /en_GB.UTF-8/C/en_GB.UTF-8/C/en_GB.UTF-8/en_GB.UTF-8
    
     attached base packages:
     [1] stats graphics grDevices utils datasets methods base
    
     other attached packages:
     [1] glmmTMB_1.1.2 testthat_3.0.4
    
     loaded via a namespace (and not attached):
     [1] Rcpp_1.0.7 TMB_1.7.20 magrittr_2.0.1
     [4] splines_4.1.1 MASS_7.3-54 xtable_1.8-4
     [7] lattice_0.20-44 R6_2.5.1 rlang_0.4.11
     [10] multcomp_1.4-17 minqa_1.2.4 grid_4.1.1
     [13] nlme_3.1-152 TH.data_1.0-10 coda_0.19-4
     [16] emmeans_1.6.2-1 survival_3.2-12 lme4_1.1-27.1
     [19] numDeriv_2016.8-1.1 Matrix_1.3-4 nloptr_1.2.2.2
     [22] codetools_0.2-18 sandwich_3.0-1 estimability_1.3
     [25] compiler_4.1.1 boot_1.3-28 mvtnorm_1.1-2
     [28] zoo_1.8-9
     Warning: namespace 'GLMMadaptive' is not available and has been replaced
     by .GlobalEnv when processing object 'fit'
     Anova: ..
     *** caught segfault ***
     address 0, cause 'memory not mapped'
    
     *** caught segfault ***
     address 2d48db14, cause 'memory not mapped'
    
     Traceback:
     1: retape(set.defaults = TRUE)
     2: MakeADFun(data.tmb, parameters, map = mapArg, random = randomArg, profile = NULL, silent = !verbose, DLL = "glmmTMB")
     3: eval(substitute(expr), data, enclos = parent.frame())
     4: eval(substitute(expr), data, enclos = parent.frame())
     5: with.default(TMBStruc, MakeADFun(data.tmb, parameters, map = mapArg, random = randomArg, profile = NULL, silent = !verbose, DLL = "glmmTMB"))
     6: with(TMBStruc, MakeADFun(data.tmb, parameters, map = mapArg, random = randomArg, profile = NULL, silent = !verbose, DLL = "glmmTMB"))
     7: fitTMB(TMBStruc)
     8: glmmTMB(Reaction ~ Days + (1 | Subject), disp = ~I(Days > 5), sleepstudy, REML = FALSE)
     9: eval(code, test_env)
     10: eval(code, test_env)
     11: withCallingHandlers({ eval(code, test_env) if (!handled && !is.null(test)) { skip_empty() }}, expectation = handle_expectation, skip = handle_skip, warning = handle_warning, message = handle_message, error = handle_error)
     12: doTryCatch(return(expr), name, parentenv, handler)
     13: tryCatchOne(expr, names, parentenv, handlers[[1L]])
     14: tryCatchList(expr, names[-nh], parentenv, handlers[-nh])
     15: doTryCatch(return(expr), name, parentenv, handler)
     16: tryCatchOne(tryCatchList(expr, names[-nh], parentenv, handlers[-nh]), names[nh], parentenv, handlers[[nh]])
     17: tryCatchList(expr, classes, parentenv, handlers)
     18: tryCatch(withCallingHandlers({ eval(code, test_env) if (!handled && !is.null(test)) { skip_empty() }}, expectation = handle_expectation, skip = handle_skip, warning = handle_warning, message = handle_message, error = handle_error), error = handle_fatal, skip = function(e) { })
     19: test_code(NULL, exprs, env)
     20: source_file(path, child_env(env), wrap = wrap)
     21: FUN(X[[i]], ...)
     22: lapply(test_paths, test_one_file, env = env, wrap = wrap)
     23: force(code)
     Traceback:
     1: retape(set.defaults = TRUE)
     2: MakeADFun(data.tmb, parameters, map = mapArg, random = randomArg, profile = NULL, silent = !verbose, DLL = "glmmTMB")
     3: eval(substitute(expr), data, enclos = parent.frame())
     4: eval(substitute(expr), data, enclos = parent.frame())
     5: with.default(TMBStruc, MakeADFun(data.tmb, parameters, map = mapArg, random = randomArg, profile = NULL, silent = !verbose, DLL = "glmmTMB"))
     6: with(TMBStruc, MakeADFun(data.tmb, parameters, map = mapArg, random = randomArg, profile = NULL, silent = !verbose, DLL = "glmmTMB"))
     7: fitTMB(TMBStruc)
     8: glmmTMB(Reaction ~ Days + (1 | Subject), disp = ~I(Days > 5), sleepstudy, REML = FALSE)
     9: eval(code, test_env)
     10: eval(code, test_env)
     11: withCallingHandlers({ eval(code, test_env) if (!handled && !is.null(test)) { skip_empty() }}, expectation = handle_expectation, skip = handle_skip, warning = handle_warning, message = handle_message, error = handle_error)
     12: doTryCatch(return(expr), name, parentenv, handler)
     13: tryCatchOne(expr, names, parentenv, handlers[[1L]])
     14: tryCatchList(expr, names[-nh], parentenv, handlers[-nh])
     15: doTryCatch(return(expr), name, parentenv, handler)
     16: tryCatchOne(tryCatchList(expr, names[-nh], parentenv, handlers[-nh]), names[nh], parentenv, handlers[[nh]])
     17: tryCatchList(expr, classes, parentenv, handlers)
     18: tryCatch(withCallingHandlers({ eval(code, test_env) if (!handled && !is.null(test)) { skip_empty() }}, expectation = handle_expectation, skip = handle_skip, warning = handle_warning, message = handle_message, error = handle_error), error = handle_fatal, skip = function(e) { })
     19: test_code(NULL, exprs, env)
     20: source_file(path, child_env(env), wrap = wrap)
     21: FUN(X[[i]], ...)
     22: lapply(test_paths, test_one_file, env = env, wrap = wrap)
     23: force(code)
     24: doWithOneRestart(return(expr), restart)
     25: withOneRestart(expr, restarts[[1L]])
     26: withRestarts(testthat_abort_reporter = function() NULL, force(code))
     27: with_reporter(reporters$multi, lapply(test_paths, test_one_file, env = env, wrap = wrap))
     28: test_files(test_dir = test_dir, test_package = test_package, test_paths = test_paths, load_helpers = load_helpers, reporter = reporter, env = env, stop_on_failure = stop_on_failure, stop_on_warning = stop_on_warning, wrap = wrap, load_package = load_package)
     29: test_files(test_dir = path, test_paths = test_paths, test_package = package, reporter = reporter, load_helpers = load_helpers, env = env, stop_on_failure = stop_on_failure, stop_on_warning = stop_on_warning, wrap = wrap, load_package = load_package, parallel = parallel)
     30: test_dir("testthat", package = package, reporter = reporter, ..., load_package = "installed")
     31: test_check(pkg, reporter = "summary")
     An irrecoverable exception occurred. R is aborting now ...
    
     24: doWithOneRestart(return(expr), restart)
     25: withOneRestart(expr, restarts[[1L]])
     26: withRestarts(testthat_abort_reporter = function() NULL, force(code))
     27: with_reporter(reporters$multi, lapply(test_paths, test_one_file, env = env, wrap = wrap))
     28: test_files(test_dir = test_dir, test_package = test_package, test_paths = test_paths, load_helpers = load_helpers, reporter = reporter, env = env, stop_on_failure = stop_on_failure, stop_on_warning = stop_on_warning, wrap = wrap, load_package = load_package)
     29: test_files(test_dir = path, test_paths = test_paths, test_package = package, reporter = reporter, load_helpers = load_helpers, env = env, stop_on_failure = stop_on_failure, stop_on_warning = stop_on_warning, wrap = wrap, load_package = load_package, parallel = parallel)
     30: test_dir("testthat", package = package, reporter = reporter, ..., load_package = "installed")
     31: test_check(pkg, reporter = "summary")
     An irrecoverable exception occurred. R is aborting now ...
Flavor: r-patched-solaris-x86

Version: 1.1.2
Check: re-building of vignette outputs
Result: WARN
    Error(s) in re-building vignettes:
     ...
    --- re-building ‘covstruct.rmd’ using rmarkdown
    Warning in engine$weave(file, quiet = quiet, encoding = enc) :
     Pandoc (>= 1.12.3) not available. Falling back to R Markdown v1.
    --- finished re-building ‘covstruct.rmd’
    
    --- re-building ‘mcmc.rmd’ using rmarkdown
    Warning in engine$weave(file, quiet = quiet, encoding = enc) :
     Pandoc (>= 1.12.3) not available. Falling back to R Markdown v1.
    --- finished re-building ‘mcmc.rmd’
    
    Segmentation Fault - core dumped
    --- re-building ‘miscEx.rmd’ using rmarkdown
    Warning in engine$weave(file, quiet = quiet, encoding = enc) :
     Pandoc (>= 1.12.3) not available. Falling back to R Markdown v1.
    
     *** caught segfault ***
    address 0, cause 'memory not mapped'
    
    Traceback:
     1: retape(set.defaults = TRUE)
     2: MakeADFun(data.tmb, parameters, map = mapArg, random = randomArg, profile = NULL, silent = !verbose, DLL = "glmmTMB")
     3: eval(substitute(expr), data, enclos = parent.frame())
     4: eval(substitute(expr), data, enclos = parent.frame())
     5: with.default(TMBStruc, MakeADFun(data.tmb, parameters, map = mapArg, random = randomArg, profile = NULL, silent = !verbose, DLL = "glmmTMB"))
     6: with(TMBStruc, MakeADFun(data.tmb, parameters, map = mapArg, random = randomArg, profile = NULL, silent = !verbose, DLL = "glmmTMB"))
     7: fitTMB(TMBStruc)
     8: glmmTMB(y ~ x, family = beta_family(), data = dd)
     9: eval(expr, envir, enclos)
    10: eval(expr, envir, enclos)
    11: withVisible(eval(expr, envir, enclos))
    12: withCallingHandlers(withVisible(eval(expr, envir, enclos)), warning = wHandler, error = eHandler, message = mHandler)
    13: handle(ev <- withCallingHandlers(withVisible(eval(expr, envir, enclos)), warning = wHandler, error = eHandler, message = mHandler))
    14: timing_fn(handle(ev <- withCallingHandlers(withVisible(eval(expr, envir, enclos)), warning = wHandler, error = eHandler, message = mHandler)))
    15: evaluate_call(expr, parsed$src[[i]], envir = envir, enclos = enclos, debug = debug, last = i == length(out), use_try = stop_on_error != 2L, keep_warning = keep_warning, keep_message = keep_message, output_handler = output_handler, include_timing = include_timing)
    16: evaluate::evaluate(...)
    17: evaluate(code, envir = env, new_device = FALSE, keep_warning = !isFALSE(options$warning), keep_message = !isFALSE(options$message), stop_on_error = if (is.numeric(options$error)) options$error else { if (options$error && options$include) 0L else 2L }, output_handler = knit_handlers(options$render, options))
    18: in_dir(input_dir(), evaluate(code, envir = env, new_device = FALSE, keep_warning = !isFALSE(options$warning), keep_message = !isFALSE(options$message), stop_on_error = if (is.numeric(options$error)) options$error else { if (options$error && options$include) 0L else 2L }, output_handler = knit_handlers(options$render, options)))
    19: eng_r(options)
    20: block_exec(params)
    21: call_block(x)
    22: process_group.block(group)
    23: process_group(group)
    24: withCallingHandlers(if (tangle) process_tangle(group) else process_group(group), error = function(e) { setwd(wd) cat(res, sep = "\n", file = output %n% "") message("Quitting from lines ", paste(current_lines(i), collapse = "-"), " (", knit_concord$get("infile"), ") ") })
    25: process_file(text, output)
    26: knit(input, text = text, envir = envir, quiet = quiet)
    27: (if (grepl("\\.[Rr]md$", file)) knit2html else if (grepl("\\.[Rr]rst$", file)) knit2pandoc else knit)(file, encoding = encoding, quiet = quiet, envir = globalenv(), ...)
    28: vweave(...)
    29: engine$weave(file, quiet = quiet, encoding = enc)
    30: doTryCatch(return(expr), name, parentenv, handler)
    31: tryCatchOne(expr, names, parentenv, handlers[[1L]])
    32: tryCatchList(expr, classes, parentenv, handlers)
    33: tryCatch({ engine$weave(file, quiet = quiet, encoding = enc) setwd(startdir) output <- find_vignette_product(name, by = "weave", engine = engine) if (!have.makefile && vignette_is_tex(output)) { texi2pdf(file = output, clean = FALSE, quiet = quiet) output <- find_vignette_product(name, by = "texi2pdf", engine = engine) }}, error = function(e) { OK <<- FALSE message(gettextf("Error: processing vignette '%s' failed with diagnostics:\n%s", file, conditionMessage(e)))})
    34: tools:::.buildOneVignette("miscEx.rmd", "/home/ripley/R/packages/tests32/glmmTMB.Rcheck/vign_test/glmmTMB", TRUE, FALSE, "miscEx", "UTF-8", "/tmp/RtmpDDaWL2/working_dir/Rtmp9naWZS/file599e37d0269d.rds")
    An irrecoverable exception occurred. R is aborting now ...
    --- re-building ‘parallel.Rmd’ using rmarkdown
    Warning in engine$weave(file, quiet = quiet, encoding = enc) :
     Pandoc (>= 1.12.3) not available. Falling back to R Markdown v1.
    --- finished re-building ‘parallel.Rmd’
    
    Segmentation Fault - core dumped
    --- re-building ‘sim.rmd’ using rmarkdown
    Warning in engine$weave(file, quiet = quiet, encoding = enc) :
     Pandoc (>= 1.12.3) not available. Falling back to R Markdown v1.
    
     *** caught segfault ***
    address 0, cause 'memory not mapped'
    
    Traceback:
     1: retape(set.defaults = TRUE)
     2: MakeADFun(data.tmb, parameters, map = mapArg, random = randomArg, profile = NULL, silent = !verbose, DLL = "glmmTMB")
     3: eval(substitute(expr), data, enclos = parent.frame())
     4: eval(substitute(expr), data, enclos = parent.frame())
     5: with.default(TMBStruc, MakeADFun(data.tmb, parameters, map = mapArg, random = randomArg, profile = NULL, silent = !verbose, DLL = "glmmTMB"))
     6: with(TMBStruc, MakeADFun(data.tmb, parameters, map = mapArg, random = randomArg, profile = NULL, silent = !verbose, DLL = "glmmTMB"))
     7: fitTMB(TMBStruc)
     8: glmmTMB(SiblingNegotiation ~ FoodTreatment * SexParent + (1 | Nest) + offset(log(BroodSize)), family = nbinom1, ziformula = ~1, data = Owls)
     9: eval(expr, envir, enclos)
    10: eval(expr, envir, enclos)
    11: withVisible(eval(expr, envir, enclos))
    12: withCallingHandlers(withVisible(eval(expr, envir, enclos)), warning = wHandler, error = eHandler, message = mHandler)
    13: handle(ev <- withCallingHandlers(withVisible(eval(expr, envir, enclos)), warning = wHandler, error = eHandler, message = mHandler))
    14: timing_fn(handle(ev <- withCallingHandlers(withVisible(eval(expr, envir, enclos)), warning = wHandler, error = eHandler, message = mHandler)))
    15: evaluate_call(expr, parsed$src[[i]], envir = envir, enclos = enclos, debug = debug, last = i == length(out), use_try = stop_on_error != 2L, keep_warning = keep_warning, keep_message = keep_message, output_handler = output_handler, include_timing = include_timing)
    16: evaluate::evaluate(...)
    17: evaluate(code, envir = env, new_device = FALSE, keep_warning = !isFALSE(options$warning), keep_message = !isFALSE(options$message), stop_on_error = if (is.numeric(options$error)) options$error else { if (options$error && options$include) 0L else 2L }, output_handler = knit_handlers(options$render, options))
    18: in_dir(input_dir(), evaluate(code, envir = env, new_device = FALSE, keep_warning = !isFALSE(options$warning), keep_message = !isFALSE(options$message), stop_on_error = if (is.numeric(options$error)) options$error else { if (options$error && options$include) 0L else 2L }, output_handler = knit_handlers(options$render, options)))
    19: eng_r(options)
    20: block_exec(params)
    21: call_block(x)
    22: process_group.block(group)
    23: process_group(group)
    24: withCallingHandlers(if (tangle) process_tangle(group) else process_group(group), error = function(e) { setwd(wd) cat(res, sep = "\n", file = output %n% "") message("Quitting from lines ", paste(current_lines(i), collapse = "-"), " (", knit_concord$get("infile"), ") ") })
    25: process_file(text, output)
    26: knit(input, text = text, envir = envir, quiet = quiet)
    27: (if (grepl("\\.[Rr]md$", file)) knit2html else if (grepl("\\.[Rr]rst$", file)) knit2pandoc else knit)(file, encoding = encoding, quiet = quiet, envir = globalenv(), ...)
    28: vweave(...)
    29: engine$weave(file, quiet = quiet, encoding = enc)
    30: doTryCatch(return(expr), name, parentenv, handler)
    31: tryCatchOne(expr, names, parentenv, handlers[[1L]])
    32: tryCatchList(expr, classes, parentenv, handlers)
    33: tryCatch({ engine$weave(file, quiet = quiet, encoding = enc) setwd(startdir) output <- find_vignette_product(name, by = "weave", engine = engine) if (!have.makefile && vignette_is_tex(output)) { texi2pdf(file = output, clean = FALSE, quiet = quiet) output <- find_vignette_product(name, by = "texi2pdf", engine = engine) }}, error = function(e) { OK <<- FALSE message(gettextf("Error: processing vignette '%s' failed with diagnostics:\n%s", file, conditionMessage(e)))})
    34: tools:::.buildOneVignette("sim.rmd", "/home/ripley/R/packages/tests32/glmmTMB.Rcheck/vign_test/glmmTMB", TRUE, FALSE, "sim", "UTF-8", "/tmp/RtmpDDaWL2/working_dir/Rtmp9naWZS/file599ed9e7f23.rds")
    An irrecoverable exception occurred. R is aborting now ...
    
     *** caught segfault ***
    address 0, cause 'memory not mapped'
    
    Traceback:
     1: retape(set.defaults = TRUE)
     2: MakeADFun(data.tmb, parameters, map = mapArg, random = randomArg, profile = NULL, silent = !verbose, DLL = "glmmTMB")
     3: eval(substitute(expr), data, enclos = parent.frame())
     4: eval(substitute(expr), data, enclos = parent.frame())
     5: with.default(TMBStruc, MakeADFun(data.tmb, parameters, map = mapArg, random = randomArg, profile = NULL, silent = !verbose, DLL = "glmmTMB"))
     6: with(TMBStruc, MakeADFun(data.tmb, parameters, map = mapArg, random = randomArg, profile = NULL, silent = !verbose, DLL = "glmmTMB"))
     7: fitTMB(TMBStruc)
     8: glmmTMB(SiblingNegotiation ~ FoodTreatment * SexParent + (1 | Nest) + offset(log(BroodSize)), family = nbinom1, ziformula = ~1, data = Owls)
     9: eval(expr, envir, enclos)
    10: eval(expr, envir, enclos)
    11: withVisible(eval(expr, envir, enclos))
    12: withCallingHandlers(withVisible(eval(expr, envir, enclos)), warning = wHandler, error = eHandler, message = mHandler)
    13: handle(ev <- withCallingHandlers(withVisible(eval(expr, envir, enclos)), warning = wHandler, error = eHandler, message = mHandler))
    14: timing_fn(handle(ev <- withCallingHandlers(withVisible(eval(expr, envir, enclos)), warning = wHandler, error = eHandler, message = mHandler)))
    15: evaluate_call(expr, parsed$src[[i]], envir = envir, enclos = enclos, debug = debug, last = i == length(out), use_try = stop_on_error != 2L, keep_warning = keep_warning, keep_message = keep_message, output_handler = output_handler, include_timing = include_timing)
    16: evaluate::evaluate(...)
    17: evaluate(code, envir = env, new_device = FALSE, keep_warning = !isFALSE(options$warning), keep_message = !isFALSE(options$message), stop_on_error = if (is.numeric(options$error)) options$error else { if (options$error && options$include) 0L else 2L }, output_handler = knit_handlers(options$render, options))
    18: in_dir(input_dir(), evaluate(code, envir = env, new_device = FALSE, keep_warning = !isFALSE(options$warning), keep_message = !isFALSE(options$message), stop_on_error = if (is.numeric(options$error)) options$error else { if (options$error && options$include) 0L else 2L }, output_handler = knit_handlers(options$render, options)))
    19: eng_r(options)
    20: block_exec(params)
    21: call_block(x)
    22: process_group.block(group)
    23: process_group(group)
    24: withCallingHandlers(if (tangle) process_tangle(group) else process_group(group), error = function(e) { setwd(wd) cat(res, sep = "\n", file = output %n% "") message("Quitting from lines ", paste(current_lines(i), collapse = "-"), " (", knit_concord$get("infile"), ") ") })
    25: process_file(text, output)
    26: knit(input, text = text, envir = envir, quiet = quiet)
    27: (if (grepl("\\.[Rr]md$", file)) knit2html else if (grepl("\\.[Rr]rst$", file)) knit2pandoc else knit)(file, encoding = encoding, quiet = quiet, envir = globalenv(), ...)
    28: vweave(...)
    29: engine$weave(file, quiet = quiet, encoding = enc)
    30: doTryCatch(return(expr), name, parentenv, handler)
    31: tryCatchOne(expr, names, parentenv, handlers[[1L]])
    32: tryCatchList(expr, classes, parentenv, handlers)
    33: tryCatch({ engine$weave(file, quiet = quiet, encoding = enc) setwd(startdir) output <- find_vignette_product(name, by = "weave", engine = engine) if (!have.makefile && vignette_is_tex(output)) { texi2pdf(file = output, clean = FALSE, quiet = quiet) output <- find_vignette_product(name, by = "texi2pdf", engine = engine) }}, error = function(e) { OK <<- FALSE message(gettextf("Error: processing vignette '%s' failed with diagnostics:\n%s", file, conditionMessage(e)))})
    34: tools:::.buildOneVignette("sim.rmd", "/home/ripley/R/packages/tests32/glmmTMB.Rcheck/vign_test/glmmTMB", TRUE, FALSE, "sim", "UTF-8", "/tmp/RtmpDDaWL2/working_dir/Rtmp9naWZS/file599ed9e7f23.rds")
    An irrecoverable exception occurred. R is aborting now ...
    Segmentation Fault - core dumped
    --- re-building ‘troubleshooting.rmd’ using rmarkdown
    Warning in engine$weave(file, quiet = quiet, encoding = enc) :
     Pandoc (>= 1.12.3) not available. Falling back to R Markdown v1.
    
     *** caught segfault ***
    address 0, cause 'memory not mapped'
    
    Traceback:
     1: retape(set.defaults = TRUE)
     2: MakeADFun(data.tmb, parameters, map = mapArg, random = randomArg, profile = NULL, silent = !verbose, DLL = "glmmTMB")
     3: eval(substitute(expr), data, enclos = parent.frame())
     4: eval(substitute(expr), data, enclos = parent.frame())
     5: with.default(TMBStruc, MakeADFun(data.tmb, parameters, map = mapArg, random = randomArg, profile = NULL, silent = !verbose, DLL = "glmmTMB"))
     6: with(TMBStruc, MakeADFun(data.tmb, parameters, map = mapArg, random = randomArg, profile = NULL, silent = !verbose, DLL = "glmmTMB"))
     7: fitTMB(TMBStruc)
     8: glmmTMB(formula = taeCPUE ~ Avg.Relief + (1 | site.name/reef.name), data = dd, family = nbinom1, ziformula = ~0, dispformula = ~1, control = glmmTMBControl(optimizer = optim, optArgs = list(method = "BFGS")))
     9: eval(call, parent.frame())
    10: eval(call, parent.frame())
    11: update.default(mod2, control = glmmTMBControl(optimizer = optim, optArgs = list(method = "BFGS")))
    12: update(mod2, control = glmmTMBControl(optimizer = optim, optArgs = list(method = "BFGS")))
    13: eval(expr, envir, enclos)
    14: eval(expr, envir, enclos)
    15: withVisible(eval(expr, envir, enclos))
    16: withCallingHandlers(withVisible(eval(expr, envir, enclos)), warning = wHandler, error = eHandler, message = mHandler)
    17: handle(ev <- withCallingHandlers(withVisible(eval(expr, envir, enclos)), warning = wHandler, error = eHandler, message = mHandler))
    18: timing_fn(handle(ev <- withCallingHandlers(withVisible(eval(expr, envir, enclos)), warning = wHandler, error = eHandler, message = mHandler)))
    19: evaluate_call(expr, parsed$src[[i]], envir = envir, enclos = enclos, debug = debug, last = i == length(out), use_try = stop_on_error != 2L, keep_warning = keep_warning, keep_message = keep_message, output_handler = output_handler, include_timing = include_timing)
    20: evaluate::evaluate(...)
    21: evaluate(code, envir = env, new_device = FALSE, keep_warning = !isFALSE(options$warning), keep_message = !isFALSE(options$message), stop_on_error = if (is.numeric(options$error)) options$error else { if (options$error && options$include) 0L else 2L }, output_handler = knit_handlers(options$render, options))
    22: in_dir(input_dir(), evaluate(code, envir = env, new_device = FALSE, keep_warning = !isFALSE(options$warning), keep_message = !isFALSE(options$message), stop_on_error = if (is.numeric(options$error)) options$error else { if (options$error && options$include) 0L else 2L }, output_handler = knit_handlers(options$render, options)))
    23: eng_r(options)
    24: block_exec(params)
    25: call_block(x)
    26: process_group.block(group)
    27: process_group(group)
    28: withCallingHandlers(if (tangle) process_tangle(group) else process_group(group), error = function(e) { setwd(wd) cat(res, sep = "\n", file = output %n% "") message("Quitting from lines ", paste(current_lines(i), collapse = "-"), " (", knit_concord$get("infile"), ") ") })
    29: process_file(text, output)
    30: knit(input, text = text, envir = envir, quiet = quiet)
    31: (if (grepl("\\.[Rr]md$", file)) knit2html else if (grepl("\\.[Rr]rst$", file)) knit2pandoc else knit)(file, encoding = encoding, quiet = quiet, envir = globalenv(), ...)
    32: vweave(...)
    33: engine$weave(file, quiet = quiet, encoding = enc)
    34: doTryCatch(return(expr), name, parentenv, handler)
    35: tryCatchOne(expr, names, parentenv, handlers[[1L]])
    36: tryCatchList(expr, classes, parentenv, handlers)
    37: tryCatch({ engine$weave(file, quiet = quiet, encoding = enc) setwd(startdir) output <- find_vignette_product(name, by = "weave", engine = engine) if (!have.makefile && vignette_is_tex(output)) { texi2pdf(file = output, clean = FALSE, quiet = quiet) output <- find_vignette_product(name, by = "texi2pdf", engine = engine) }}, error = function(e) { OK <<- FALSE message(gettextf("Error: processing vignette '%s' failed with diagnostics:\n%s", file, conditionMessage(e)))})
    38: tools:::.buildOneVignette("troubleshooting.rmd", "/home/ripley/R/packages/tests32/glmmTMB.Rcheck/vign_test/glmmTMB", TRUE, FALSE, "troubleshooting", "UTF-8", "/tmp/RtmpDDaWL2/working_dir/Rtmp9naWZS/file599e16071098.rds")
    An irrecoverable exception occurred. R is aborting now ...
    --- re-building ‘glmmTMB.Rnw’ using knitr
    Loading required package: stats4
    --- finished re-building ‘glmmTMB.Rnw’
    
    Segmentation Fault - core dumped
    --- re-building ‘model_evaluation.Rnw’ using knitr
    Loading required package: carData
    lattice theme set by effectsTheme()
    See ?effectsTheme for details.
    Loading required package: mvtnorm
    Loading required package: survival
    Loading required package: TH.data
    Loading required package: MASS
    
    Attaching package: 'TH.data'
    
    The following object is masked from 'package:MASS':
    
     geyser
    
    This is DHARMa 0.4.3. For overview type '?DHARMa'. For recent changes, type news(package = 'DHARMa') Note: Syntax of plotResiduals has changed in 0.3.0, see ?plotResiduals for details
    Loading required package: ggplot2
    Version: 1.37.5
    Date: 2020-06-17
    Author: Philip Leifeld (University of Essex)
    
    Consider submitting praise using the praise or praise_interactive functions.
    Please cite the JSS article in your publications -- see citation("texreg").
    
     *** caught segfault ***
    address 0, cause 'memory not mapped'
    
    Traceback:
     1: retape(set.defaults = TRUE)
     2: MakeADFun(data.tmb, parameters, map = mapArg, random = randomArg, profile = NULL, silent = !verbose, DLL = "glmmTMB")
     3: eval(substitute(expr), data, enclos = parent.frame())
     4: eval(substitute(expr), data, enclos = parent.frame())
     5: with.default(TMBStruc, MakeADFun(data.tmb, parameters, map = mapArg, random = randomArg, profile = NULL, silent = !verbose, DLL = "glmmTMB"))
     6: with(TMBStruc, MakeADFun(data.tmb, parameters, map = mapArg, random = randomArg, profile = NULL, silent = !verbose, DLL = "glmmTMB"))
     7: fitTMB(TMBStruc)
     8: glmmTMB(SiblingNegotiation ~ FoodTreatment * SexParent + (1 | Nest) + offset(log(BroodSize)), contrasts = list(FoodTreatment = "contr.sum", SexParent = "contr.sum"), family = nbinom1, zi = ~1, data = Owls)
     9: eval(expr, envir, enclos)
    10: eval(expr, envir, enclos)
    11: withVisible(eval(expr, envir, enclos))
    12: withCallingHandlers(withVisible(eval(expr, envir, enclos)), warning = wHandler, error = eHandler, message = mHandler)
    13: handle(ev <- withCallingHandlers(withVisible(eval(expr, envir, enclos)), warning = wHandler, error = eHandler, message = mHandler))
    14: timing_fn(handle(ev <- withCallingHandlers(withVisible(eval(expr, envir, enclos)), warning = wHandler, error = eHandler, message = mHandler)))
    15: evaluate_call(expr, parsed$src[[i]], envir = envir, enclos = enclos, debug = debug, last = i == length(out), use_try = stop_on_error != 2L, keep_warning = keep_warning, keep_message = keep_message, output_handler = output_handler, include_timing = include_timing)
    16: evaluate::evaluate(...)
    17: evaluate(code, envir = env, new_device = FALSE, keep_warning = !isFALSE(options$warning), keep_message = !isFALSE(options$message), stop_on_error = if (is.numeric(options$error)) options$error else { if (options$error && options$include) 0L else 2L }, output_handler = knit_handlers(options$render, options))
    18: in_dir(input_dir(), evaluate(code, envir = env, new_device = FALSE, keep_warning = !isFALSE(options$warning), keep_message = !isFALSE(options$message), stop_on_error = if (is.numeric(options$error)) options$error else { if (options$error && options$include) 0L else 2L }, output_handler = knit_handlers(options$render, options)))
    19: eng_r(options)
    20: block_exec(params)
    21: call_block(x)
    22: process_group.block(group)
    23: process_group(group)
    24: withCallingHandlers(if (tangle) process_tangle(group) else process_group(group), error = function(e) { setwd(wd) cat(res, sep = "\n", file = output %n% "") message("Quitting from lines ", paste(current_lines(i), collapse = "-"), " (", knit_concord$get("infile"), ") ") })
    25: process_file(text, output)
    26: (if (grepl("\\.[Rr]md$", file)) knit2html else if (grepl("\\.[Rr]rst$", file)) knit2pandoc else knit)(file, encoding = encoding, quiet = quiet, envir = globalenv(), ...)
    27: engine$weave(file, quiet = quiet, encoding = enc)
    28: doTryCatch(return(expr), name, parentenv, handler)
    29: tryCatchOne(expr, names, parentenv, handlers[[1L]])
    30: tryCatchList(expr, classes, parentenv, handlers)
    31: tryCatch({ engine$weave(file, quiet = quiet, encoding = enc) setwd(startdir) output <- find_vignette_product(name, by = "weave", engine = engine) if (!have.makefile && vignette_is_tex(output)) { texi2pdf(file = output, clean = FALSE, quiet = quiet) output <- find_vignette_product(name, by = "texi2pdf", engine = engine) }}, error = function(e) { OK <<- FALSE message(gettextf("Error: processing vignette '%s' failed with diagnostics:\n%s", file, conditionMessage(e)))})
    32: tools:::.buildOneVignette("model_evaluation.Rnw", "/home/ripley/R/packages/tests32/glmmTMB.Rcheck/vign_test/glmmTMB", TRUE, FALSE, "model_evaluation", "UTF-8", "/tmp/RtmpDDaWL2/working_dir/Rtmp9naWZS/file599e7e7f92.rds")
    An irrecoverable exception occurred. R is aborting now ...
    
     *** caught segfault ***
    address 0, cause 'memory not mapped'
    
    Traceback:
     1: retape(set.defaults = TRUE)
     2: MakeADFun(data.tmb, parameters, map = mapArg, random = randomArg, profile = NULL, silent = !verbose, DLL = "glmmTMB")
     3: eval(substitute(expr), data, enclos = parent.frame())
     4: eval(substitute(expr), data, enclos = parent.frame())
     5: with.default(TMBStruc, MakeADFun(data.tmb, parameters, map = mapArg, random = randomArg, profile = NULL, silent = !verbose, DLL = "glmmTMB"))
     6: with(TMBStruc, MakeADFun(data.tmb, parameters, map = mapArg, random = randomArg, profile = NULL, silent = !verbose, DLL = "glmmTMB"))
     7: fitTMB(TMBStruc)
     8: glmmTMB(SiblingNegotiation ~ FoodTreatment * SexParent + (1 | Nest) + offset(log(BroodSize)), contrasts = list(FoodTreatment = "contr.sum", SexParent = "contr.sum"), family = nbinom1, zi = ~1, data = Owls)
     9: eval(expr, envir, enclos)
    10: eval(expr, envir, enclos)
    11: withVisible(eval(expr, envir, enclos))
    12: withCallingHandlers(withVisible(eval(expr, envir, enclos)), warning = wHandler, error = eHandler, message = mHandler)
    13: handle(ev <- withCallingHandlers(withVisible(eval(expr, envir, enclos)), warning = wHandler, error = eHandler, message = mHandler))
    14: timing_fn(handle(ev <- withCallingHandlers(withVisible(eval(expr, envir, enclos)), warning = wHandler, error = eHandler, message = mHandler)))
    15: evaluate_call(expr, parsed$src[[i]], envir = envir, enclos = enclos, debug = debug, last = i == length(out), use_try = stop_on_error != 2L, keep_warning = keep_warning, keep_message = keep_message, output_handler = output_handler, include_timing = include_timing)
    16: evaluate::evaluate(...)
    17: evaluate(code, envir = env, new_device = FALSE, keep_warning = !isFALSE(options$warning), keep_message = !isFALSE(options$message), stop_on_error = if (is.numeric(options$error)) options$error else { if (options$error && options$include) 0L else 2L }, output_handler = knit_handlers(options$render, options))
    18: in_dir(input_dir(), evaluate(code, envir = env, new_device = FALSE, keep_warning = !isFALSE(options$warning), keep_message = !isFALSE(options$message), stop_on_error = if (is.numeric(options$error)) options$error else { if (options$error && options$include) 0L else 2L }, output_handler = knit_handlers(options$render, options)))
    19: eng_r(options)
    20: block_exec(params)
    21: call_block(x)
    22: process_group.block(group)
    23: process_group(group)
    24: withCallingHandlers(if (tangle) process_tangle(group) else process_group(group), error = function(e) { setwd(wd) cat(res, sep = "\n", file = output %n% "") message("Quitting from lines ", paste(current_lines(i), collapse = "-"), " (", knit_concord$get("infile"), ") ") })
    25: process_file(text, output)
    26: (if (grepl("\\.[Rr]md$", file)) knit2html else if (grepl("\\.[Rr]rst$", file)) knit2pandoc else knit)(file, encoding = encoding, quiet = quiet, envir = globalenv(), ...)
    27: engine$weave(file, quiet = quiet, encoding = enc)
    28: doTryCatch(return(expr), name, parentenv, handler)
    29: tryCatchOne(expr, names, parentenv, handlers[[1L]])
    30: tryCatchList(expr, classes, parentenv, handlers)
    31: tryCatch({ engine$weave(file, quiet = quiet, encoding = enc) setwd(startdir) output <- find_vignette_product(name, by = "weave", engine = engine) if (!have.makefile && vignette_is_tex(output)) { texi2pdf(file = output, clean = FALSE, quiet = quiet) output <- find_vignette_product(name, by = "texi2pdf", engine = engine) }}, error = function(e) { OK <<- FALSE message(gettextf("Error: processing vignette '%s' failed with diagnostics:\n%s", file, conditionMessage(e)))})
    32: tools:::.buildOneVignette("model_evaluation.Rnw", "/home/ripley/R/packages/tests32/glmmTMB.Rcheck/vign_test/glmmTMB", TRUE, FALSE, "model_evaluation", "UTF-8", "/tmp/RtmpDDaWL2/working_dir/Rtmp9naWZS/file599e7e7f92.rds")
    An irrecoverable exception occurred. R is aborting now ...
    SUMMARY: processing the following files failed:
     ‘miscEx.rmd’ ‘sim.rmd’ ‘troubleshooting.rmd’ ‘model_evaluation.Rnw’
    
    Error: Vignette re-building failed.
    Execution halted
Flavor: r-patched-solaris-x86

Version: 1.1.2.2
Check: installed package size
Result: NOTE
     installed size is 74.6Mb
     sub-directories of 1Mb or more:
     libs 70.0Mb
     test_data 2.0Mb
     vignette_data 1.1Mb
Flavor: r-release-macos-arm64