CRAN Package Check Results for Package glmmfields

Last updated on 2020-01-17 22:50:53 CET.

Flavor Version Tinstall Tcheck Ttotal Status Flags
r-devel-linux-x86_64-debian-clang 0.1.3 143.61 100.31 243.92 NOTE
r-devel-linux-x86_64-debian-gcc 0.1.3 142.93 78.69 221.62 NOTE
r-devel-linux-x86_64-fedora-clang 0.1.3 339.54 NOTE
r-devel-linux-x86_64-fedora-gcc 0.1.3 395.97 NOTE
r-devel-windows-ix86+x86_64 0.1.3 320.00 195.00 515.00 NOTE
r-devel-windows-ix86+x86_64-gcc8 0.1.3 267.00 234.00 501.00 NOTE
r-patched-linux-x86_64 0.1.3 136.22 90.03 226.25 NOTE
r-patched-solaris-x86 0.1.3 334.90 NOTE
r-release-linux-x86_64 0.1.3 139.82 89.52 229.34 NOTE
r-release-windows-ix86+x86_64 0.1.3 206.00 7.00 213.00 ERROR
r-release-osx-x86_64 0.1.3 NOTE
r-oldrel-windows-ix86+x86_64 0.1.3 300.00 145.00 445.00 NOTE
r-oldrel-osx-x86_64 0.1.3 NOTE

Check Details

Version: 0.1.3
Check: for GNU extensions in Makefiles
Result: NOTE
    GNU make is a SystemRequirements.
Flavors: r-devel-linux-x86_64-debian-clang, r-devel-linux-x86_64-debian-gcc, r-devel-linux-x86_64-fedora-clang, r-devel-linux-x86_64-fedora-gcc, r-devel-windows-ix86+x86_64, r-devel-windows-ix86+x86_64-gcc8, r-patched-linux-x86_64, r-patched-solaris-x86, r-release-linux-x86_64, r-release-osx-x86_64, r-oldrel-windows-ix86+x86_64, r-oldrel-osx-x86_64

Version: 0.1.3
Check: installed package size
Result: NOTE
     installed size is 38.6Mb
     sub-directories of 1Mb or more:
     libs 37.9Mb
Flavors: r-devel-linux-x86_64-fedora-clang, r-devel-windows-ix86+x86_64-gcc8, r-release-osx-x86_64, r-oldrel-osx-x86_64

Version: 0.1.3
Check: whether package can be installed
Result: ERROR
    Installation failed.
Flavor: r-release-windows-ix86+x86_64