CRAN Package Check Results for Package glmmfields

Last updated on 2019-09-14 22:48:26 CEST.

Flavor Version Tinstall Tcheck Ttotal Status Flags
r-devel-linux-x86_64-debian-clang 0.1.3 134.90 91.42 226.32 NOTE
r-devel-linux-x86_64-debian-gcc 0.1.3 144.31 73.93 218.24 NOTE
r-devel-linux-x86_64-fedora-clang 0.1.3 298.63 NOTE
r-devel-linux-x86_64-fedora-gcc 0.1.3 354.05 NOTE
r-devel-windows-ix86+x86_64 0.1.3 331.00 196.00 527.00 NOTE
r-patched-linux-x86_64 0.1.3 138.12 91.74 229.86 NOTE
r-patched-solaris-x86 0.1.3 325.20 NOTE
r-release-linux-x86_64 0.1.3 146.36 90.56 236.92 NOTE
r-release-windows-ix86+x86_64 0.1.3 201.00 158.00 359.00 NOTE
r-release-osx-x86_64 0.1.3 NOTE
r-oldrel-windows-ix86+x86_64 0.1.3 300.00 160.00 460.00 NOTE
r-oldrel-osx-x86_64 0.1.3 NOTE

Check Details

Version: 0.1.3
Check: for GNU extensions in Makefiles
Result: NOTE
    GNU make is a SystemRequirements.
Flavors: r-devel-linux-x86_64-debian-clang, r-devel-linux-x86_64-debian-gcc, r-devel-linux-x86_64-fedora-clang, r-devel-linux-x86_64-fedora-gcc, r-devel-windows-ix86+x86_64, r-patched-linux-x86_64, r-patched-solaris-x86, r-release-linux-x86_64, r-release-windows-ix86+x86_64, r-release-osx-x86_64, r-oldrel-windows-ix86+x86_64, r-oldrel-osx-x86_64

Version: 0.1.3
Check: installed package size
Result: NOTE
     installed size is 38.5Mb
     sub-directories of 1Mb or more:
     libs 37.9Mb
Flavors: r-devel-linux-x86_64-fedora-clang, r-release-osx-x86_64, r-oldrel-osx-x86_64