Last updated on 2024-03-27 22:57:46 CET.
Flavor | Version | Tinstall | Tcheck | Ttotal | Status | Flags |
---|---|---|---|---|---|---|
r-devel-linux-x86_64-debian-clang | 0.3.4 | 324.53 | 209.02 | 533.55 | OK | |
r-devel-linux-x86_64-debian-gcc | 0.3.4 | 380.06 | 181.38 | 561.44 | OK | |
r-devel-linux-x86_64-fedora-clang | 0.3.4 | 695.76 | OK | |||
r-devel-linux-x86_64-fedora-gcc | 0.3.4 | 972.21 | OK | |||
r-devel-windows-x86_64 | 0.3.4 | 315.00 | 186.00 | 501.00 | OK | |
r-patched-linux-x86_64 | 0.3.4 | 0.26 | 1.56 | 1.82 | ERROR | |
r-release-linux-x86_64 | 0.3.4 | 0.27 | 1.72 | 1.99 | ERROR | |
r-release-macos-arm64 | 0.3.4 | 143.00 | NOTE | |||
r-release-macos-x86_64 | 0.3.4 | 293.00 | NOTE | |||
r-release-windows-x86_64 | 0.3.4 | 501.00 | 230.00 | 731.00 | OK | |
r-oldrel-macos-arm64 | 0.3.4 | 124.00 | NOTE | |||
r-oldrel-windows-x86_64 | 0.3.4 | 565.00 | 220.00 | 785.00 | OK |
Version: 0.3.4
Check: package dependencies
Result: ERROR
Package required but not available: ‘glmmrBase’
See section ‘The DESCRIPTION file’ in the ‘Writing R Extensions’
manual.
Flavors: r-patched-linux-x86_64, r-release-linux-x86_64
Version: 0.3.4
Check: installed package size
Result: NOTE
installed size is 48.3Mb
sub-directories of 1Mb or more:
libs 48.1Mb
Flavors: r-release-macos-arm64, r-release-macos-x86_64, r-oldrel-macos-arm64