Last updated on 2023-06-04 23:00:00 CEST.
Flavor | Version | Tinstall | Tcheck | Ttotal | Status | Flags |
---|---|---|---|---|---|---|
r-devel-linux-x86_64-debian-clang | 4.1-7 | 155.17 | 291.72 | 446.89 | OK | |
r-devel-linux-x86_64-debian-gcc | 4.1-7 | 115.43 | 224.02 | 339.45 | OK | |
r-devel-linux-x86_64-fedora-clang | 4.1-7 | 547.04 | OK | |||
r-devel-linux-x86_64-fedora-gcc | 4.1-7 | 587.23 | OK | |||
r-devel-windows-x86_64 | 4.1-7 | 94.00 | 398.00 | 492.00 | OK | |
r-patched-linux-x86_64 | 4.1-7 | 124.16 | 290.04 | 414.20 | OK | |
r-release-linux-x86_64 | 4.1-7 | 123.15 | 289.65 | 412.80 | OK | |
r-release-macos-arm64 | 4.1-7 | 168.00 | NOTE | |||
r-release-macos-x86_64 | 4.1-7 | 263.00 | NOTE | |||
r-release-windows-x86_64 | 4.1-7 | 122.00 | 335.00 | 457.00 | OK | |
r-oldrel-macos-arm64 | 4.1-7 | 151.00 | NOTE | |||
r-oldrel-macos-x86_64 | 4.1-7 | 174.00 | NOTE | |||
r-oldrel-windows-x86_64 | 4.1-7 | 118.00 | 307.00 | 425.00 | OK |
Version: 4.1-7
Check: installed package size
Result: NOTE
installed size is 35.6Mb
sub-directories of 1Mb or more:
libs 33.7Mb
Flavors: r-release-macos-arm64, r-release-macos-x86_64, r-oldrel-macos-arm64, r-oldrel-macos-x86_64