CRAN Package Check Results for Package glmtree

Last updated on 2021-11-28 22:51:16 CET.

Flavor Version Tinstall Tcheck Ttotal Status Flags
r-devel-linux-x86_64-debian-clang 0.2 NOTE
r-devel-linux-x86_64-debian-gcc 0.2 2.18 93.65 95.83 NOTE
r-devel-linux-x86_64-fedora-clang 0.2 173.83 NOTE
r-devel-linux-x86_64-fedora-gcc 0.2 145.35 NOTE
r-devel-windows-x86_64-new-UL 0.2 9.00 169.00 178.00 NOTE
r-devel-windows-x86_64-new-TK 0.2 NOTE
r-devel-windows-x86_64-old 0.2 6.00 173.00 179.00 NOTE
r-patched-linux-x86_64 0.2 3.23 127.60 130.83 NOTE
r-patched-solaris-x86 0.2 101.00 NOTE
r-release-linux-x86_64 0.2 2.64 123.90 126.54 NOTE
r-release-macos-arm64 0.2 NOTE
r-release-macos-x86_64 0.2 NOTE
r-release-windows-ix86+x86_64 0.2 8.00 116.00 124.00 NOTE
r-oldrel-macos-x86_64 0.2 OK
r-oldrel-windows-ix86+x86_64 0.2 8.00 154.00 162.00 OK

Check Details

Version: 0.2
Check: LazyData
Result: NOTE
     'LazyData' is specified without a 'data' directory
Flavors: r-devel-linux-x86_64-debian-clang, r-devel-linux-x86_64-debian-gcc, r-devel-linux-x86_64-fedora-clang, r-devel-linux-x86_64-fedora-gcc, r-devel-windows-x86_64-new-UL, r-devel-windows-x86_64-new-TK, r-devel-windows-x86_64-old, r-patched-linux-x86_64, r-patched-solaris-x86, r-release-linux-x86_64, r-release-macos-arm64, r-release-macos-x86_64, r-release-windows-ix86+x86_64