Last updated on 2024-04-23 22:55:23 CEST.
Flavor | Version | Tinstall | Tcheck | Ttotal | Status | Flags |
---|---|---|---|---|---|---|
r-devel-linux-x86_64-debian-clang | 0.2-0 | 5.03 | 46.59 | 51.62 | OK | |
r-devel-linux-x86_64-debian-gcc | 0.2-0 | 3.34 | 34.52 | 37.86 | OK | |
r-devel-linux-x86_64-fedora-clang | 0.2-0 | 64.81 | OK | |||
r-devel-linux-x86_64-fedora-gcc | 0.2-0 | 64.19 | OK | |||
r-prerel-macos-arm64 | 0.2-0 | 23.00 | OK | |||
r-prerel-windows-x86_64 | 0.2-0 | 4.00 | 58.00 | 62.00 | OK | |
r-patched-linux-x86_64 | 0.2-0 | 5.92 | 43.68 | 49.60 | OK | |
r-release-linux-x86_64 | 0.2-0 | 5.21 | 43.30 | 48.51 | OK | |
r-release-macos-arm64 | 0.2-0 | 26.00 | OK | |||
r-release-macos-x86_64 | 0.2-0 | 37.00 | NOTE | |||
r-release-windows-x86_64 | 0.2-0 | 7.00 | 62.00 | 69.00 | OK | |
r-oldrel-macos-arm64 | 0.2-0 | 22.00 | OK | |||
r-oldrel-windows-x86_64 | 0.2-0 | 6.00 | 65.00 | 71.00 | OK |
Version: 0.2-0
Check: package dependencies
Result: NOTE
Package suggested but not available for checking: ‘AER’
Flavor: r-release-macos-x86_64