CRAN Package Check Results for Package globalOptTests

Last updated on 2020-02-22 22:47:47 CET.

Flavor Version Tinstall Tcheck Ttotal Status Flags
r-devel-linux-x86_64-debian-clang 1.1 3.19 17.49 20.68 NOTE
r-devel-linux-x86_64-debian-gcc 1.1 2.33 14.05 16.38 NOTE
r-devel-linux-x86_64-fedora-clang 1.1 26.56 NOTE
r-devel-linux-x86_64-fedora-gcc 1.1 25.02 NOTE
r-devel-windows-ix86+x86_64 1.1 9.00 32.00 41.00 NOTE
r-devel-windows-ix86+x86_64-gcc8 1.1 13.00 49.00 62.00 NOTE
r-patched-linux-x86_64 1.1 NOTE
r-patched-solaris-x86 1.1 37.00 NOTE
r-release-linux-x86_64 1.1 2.37 16.11 18.48 NOTE
r-release-windows-ix86+x86_64 1.1 8.00 48.00 56.00 NOTE
r-release-osx-x86_64 1.1 NOTE
r-oldrel-windows-ix86+x86_64 1.1 7.00 31.00 38.00 NOTE
r-oldrel-osx-x86_64 1.1 NOTE

Check Details

Version: 1.1
Check: DESCRIPTION meta-information
Result: NOTE
    Malformed Description field: should contain one or more complete sentences.
Flavors: r-devel-linux-x86_64-debian-clang, r-devel-linux-x86_64-debian-gcc, r-devel-linux-x86_64-fedora-clang, r-devel-linux-x86_64-fedora-gcc, r-devel-windows-ix86+x86_64, r-devel-windows-ix86+x86_64-gcc8, r-patched-linux-x86_64, r-patched-solaris-x86, r-release-linux-x86_64, r-release-windows-ix86+x86_64, r-release-osx-x86_64, r-oldrel-windows-ix86+x86_64, r-oldrel-osx-x86_64

Version: 1.1
Check: compiled code
Result: NOTE
    File ‘globalOptTests/libs/globalOptTests.so’:
     Found no calls to: ‘R_registerRoutines’, ‘R_useDynamicSymbols’
    
    It is good practice to register native routines and to disable symbol
    search.
    
    See ‘Writing portable packages’ in the ‘Writing R Extensions’ manual.
Flavors: r-devel-linux-x86_64-fedora-clang, r-devel-linux-x86_64-fedora-gcc