CRAN Package Check Results for Package globalOptTests

Last updated on 2019-09-21 22:48:58 CEST.

Flavor Version Tinstall Tcheck Ttotal Status Flags
r-devel-linux-x86_64-debian-clang 1.1 2.87 16.04 18.91 NOTE
r-devel-linux-x86_64-debian-gcc 1.1 2.20 13.31 15.51 NOTE
r-devel-linux-x86_64-fedora-clang 1.1 24.18 NOTE
r-devel-linux-x86_64-fedora-gcc 1.1 23.33 NOTE
r-devel-windows-ix86+x86_64 1.1 14.00 39.00 53.00 NOTE
r-patched-linux-x86_64 1.1 2.47 16.02 18.49 NOTE
r-patched-solaris-x86 1.1 36.40 NOTE
r-release-linux-x86_64 1.1 2.43 15.92 18.35 NOTE
r-release-windows-ix86+x86_64 1.1 8.00 48.00 56.00 NOTE
r-release-osx-x86_64 1.1 NOTE
r-oldrel-windows-ix86+x86_64 1.1 7.00 31.00 38.00 NOTE
r-oldrel-osx-x86_64 1.1 NOTE

Check Details

Version: 1.1
Check: DESCRIPTION meta-information
Result: NOTE
    Malformed Description field: should contain one or more complete sentences.
Flavors: r-devel-linux-x86_64-debian-clang, r-devel-linux-x86_64-debian-gcc, r-devel-linux-x86_64-fedora-clang, r-devel-linux-x86_64-fedora-gcc, r-devel-windows-ix86+x86_64, r-patched-linux-x86_64, r-patched-solaris-x86, r-release-linux-x86_64, r-release-windows-ix86+x86_64, r-release-osx-x86_64, r-oldrel-windows-ix86+x86_64, r-oldrel-osx-x86_64

Version: 1.1
Check: compiled code
Result: NOTE
    File ‘globalOptTests/libs/globalOptTests.so’:
     Found no calls to: ‘R_registerRoutines’, ‘R_useDynamicSymbols’
    
    It is good practice to register native routines and to disable symbol
    search.
    
    See ‘Writing portable packages’ in the ‘Writing R Extensions’ manual.
Flavors: r-devel-linux-x86_64-fedora-clang, r-devel-linux-x86_64-fedora-gcc