Last updated on 2024-04-23 22:55:23 CEST.
Flavor | Version | Tinstall | Tcheck | Ttotal | Status | Flags |
---|---|---|---|---|---|---|
r-devel-linux-x86_64-debian-clang | 0.7.0 | 9.82 | 97.93 | 107.75 | OK | |
r-devel-linux-x86_64-debian-gcc | 0.7.0 | 7.08 | 72.04 | 79.12 | OK | |
r-devel-linux-x86_64-fedora-clang | 0.7.0 | 139.11 | NOTE | |||
r-devel-linux-x86_64-fedora-gcc | 0.7.0 | 147.17 | NOTE | |||
r-prerel-macos-arm64 | 0.7.0 | 48.00 | OK | |||
r-prerel-windows-x86_64 | 0.7.0 | 10.00 | 91.00 | 101.00 | OK | |
r-patched-linux-x86_64 | 0.7.0 | 7.70 | 91.47 | 99.17 | OK | |
r-release-linux-x86_64 | 0.7.0 | 5.25 | 91.28 | 96.53 | OK | |
r-release-macos-arm64 | 0.7.0 | 47.00 | OK | |||
r-release-macos-x86_64 | 0.7.0 | 77.00 | OK | |||
r-release-windows-x86_64 | 0.7.0 | 11.00 | 105.00 | 116.00 | OK | |
r-oldrel-macos-arm64 | 0.7.0 | 37.00 | OK | |||
r-oldrel-windows-x86_64 | 0.7.0 | 12.00 | 113.00 | 125.00 | OK |
Version: 0.7.0
Check: data for non-ASCII characters
Result: NOTE
Note: found 2 marked UTF-8 strings
Flavors: r-devel-linux-x86_64-fedora-clang, r-devel-linux-x86_64-fedora-gcc