Last updated on 2024-04-22 23:09:51 CEST.
Flavor | Version | Tinstall | Tcheck | Ttotal | Status | Flags |
---|---|---|---|---|---|---|
r-devel-linux-x86_64-debian-clang | 0.11.0 | 45.47 | 71.16 | 116.63 | OK | |
r-devel-linux-x86_64-debian-gcc | 0.11.0 | 35.70 | 54.23 | 89.93 | OK | |
r-devel-linux-x86_64-fedora-clang | 0.11.0 | 155.79 | OK | |||
r-devel-linux-x86_64-fedora-gcc | 0.11.0 | 171.48 | OK | |||
r-prerel-macos-arm64 | 0.11.0 | 51.00 | NOTE | |||
r-prerel-windows-x86_64 | 0.11.0 | 35.00 | 95.00 | 130.00 | OK | |
r-patched-linux-x86_64 | 0.11.0 | 42.55 | 69.70 | 112.25 | OK | |
r-release-linux-x86_64 | 0.11.0 | 44.53 | 69.30 | 113.83 | OK | |
r-release-macos-arm64 | 0.11.0 | 51.00 | NOTE | |||
r-release-macos-x86_64 | 0.11.0 | 78.00 | NOTE | |||
r-release-windows-x86_64 | 0.11.0 | 42.00 | 104.00 | 146.00 | OK | |
r-oldrel-macos-arm64 | 0.11.0 | 47.00 | NOTE | |||
r-oldrel-windows-x86_64 | 0.11.0 | 42.00 | 111.00 | 153.00 | OK |
Version: 0.11.0
Check: installed package size
Result: NOTE
installed size is 11.2Mb
sub-directories of 1Mb or more:
doc 1.3Mb
libs 9.6Mb
Flavors: r-prerel-macos-arm64, r-release-macos-arm64, r-release-macos-x86_64, r-oldrel-macos-arm64