CRAN Package Check Results for Package glow

Last updated on 2021-05-09 22:46:58 CEST.

Flavor Version Tinstall Tcheck Ttotal Status Flags
r-devel-linux-x86_64-debian-clang 0.10.1 40.61 61.79 102.40 OK
r-devel-linux-x86_64-debian-gcc 0.10.1 25.21 46.38 71.59 OK
r-devel-linux-x86_64-fedora-clang 0.10.1 139.83 NOTE
r-devel-linux-x86_64-fedora-gcc 0.10.1 125.84 NOTE
r-devel-windows-ix86+x86_64 0.10.1 65.00 130.00 195.00 OK
r-devel-windows-x86_64-gcc10-UCRT 0.10.1 NOTE
r-patched-linux-x86_64 0.10.1 30.65 59.39 90.04 OK
r-patched-solaris-x86 0.10.1 150.70 NOTE
r-release-linux-x86_64 0.10.1 29.98 59.04 89.02 OK
r-release-macos-x86_64 0.10.1 NOTE
r-release-windows-ix86+x86_64 0.10.1 65.00 98.00 163.00 OK
r-oldrel-macos-x86_64 0.10.1 NOTE
r-oldrel-windows-ix86+x86_64 0.10.1 71.00 122.00 193.00 OK

Check Details

Version: 0.10.1
Check: installed package size
Result: NOTE
     installed size is 11.5Mb
     sub-directories of 1Mb or more:
     doc 2.4Mb
     libs 8.8Mb
Flavors: r-devel-linux-x86_64-fedora-clang, r-release-macos-x86_64, r-oldrel-macos-x86_64

Version: 0.10.1
Check: dependencies in R code
Result: NOTE
    Namespace in Imports field not imported from: ‘scales’
     All declared Imports should be used.
Flavors: r-devel-linux-x86_64-fedora-clang, r-devel-linux-x86_64-fedora-gcc, r-devel-windows-x86_64-gcc10-UCRT, r-patched-solaris-x86, r-release-macos-x86_64, r-oldrel-macos-x86_64