CRAN Package Check Results for Package gluvarpro

Last updated on 2021-12-03 22:57:41 CET.

Flavor Version Tinstall Tcheck Ttotal Status Flags
r-devel-linux-x86_64-debian-clang 4.0 10.98 82.70 93.68 OK
r-devel-linux-x86_64-debian-gcc 4.0 6.84 60.16 67.00 OK
r-devel-linux-x86_64-fedora-clang 4.0 120.34 OK
r-devel-linux-x86_64-fedora-gcc 4.0 106.43 OK
r-devel-windows-x86_64-new-UL 4.0 20.00 121.00 141.00 OK
r-devel-windows-x86_64-new-TK 4.0 OK
r-devel-windows-x86_64-old 4.0 17.00 76.00 93.00 OK
r-patched-linux-x86_64 4.0 8.77 76.46 85.23 OK
r-release-linux-x86_64 4.0 9.25 76.59 85.84 OK
r-release-macos-arm64 4.0 OK
r-release-macos-x86_64 4.0 ERROR
r-release-windows-ix86+x86_64 4.0 21.00 106.00 127.00 OK
r-oldrel-macos-x86_64 4.0 ERROR
r-oldrel-windows-ix86+x86_64 4.0 21.00 102.00 123.00 OK

Check Details

Version: 4.0
Check: examples
Result: ERROR
    Running examples in ‘gluvarpro-Ex.R’ failed
    The error most likely occurred in:
    
    > ### Name: preprocessgvp
    > ### Title: preprocessing raw data from continuous glucose monitoring
    > ### Aliases: preprocessgvp
    >
    > ### ** Examples
    >
    > data("datagvp4")
    > preprocessgvp(datagvp4)
    Error in preprocessgvp(datagvp4) :
     Variable date and time must have yyyy/mm/dd and hh:mm:ss format.
    Execution halted
Flavors: r-release-macos-x86_64, r-oldrel-macos-x86_64