Last updated on 2024-03-27 22:57:47 CET.
Flavor | Version | Tinstall | Tcheck | Ttotal | Status | Flags |
---|---|---|---|---|---|---|
r-devel-linux-x86_64-debian-clang | 1.8 | 11.17 | 112.32 | 123.49 | NOTE | |
r-devel-linux-x86_64-debian-gcc | 1.8 | 8.15 | 81.37 | 89.52 | NOTE | |
r-devel-linux-x86_64-fedora-clang | 1.8 | 156.65 | NOTE | |||
r-devel-linux-x86_64-fedora-gcc | 1.8 | 157.62 | NOTE | |||
r-devel-windows-x86_64 | 1.8 | 12.00 | 133.00 | 145.00 | NOTE | |
r-patched-linux-x86_64 | 1.8 | 13.23 | 106.95 | 120.18 | OK | |
r-release-linux-x86_64 | 1.8 | 9.73 | 106.99 | 116.72 | OK | |
r-release-macos-arm64 | 1.8 | 72.00 | OK | |||
r-release-macos-x86_64 | 1.8 | 158.00 | OK | |||
r-release-windows-x86_64 | 1.8 | 16.00 | 139.00 | 155.00 | OK | |
r-oldrel-macos-arm64 | 1.8 | 58.00 | OK | |||
r-oldrel-windows-x86_64 | 1.8 | 15.00 | 142.00 | 157.00 | OK |
Version: 1.8
Check: Rd files
Result: NOTE
checkRd: (-1) ATEgel.Rd:24: Lost braces
24 | \item{g}{A formula as \code{y~z}, where code{y} is the response and
| ^
Flavors: r-devel-linux-x86_64-debian-clang, r-devel-linux-x86_64-debian-gcc, r-devel-linux-x86_64-fedora-clang, r-devel-linux-x86_64-fedora-gcc, r-devel-windows-x86_64