CRAN Package Check Results for Package goffda

Last updated on 2021-05-17 22:56:25 CEST.

Flavor Version Tinstall Tcheck Ttotal Status Flags
r-devel-linux-x86_64-debian-clang 0.0.7 39.16 117.41 156.57 OK
r-devel-linux-x86_64-debian-gcc 0.0.7 28.28 90.03 118.31 OK
r-devel-linux-x86_64-fedora-clang 0.0.7 206.75 NOTE
r-devel-linux-x86_64-fedora-gcc 0.0.7 188.47 NOTE
r-devel-windows-ix86+x86_64 0.0.7 100.00 214.00 314.00 OK
r-devel-windows-x86_64-gcc10-UCRT 0.0.7 NOTE
r-patched-linux-x86_64 0.0.7 35.69 114.95 150.64 OK
r-patched-solaris-x86 0.0.7 255.30 NOTE
r-release-linux-x86_64 0.0.7 33.64 109.79 143.43 OK
r-release-macos-x86_64 0.0.7 NOTE
r-release-windows-ix86+x86_64 0.0.7 74.00 184.00 258.00 OK
r-oldrel-macos-x86_64 0.0.7 NOTE
r-oldrel-windows-ix86+x86_64 0.0.7 84.00 210.00 294.00 OK

Check Details

Version: 0.0.7
Check: data for non-ASCII characters
Result: NOTE
     Note: found 1352 marked UTF-8 strings
Flavors: r-devel-linux-x86_64-fedora-clang, r-devel-linux-x86_64-fedora-gcc, r-devel-windows-x86_64-gcc10-UCRT, r-patched-solaris-x86, r-release-macos-x86_64, r-oldrel-macos-x86_64