CRAN Package Check Results for Package goffda

Last updated on 2021-08-01 22:49:45 CEST.

Flavor Version Tinstall Tcheck Ttotal Status Flags
r-devel-linux-x86_64-debian-clang 0.0.7 39.22 118.24 157.46 OK
r-devel-linux-x86_64-debian-gcc 0.0.7 28.42 90.47 118.89 OK
r-devel-linux-x86_64-fedora-clang 0.0.7 209.07 NOTE
r-devel-linux-x86_64-fedora-gcc 0.0.7 191.46 NOTE
r-devel-windows-x86_64 0.0.7 52.00 150.00 202.00 OK
r-devel-windows-x86_64-gcc10-UCRT 0.0.7 NOTE
r-patched-linux-x86_64 0.0.7 OK
r-patched-solaris-x86 0.0.7 257.40 NOTE
r-release-linux-x86_64 0.0.7 32.85 115.54 148.39 OK
r-release-macos-arm64 0.0.7 NOTE
r-release-macos-x86_64 0.0.7 NOTE
r-release-windows-ix86+x86_64 0.0.7 92.00 221.00 313.00 OK
r-oldrel-macos-x86_64 0.0.7 NOTE
r-oldrel-windows-ix86+x86_64 0.0.7 94.00 233.00 327.00 OK

Check Details

Version: 0.0.7
Check: data for non-ASCII characters
Result: NOTE
     Note: found 1352 marked UTF-8 strings
Flavors: r-devel-linux-x86_64-fedora-clang, r-devel-linux-x86_64-fedora-gcc, r-devel-windows-x86_64-gcc10-UCRT, r-patched-solaris-x86, r-release-macos-arm64, r-release-macos-x86_64, r-oldrel-macos-x86_64