CRAN Package Check Results for Package googleCloudStorageR

Last updated on 2021-07-27 01:50:45 CEST.

Flavor Version Tinstall Tcheck Ttotal Status Flags
r-devel-linux-x86_64-debian-clang 0.6.0 5.76 45.40 51.16 NOTE
r-devel-linux-x86_64-debian-gcc 0.6.0 4.40 36.02 40.42 NOTE
r-devel-linux-x86_64-fedora-clang 0.6.0 68.93 NOTE
r-devel-linux-x86_64-fedora-gcc 0.6.0 59.30 NOTE
r-devel-windows-x86_64 0.6.0 9.00 62.00 71.00 NOTE
r-devel-windows-x86_64-gcc10-UCRT 0.6.0 NOTE
r-patched-linux-x86_64 0.6.0 6.43 43.84 50.27 NOTE
r-patched-solaris-x86 0.6.0 88.20 NOTE
r-release-linux-x86_64 0.6.0 4.64 44.24 48.88 NOTE
r-release-macos-arm64 0.6.0 NOTE
r-release-macos-x86_64 0.6.0 NOTE
r-release-windows-ix86+x86_64 0.6.0 12.00 66.00 78.00 NOTE
r-oldrel-macos-x86_64 0.6.0 OK
r-oldrel-windows-ix86+x86_64 0.6.0 8.00 63.00 71.00 OK

Check Details

Version: 0.6.0
Check: LazyData
Result: NOTE
     'LazyData' is specified without a 'data' directory
Flavors: r-devel-linux-x86_64-debian-clang, r-devel-linux-x86_64-debian-gcc, r-devel-linux-x86_64-fedora-clang, r-devel-linux-x86_64-fedora-gcc, r-devel-windows-x86_64, r-devel-windows-x86_64-gcc10-UCRT, r-patched-linux-x86_64, r-patched-solaris-x86, r-release-linux-x86_64, r-release-macos-arm64, r-release-macos-x86_64, r-release-windows-ix86+x86_64