CRAN Package Check Results for Package googleComputeEngineR

Last updated on 2021-07-27 01:50:45 CEST.

Flavor Version Tinstall Tcheck Ttotal Status Flags
r-devel-linux-x86_64-debian-clang 0.3.0 8.38 66.93 75.31 NOTE
r-devel-linux-x86_64-debian-gcc 0.3.0 5.84 52.60 58.44 NOTE
r-devel-linux-x86_64-fedora-clang 0.3.0 94.63 NOTE
r-devel-linux-x86_64-fedora-gcc 0.3.0 89.95 NOTE
r-devel-windows-x86_64 0.3.0 12.00 104.00 116.00 NOTE
r-devel-windows-x86_64-gcc10-UCRT 0.3.0 NOTE
r-patched-linux-x86_64 0.3.0 10.51 64.24 74.75 NOTE
r-patched-solaris-x86 0.3.0 116.20 WARN
r-release-linux-x86_64 0.3.0 6.42 64.43 70.85 NOTE
r-release-macos-arm64 0.3.0 WARN
r-release-macos-x86_64 0.3.0 WARN
r-release-windows-ix86+x86_64 0.3.0 15.00 68.00 83.00 NOTE
r-oldrel-macos-x86_64 0.3.0 WARN
r-oldrel-windows-ix86+x86_64 0.3.0 12.00 91.00 103.00 OK

Check Details

Version: 0.3.0
Check: LazyData
Result: NOTE
     'LazyData' is specified without a 'data' directory
Flavors: r-devel-linux-x86_64-debian-clang, r-devel-linux-x86_64-debian-gcc, r-devel-linux-x86_64-fedora-clang, r-devel-linux-x86_64-fedora-gcc, r-devel-windows-x86_64, r-devel-windows-x86_64-gcc10-UCRT, r-patched-linux-x86_64, r-patched-solaris-x86, r-release-linux-x86_64, r-release-macos-arm64, r-release-macos-x86_64, r-release-windows-ix86+x86_64

Version: 0.3.0
Check: re-building of vignette outputs
Result: WARN
    Error(s) in re-building vignettes:
     ...
    --- re-building ‘creating-vms.Rmd’ using rmarkdown
    Warning in engine$weave(file, quiet = quiet, encoding = enc) :
     Pandoc (>= 1.12.3) not available. Falling back to R Markdown v1.
    --- finished re-building ‘creating-vms.Rmd’
    
    --- re-building ‘docker-ssh-futures.Rmd’ using rmarkdown
    Warning in engine$weave(file, quiet = quiet, encoding = enc) :
     Pandoc (>= 1.12.3) not available. Falling back to R Markdown v1.
    --- finished re-building ‘docker-ssh-futures.Rmd’
    
    --- re-building ‘docker.Rmd’ using rmarkdown
    Warning in engine$weave(file, quiet = quiet, encoding = enc) :
     Pandoc (>= 1.12.3) not available. Falling back to R Markdown v1.
    --- finished re-building ‘docker.Rmd’
    
    --- re-building ‘example-workflows.Rmd’ using rmarkdown
    Warning in engine$weave(file, quiet = quiet, encoding = enc) :
     Pandoc (>= 1.12.3) not available. Falling back to R Markdown v1.
    --- finished re-building ‘example-workflows.Rmd’
    
    --- re-building ‘gpu.Rmd’ using rmarkdown
    Warning in engine$weave(file, quiet = quiet, encoding = enc) :
     Pandoc (>= 1.12.3) not available. Falling back to R Markdown v1.
    --- finished re-building ‘gpu.Rmd’
    
    --- re-building ‘installation-and-authentication.Rmd’ using rmarkdown
    Warning in engine$weave(file, quiet = quiet, encoding = enc) :
     Pandoc (>= 1.12.3) not available. Falling back to R Markdown v1.
    Quitting from lines 33-34 (installation-and-authentication.Rmd)
    Error: processing vignette 'installation-and-authentication.Rmd' failed with diagnostics:
    there is no package called 'webshot'
    --- failed re-building ‘installation-and-authentication.Rmd’
    
    --- re-building ‘massive-parallel.Rmd’ using rmarkdown
    Warning in engine$weave(file, quiet = quiet, encoding = enc) :
     Pandoc (>= 1.12.3) not available. Falling back to R Markdown v1.
    --- finished re-building ‘massive-parallel.Rmd’
    
    --- re-building ‘opencpu-api-server.Rmd’ using rmarkdown
    Warning in engine$weave(file, quiet = quiet, encoding = enc) :
     Pandoc (>= 1.12.3) not available. Falling back to R Markdown v1.
    --- finished re-building ‘opencpu-api-server.Rmd’
    
    --- re-building ‘persistent-rstudio.Rmd’ using rmarkdown
    Warning in engine$weave(file, quiet = quiet, encoding = enc) :
     Pandoc (>= 1.12.3) not available. Falling back to R Markdown v1.
    --- finished re-building ‘persistent-rstudio.Rmd’
    
    --- re-building ‘rstudio-team.Rmd’ using rmarkdown
    Warning in engine$weave(file, quiet = quiet, encoding = enc) :
     Pandoc (>= 1.12.3) not available. Falling back to R Markdown v1.
    --- finished re-building ‘rstudio-team.Rmd’
    
    --- re-building ‘scheduled-rscripts.Rmd’ using rmarkdown
    Warning in engine$weave(file, quiet = quiet, encoding = enc) :
     Pandoc (>= 1.12.3) not available. Falling back to R Markdown v1.
    --- finished re-building ‘scheduled-rscripts.Rmd’
    
    --- re-building ‘shiny-app.Rmd’ using rmarkdown
    Warning in engine$weave(file, quiet = quiet, encoding = enc) :
     Pandoc (>= 1.12.3) not available. Falling back to R Markdown v1.
    --- finished re-building ‘shiny-app.Rmd’
    
    --- re-building ‘single-scheduler.Rmd’ using rmarkdown
    Warning in engine$weave(file, quiet = quiet, encoding = enc) :
     Pandoc (>= 1.12.3) not available. Falling back to R Markdown v1.
    --- finished re-building ‘single-scheduler.Rmd’
    
    --- re-building ‘troubleshooting.Rmd’ using rmarkdown
    Warning in engine$weave(file, quiet = quiet, encoding = enc) :
     Pandoc (>= 1.12.3) not available. Falling back to R Markdown v1.
    --- finished re-building ‘troubleshooting.Rmd’
    
    SUMMARY: processing the following file failed:
     ‘installation-and-authentication.Rmd’
    
    Error: Vignette re-building failed.
    Execution halted
Flavor: r-patched-solaris-x86

Version: 0.3.0
Check: re-building of vignette outputs
Result: WARN
    Error(s) in re-building vignettes:
    --- re-building ‘creating-vms.Rmd’ using rmarkdown
    Warning in engine$weave(file, quiet = quiet, encoding = enc) :
     Pandoc (>= 1.12.3) not available. Falling back to R Markdown v1.
    --- finished re-building ‘creating-vms.Rmd’
    
    --- re-building ‘docker-ssh-futures.Rmd’ using rmarkdown
    Warning in engine$weave(file, quiet = quiet, encoding = enc) :
     Pandoc (>= 1.12.3) not available. Falling back to R Markdown v1.
    --- finished re-building ‘docker-ssh-futures.Rmd’
    
    --- re-building ‘docker.Rmd’ using rmarkdown
    Warning in engine$weave(file, quiet = quiet, encoding = enc) :
     Pandoc (>= 1.12.3) not available. Falling back to R Markdown v1.
    --- finished re-building ‘docker.Rmd’
    
    --- re-building ‘example-workflows.Rmd’ using rmarkdown
    Warning in engine$weave(file, quiet = quiet, encoding = enc) :
     Pandoc (>= 1.12.3) not available. Falling back to R Markdown v1.
    --- finished re-building ‘example-workflows.Rmd’
    
    --- re-building ‘gpu.Rmd’ using rmarkdown
    Warning in engine$weave(file, quiet = quiet, encoding = enc) :
     Pandoc (>= 1.12.3) not available. Falling back to R Markdown v1.
    --- finished re-building ‘gpu.Rmd’
    
    --- re-building ‘installation-and-authentication.Rmd’ using rmarkdown
    Warning in engine$weave(file, quiet = quiet, encoding = enc) :
     Pandoc (>= 1.12.3) not available. Falling back to R Markdown v1.
    Quitting from lines 33-34 (installation-and-authentication.Rmd)
    Error: processing vignette 'installation-and-authentication.Rmd' failed with diagnostics:
    invalid 'path' argument
    --- failed re-building ‘installation-and-authentication.Rmd’
    
    --- re-building ‘massive-parallel.Rmd’ using rmarkdown
    Warning in engine$weave(file, quiet = quiet, encoding = enc) :
     Pandoc (>= 1.12.3) not available. Falling back to R Markdown v1.
    --- finished re-building ‘massive-parallel.Rmd’
    
    --- re-building ‘opencpu-api-server.Rmd’ using rmarkdown
    Warning in engine$weave(file, quiet = quiet, encoding = enc) :
     Pandoc (>= 1.12.3) not available. Falling back to R Markdown v1.
    --- finished re-building ‘opencpu-api-server.Rmd’
    
    --- re-building ‘persistent-rstudio.Rmd’ using rmarkdown
    Warning in engine$weave(file, quiet = quiet, encoding = enc) :
     Pandoc (>= 1.12.3) not available. Falling back to R Markdown v1.
    --- finished re-building ‘persistent-rstudio.Rmd’
    
    --- re-building ‘rstudio-team.Rmd’ using rmarkdown
    Warning in engine$weave(file, quiet = quiet, encoding = enc) :
     Pandoc (>= 1.12.3) not available. Falling back to R Markdown v1.
    --- finished re-building ‘rstudio-team.Rmd’
    
    --- re-building ‘scheduled-rscripts.Rmd’ using rmarkdown
    Warning in engine$weave(file, quiet = quiet, encoding = enc) :
     Pandoc (>= 1.12.3) not available. Falling back to R Markdown v1.
    --- finished re-building ‘scheduled-rscripts.Rmd’
    
    --- re-building ‘shiny-app.Rmd’ using rmarkdown
    Warning in engine$weave(file, quiet = quiet, encoding = enc) :
     Pandoc (>= 1.12.3) not available. Falling back to R Markdown v1.
    --- finished re-building ‘shiny-app.Rmd’
    
    --- re-building ‘single-scheduler.Rmd’ using rmarkdown
    Warning in engine$weave(file, quiet = quiet, encoding = enc) :
     Pandoc (>= 1.12.3) not available. Falling back to R Markdown v1.
    --- finished re-building ‘single-scheduler.Rmd’
    
    --- re-building ‘troubleshooting.Rmd’ using rmarkdown
    Warning in engine$weave(file, quiet = quiet, encoding = enc) :
     Pandoc (>= 1.12.3) not available. Falling back to R Markdown v1.
    --- finished re-building ‘troubleshooting.Rmd’
    
    SUMMARY: processing the following file failed:
     ‘installation-and-authentication.Rmd’
    
    Error: Vignette re-building failed.
    Execution halted
Flavors: r-release-macos-arm64, r-release-macos-x86_64

Version: 0.3.0
Check: re-building of vignette outputs
Result: WARN
    Error(s) in re-building vignettes:
    --- re-building ‘creating-vms.Rmd’ using rmarkdown
    Warning in engine$weave(file, quiet = quiet, encoding = enc) :
     Pandoc (>= 1.12.3) and/or pandoc-citeproc not available. Falling back to R Markdown v1.
    --- finished re-building ‘creating-vms.Rmd’
    
    --- re-building ‘docker-ssh-futures.Rmd’ using rmarkdown
    Warning in engine$weave(file, quiet = quiet, encoding = enc) :
     Pandoc (>= 1.12.3) and/or pandoc-citeproc not available. Falling back to R Markdown v1.
    --- finished re-building ‘docker-ssh-futures.Rmd’
    
    --- re-building ‘docker.Rmd’ using rmarkdown
    Warning in engine$weave(file, quiet = quiet, encoding = enc) :
     Pandoc (>= 1.12.3) and/or pandoc-citeproc not available. Falling back to R Markdown v1.
    --- finished re-building ‘docker.Rmd’
    
    --- re-building ‘example-workflows.Rmd’ using rmarkdown
    Warning in engine$weave(file, quiet = quiet, encoding = enc) :
     Pandoc (>= 1.12.3) and/or pandoc-citeproc not available. Falling back to R Markdown v1.
    --- finished re-building ‘example-workflows.Rmd’
    
    --- re-building ‘gpu.Rmd’ using rmarkdown
    Warning in engine$weave(file, quiet = quiet, encoding = enc) :
     Pandoc (>= 1.12.3) and/or pandoc-citeproc not available. Falling back to R Markdown v1.
    --- finished re-building ‘gpu.Rmd’
    
    --- re-building ‘installation-and-authentication.Rmd’ using rmarkdown
    Warning in engine$weave(file, quiet = quiet, encoding = enc) :
     Pandoc (>= 1.12.3) and/or pandoc-citeproc not available. Falling back to R Markdown v1.
    Quitting from lines 33-34 (installation-and-authentication.Rmd)
    Error: processing vignette 'installation-and-authentication.Rmd' failed with diagnostics:
    cannot open the connection
    --- failed re-building ‘installation-and-authentication.Rmd’
    
    --- re-building ‘massive-parallel.Rmd’ using rmarkdown
    Warning in engine$weave(file, quiet = quiet, encoding = enc) :
     Pandoc (>= 1.12.3) and/or pandoc-citeproc not available. Falling back to R Markdown v1.
    --- finished re-building ‘massive-parallel.Rmd’
    
    --- re-building ‘opencpu-api-server.Rmd’ using rmarkdown
    Warning in engine$weave(file, quiet = quiet, encoding = enc) :
     Pandoc (>= 1.12.3) and/or pandoc-citeproc not available. Falling back to R Markdown v1.
    --- finished re-building ‘opencpu-api-server.Rmd’
    
    --- re-building ‘persistent-rstudio.Rmd’ using rmarkdown
    Warning in engine$weave(file, quiet = quiet, encoding = enc) :
     Pandoc (>= 1.12.3) and/or pandoc-citeproc not available. Falling back to R Markdown v1.
    --- finished re-building ‘persistent-rstudio.Rmd’
    
    --- re-building ‘rstudio-team.Rmd’ using rmarkdown
    Warning in engine$weave(file, quiet = quiet, encoding = enc) :
     Pandoc (>= 1.12.3) and/or pandoc-citeproc not available. Falling back to R Markdown v1.
    --- finished re-building ‘rstudio-team.Rmd’
    
    --- re-building ‘scheduled-rscripts.Rmd’ using rmarkdown
    Warning in engine$weave(file, quiet = quiet, encoding = enc) :
     Pandoc (>= 1.12.3) and/or pandoc-citeproc not available. Falling back to R Markdown v1.
    --- finished re-building ‘scheduled-rscripts.Rmd’
    
    --- re-building ‘shiny-app.Rmd’ using rmarkdown
    Warning in engine$weave(file, quiet = quiet, encoding = enc) :
     Pandoc (>= 1.12.3) and/or pandoc-citeproc not available. Falling back to R Markdown v1.
    --- finished re-building ‘shiny-app.Rmd’
    
    --- re-building ‘single-scheduler.Rmd’ using rmarkdown
    Warning in engine$weave(file, quiet = quiet, encoding = enc) :
     Pandoc (>= 1.12.3) and/or pandoc-citeproc not available. Falling back to R Markdown v1.
    --- finished re-building ‘single-scheduler.Rmd’
    
    --- re-building ‘troubleshooting.Rmd’ using rmarkdown
    Warning in engine$weave(file, quiet = quiet, encoding = enc) :
     Pandoc (>= 1.12.3) and/or pandoc-citeproc not available. Falling back to R Markdown v1.
    --- finished re-building ‘troubleshooting.Rmd’
    
    SUMMARY: processing the following file failed:
     ‘installation-and-authentication.Rmd’
    
    Error: Vignette re-building failed.
    Execution halted
Flavor: r-oldrel-macos-x86_64