CRAN Package Check Results for Package googleLanguageR

Last updated on 2021-05-12 22:53:31 CEST.

Flavor Version Tinstall Tcheck Ttotal Status Flags
r-devel-linux-x86_64-debian-clang 0.3.0 4.95 49.94 54.89 NOTE
r-devel-linux-x86_64-debian-gcc 0.3.0 3.48 38.52 42.00 NOTE
r-devel-linux-x86_64-fedora-clang 0.3.0 75.02 NOTE
r-devel-linux-x86_64-fedora-gcc 0.3.0 64.12 NOTE
r-devel-windows-ix86+x86_64 0.3.0 11.00 54.00 65.00 NOTE
r-devel-windows-x86_64-gcc10-UCRT 0.3.0 NOTE
r-patched-linux-x86_64 0.3.0 7.88 48.36 56.24 NOTE
r-patched-solaris-x86 0.3.0 93.90 NOTE
r-release-linux-x86_64 0.3.0 5.08 47.68 52.76 OK
r-release-macos-x86_64 0.3.0 OK
r-release-windows-ix86+x86_64 0.3.0 10.00 73.00 83.00 OK
r-oldrel-macos-x86_64 0.3.0 OK
r-oldrel-windows-ix86+x86_64 0.3.0 10.00 66.00 76.00 OK

Check Details

Version: 0.3.0
Check: LazyData
Result: NOTE
     'LazyData' is specified without a 'data' directory
Flavors: r-devel-linux-x86_64-debian-clang, r-devel-linux-x86_64-debian-gcc, r-devel-linux-x86_64-fedora-clang, r-devel-linux-x86_64-fedora-gcc, r-devel-windows-ix86+x86_64, r-devel-windows-x86_64-gcc10-UCRT, r-patched-linux-x86_64, r-patched-solaris-x86