CRAN Package Check Results for Package googleTagManageR

Last updated on 2021-08-01 22:49:45 CEST.

Flavor Version Tinstall Tcheck Ttotal Status Flags
r-devel-linux-x86_64-debian-clang 0.1.6 6.53 58.52 65.05 OK
r-devel-linux-x86_64-debian-gcc 0.1.6 4.42 44.60 49.02 OK
r-devel-linux-x86_64-fedora-clang 0.1.6 88.49 NOTE
r-devel-linux-x86_64-fedora-gcc 0.1.6 74.69 NOTE
r-devel-windows-x86_64 0.1.6 8.00 80.00 88.00 OK
r-devel-windows-x86_64-gcc10-UCRT 0.1.6 NOTE
r-patched-linux-x86_64 0.1.6 OK
r-patched-solaris-x86 0.1.6 103.20 NOTE
r-release-linux-x86_64 0.1.6 6.05 55.64 61.69 OK
r-release-macos-arm64 0.1.6 NOTE
r-release-macos-x86_64 0.1.6 NOTE
r-release-windows-ix86+x86_64 0.1.6 16.00 80.00 96.00 OK
r-oldrel-macos-x86_64 0.1.6 NOTE
r-oldrel-windows-ix86+x86_64 0.1.6 12.00 84.00 96.00 OK

Check Details

Version: 0.1.6
Check: dependencies in R code
Result: NOTE
    Namespaces in Imports field not imported from:
     ‘assertthat’ ‘future’ ‘httr’ ‘jsonlite’
     All declared Imports should be used.
Flavors: r-devel-linux-x86_64-fedora-clang, r-devel-linux-x86_64-fedora-gcc, r-devel-windows-x86_64-gcc10-UCRT, r-patched-solaris-x86, r-release-macos-arm64, r-release-macos-x86_64, r-oldrel-macos-x86_64