CRAN Package Check Results for Package googlesheets

Last updated on 2021-09-22 22:56:26 CEST.

Flavor Version Tinstall Tcheck Ttotal Status Flags
r-devel-linux-x86_64-debian-clang 0.3.0 7.18 61.70 68.88 NOTE
r-devel-linux-x86_64-debian-gcc 0.3.0 5.65 47.28 52.93 NOTE
r-devel-linux-x86_64-fedora-clang 0.3.0 90.10 NOTE
r-devel-linux-x86_64-fedora-gcc 0.3.0 77.64 NOTE
r-devel-windows-x86_64 0.3.0 9.00 70.00 79.00 NOTE
r-devel-windows-x86_64-gcc10-UCRT 0.3.0 ERROR
r-patched-linux-x86_64 0.3.0 11.43 58.70 70.13 NOTE
r-patched-solaris-x86 0.3.0 104.80 NOTE
r-release-linux-x86_64 0.3.0 5.64 59.24 64.88 NOTE
r-release-macos-arm64 0.3.0 NOTE
r-release-macos-x86_64 0.3.0 NOTE
r-release-windows-ix86+x86_64 0.3.0 16.00 67.00 83.00 NOTE
r-oldrel-macos-x86_64 0.3.0 NOTE
r-oldrel-windows-ix86+x86_64 0.3.0 12.00 65.00 77.00 OK

Check Details

Version: 0.3.0
Check: LazyData
Result: NOTE
     'LazyData' is specified without a 'data' directory
Flavors: r-devel-linux-x86_64-debian-clang, r-devel-linux-x86_64-debian-gcc, r-devel-linux-x86_64-fedora-clang, r-devel-linux-x86_64-fedora-gcc, r-devel-windows-x86_64, r-patched-linux-x86_64, r-patched-solaris-x86, r-release-linux-x86_64, r-release-macos-arm64, r-release-macos-x86_64, r-release-windows-ix86+x86_64

Version: 0.3.0
Check: dependencies in R code
Result: NOTE
    Namespace in Imports field not imported from: ‘tibble’
     All declared Imports should be used.
Flavors: r-devel-linux-x86_64-fedora-clang, r-devel-linux-x86_64-fedora-gcc, r-patched-solaris-x86, r-release-macos-arm64, r-release-macos-x86_64, r-oldrel-macos-x86_64

Version: 0.3.0
Check: package dependencies
Result: ERROR
    Package required but not available: 'xml2'
    
    See section 'The DESCRIPTION file' in the 'Writing R Extensions'
    manual.
Flavor: r-devel-windows-x86_64-gcc10-UCRT