CRAN Package Check Results for Package googlesheets4

Last updated on 2021-09-20 01:48:42 CEST.

Flavor Version Tinstall Tcheck Ttotal Status Flags
r-devel-linux-x86_64-debian-clang 1.0.0 7.46 75.56 83.02 OK
r-devel-linux-x86_64-debian-gcc 1.0.0 6.38 56.65 63.03 OK
r-devel-linux-x86_64-fedora-clang 1.0.0 107.88 NOTE
r-devel-linux-x86_64-fedora-gcc 1.0.0 94.72 OK
r-devel-windows-x86_64 1.0.0 7.00 78.00 85.00 OK
r-devel-windows-x86_64-gcc10-UCRT 1.0.0 ERROR
r-patched-linux-x86_64 1.0.0 12.44 70.06 82.50 OK
r-patched-solaris-x86 1.0.0 123.70 OK
r-release-linux-x86_64 1.0.0 7.81 69.72 77.53 OK
r-release-macos-arm64 1.0.0 OK
r-release-macos-x86_64 1.0.0 OK
r-release-windows-ix86+x86_64 1.0.0 16.00 76.00 92.00 OK
r-oldrel-macos-x86_64 1.0.0 OK
r-oldrel-windows-ix86+x86_64 1.0.0 17.00 78.00 95.00 OK

Check Details

Version: 1.0.0
Check: Rd cross-references
Result: NOTE
    Undeclared package ‘jsonlite’ in Rd xrefs
Flavor: r-devel-linux-x86_64-fedora-clang

Version: 1.0.0
Check: whether package can be installed
Result: WARN
    Found the following significant warnings:
     WARNING: installation-time patches will not be applied, could not get the patches index
Flavor: r-devel-windows-x86_64-gcc10-UCRT

Version: 1.0.0
Check: PDF version of manual
Result: WARN
    LaTeX errors when creating PDF version.
    This typically indicates Rd problems.
Flavor: r-devel-windows-x86_64-gcc10-UCRT

Version: 1.0.0
Check: PDF version of manual without hyperrefs or index
Result: ERROR
    Re-running with no redirection of stdout/stderr.
Flavor: r-devel-windows-x86_64-gcc10-UCRT