CRAN Package Check Results for Package googlesheets4

Last updated on 2024-02-27 23:08:14 CET.

Flavor Version Tinstall Tcheck Ttotal Status Flags
r-devel-linux-x86_64-debian-clang 1.1.1 6.96 85.60 92.56 OK
r-devel-linux-x86_64-debian-gcc 1.1.1 6.80 63.39 70.19 OK
r-devel-linux-x86_64-fedora-clang 1.1.1 114.11 NOTE
r-devel-linux-x86_64-fedora-gcc 1.1.1 110.19 OK
r-devel-windows-x86_64 1.1.1 10.00 88.00 98.00 OK
r-patched-linux-x86_64 1.1.1 13.18 82.50 95.68 OK
r-release-linux-x86_64 1.1.1 9.66 82.93 92.59 OK
r-release-macos-arm64 1.1.1 37.00 OK
r-release-macos-x86_64 1.1.1 69.00 OK
r-release-windows-x86_64 1.1.1 12.00 104.00 116.00 OK
r-oldrel-macos-arm64 1.1.1 43.00 OK
r-oldrel-windows-x86_64 1.1.1 14.00 107.00 121.00 OK

Check Details

Version: 1.1.1
Check: Rd cross-references
Result: NOTE Undeclared package ‘jsonlite’ in Rd xrefs Flavor: r-devel-linux-x86_64-fedora-clang