CRAN Package Check Results for Package gplots

Last updated on 2024-02-24 21:40:21 CET.

Flavor Version Tinstall Tcheck Ttotal Status Flags
r-devel-linux-x86_64-debian-clang 3.1.3.1 8.72 84.91 93.63 NOTE
r-devel-linux-x86_64-debian-gcc 3.1.3.1 5.77 64.20 69.97 NOTE
r-devel-linux-x86_64-fedora-clang 3.1.3.1 114.46 NOTE
r-devel-linux-x86_64-fedora-gcc 3.1.3.1 124.18 NOTE
r-devel-windows-x86_64 3.1.3.1 8.00 94.00 102.00 NOTE
r-patched-linux-x86_64 3.1.3.1 9.60 83.03 92.63 NOTE
r-release-linux-x86_64 3.1.3.1 9.01 81.68 90.69 NOTE
r-release-macos-arm64 3.1.3.1 50.00 NOTE
r-release-macos-x86_64 3.1.3.1 136.00 NOTE
r-release-windows-x86_64 3.1.3.1 10.00 105.00 115.00 NOTE
r-oldrel-macos-arm64 3.1.3.1 41.00 OK
r-oldrel-windows-x86_64 3.1.3.1 12.00 106.00 118.00 OK

Check Details

Version: 3.1.3.1
Check: Rd files
Result: NOTE checkRd: (-1) barplot2.Rd:219: Escaped LaTeX specials: \_ checkRd: (-1) colorpanel.Rd:31: Escaped LaTeX specials: \# checkRd: (-1) qqnorm.aov.Rd:33: Escaped LaTeX specials: \& checkRd: (-1) venn.Rd:21: Lost braces 21 | in code{data} not in this list will be ignored. Use \code{NA} to | ^ checkRd: (-1) venn.Rd:59: Escaped LaTeX specials: \_ Flavors: r-devel-linux-x86_64-debian-clang, r-devel-linux-x86_64-debian-gcc

Version: 3.1.3.1
Check: Rd files
Result: NOTE checkRd: (-1) barplot2.Rd:219: Escaped LaTeX specials: \_ checkRd: (-1) colorpanel.Rd:31: Escaped LaTeX specials: \# checkRd: (-1) qqnorm.aov.Rd:33: Escaped LaTeX specials: \& checkRd: (-1) venn.Rd:59: Escaped LaTeX specials: \_ Flavors: r-devel-linux-x86_64-fedora-clang, r-devel-linux-x86_64-fedora-gcc, r-devel-windows-x86_64, r-patched-linux-x86_64, r-release-linux-x86_64, r-release-macos-arm64, r-release-macos-x86_64, r-release-windows-x86_64