CRAN Package Check Results for Package gprofiler2

Last updated on 2021-12-01 22:53:12 CET.

Flavor Version Tinstall Tcheck Ttotal Status Flags
r-devel-linux-x86_64-debian-clang 0.2.1 6.91 77.13 84.04 OK
r-devel-linux-x86_64-debian-gcc 0.2.1 6.01 58.22 64.23 OK
r-devel-linux-x86_64-fedora-clang 0.2.1 110.13 NOTE
r-devel-linux-x86_64-fedora-gcc 0.2.1 98.93 OK
r-devel-windows-x86_64-new-UL 0.2.1 19.00 144.00 163.00 NOTE
r-devel-windows-x86_64-new-TK 0.2.1 OK
r-devel-windows-x86_64-old 0.2.1 13.00 97.00 110.00 NOTE
r-patched-linux-x86_64 0.2.1 6.71 70.29 77.00 OK
r-patched-solaris-x86 0.2.1 120.20 NOTE
r-release-linux-x86_64 0.2.1 5.95 70.45 76.40 OK
r-release-macos-arm64 0.2.1 NOTE
r-release-macos-x86_64 0.2.1 NOTE
r-release-windows-ix86+x86_64 0.2.1 18.00 121.00 139.00 NOTE
r-oldrel-macos-x86_64 0.2.1 NOTE
r-oldrel-windows-ix86+x86_64 0.2.1 18.00 121.00 139.00 NOTE

Check Details

Version: 0.2.1
Check: installed package size
Result: NOTE
     installed size is 5.5Mb
     sub-directories of 1Mb or more:
     doc 5.3Mb
Flavors: r-devel-linux-x86_64-fedora-clang, r-devel-windows-x86_64-new-UL, r-devel-windows-x86_64-old, r-patched-solaris-x86, r-release-macos-arm64, r-release-macos-x86_64, r-release-windows-ix86+x86_64, r-oldrel-macos-x86_64, r-oldrel-windows-ix86+x86_64