CRAN Package Check Results for Package gprofiler2

Last updated on 2021-05-14 23:50:47 CEST.

Flavor Version Tinstall Tcheck Ttotal Status Flags
r-devel-linux-x86_64-debian-clang 0.2.0 7.58 74.87 82.45 NOTE
r-devel-linux-x86_64-debian-gcc 0.2.0 5.50 56.15 61.65 NOTE
r-devel-linux-x86_64-fedora-clang 0.2.0 108.54 NOTE
r-devel-linux-x86_64-fedora-gcc 0.2.0 94.57 NOTE
r-devel-windows-ix86+x86_64 0.2.0 17.00 95.00 112.00 NOTE
r-devel-windows-x86_64-gcc10-UCRT 0.2.0 NOTE
r-patched-linux-x86_64 0.2.0 6.29 70.93 77.22 NOTE
r-patched-solaris-x86 0.2.0 119.60 WARN
r-release-linux-x86_64 0.2.0 7.45 71.36 78.81 OK
r-release-macos-x86_64 0.2.0 WARN
r-release-windows-ix86+x86_64 0.2.0 11.00 122.00 133.00 OK
r-oldrel-macos-x86_64 0.2.0 WARN
r-oldrel-windows-ix86+x86_64 0.2.0 10.00 125.00 135.00 OK

Check Details

Version: 0.2.0
Check: LazyData
Result: NOTE
     'LazyData' is specified without a 'data' directory
Flavors: r-devel-linux-x86_64-debian-clang, r-devel-linux-x86_64-debian-gcc, r-devel-linux-x86_64-fedora-clang, r-devel-linux-x86_64-fedora-gcc, r-devel-windows-ix86+x86_64, r-devel-windows-x86_64-gcc10-UCRT, r-patched-linux-x86_64, r-patched-solaris-x86

Version: 0.2.0
Check: re-building of vignette outputs
Result: WARN
    Error(s) in re-building vignettes:
     ...
    --- re-building ‘gprofiler2.Rmd’ using rmarkdown
    Warning in engine$weave(file, quiet = quiet, encoding = enc) :
     Pandoc (>= 1.12.3) not available. Falling back to R Markdown v1.
    Quitting from lines 243-244 (gprofiler2.Rmd)
    Error: processing vignette 'gprofiler2.Rmd' failed with diagnostics:
    there is no package called 'webshot'
    --- failed re-building ‘gprofiler2.Rmd’
    
    SUMMARY: processing the following file failed:
     ‘gprofiler2.Rmd’
    
    Error: Vignette re-building failed.
    Execution halted
Flavor: r-patched-solaris-x86

Version: 0.2.0
Check: re-building of vignette outputs
Result: WARN
    Error(s) in re-building vignettes:
     ...
    --- re-building ‘gprofiler2.Rmd’ using rmarkdown
    Warning in engine$weave(file, quiet = quiet, encoding = enc) :
     Pandoc (>= 1.12.3) and/or pandoc-citeproc not available. Falling back to R Markdown v1.
    Quitting from lines 243-244 (gprofiler2.Rmd)
    Error: processing vignette 'gprofiler2.Rmd' failed with diagnostics:
    cannot open the connection
    --- failed re-building ‘gprofiler2.Rmd’
    
    SUMMARY: processing the following file failed:
     ‘gprofiler2.Rmd’
    
    Error: Vignette re-building failed.
    Execution halted
Flavors: r-release-macos-x86_64, r-oldrel-macos-x86_64