CRAN Package Check Results for Package gqlr

Last updated on 2019-09-21 22:48:58 CEST.

Flavor Version Tinstall Tcheck Ttotal Status Flags
r-devel-linux-x86_64-debian-clang 0.0.1 531.36 159.20 690.56 NOTE
r-devel-linux-x86_64-debian-gcc 0.0.1 478.76 124.21 602.97 NOTE
r-devel-linux-x86_64-fedora-clang 0.0.1 939.28 NOTE
r-devel-linux-x86_64-fedora-gcc 0.0.1 952.29 NOTE
r-devel-windows-ix86+x86_64 0.0.1 849.00 189.00 1038.00 NOTE
r-patched-linux-x86_64 0.0.1 495.15 152.60 647.75 NOTE
r-patched-solaris-x86 0.0.1 1084.60 NOTE
r-release-linux-x86_64 0.0.1 528.66 178.96 707.62 NOTE
r-release-windows-ix86+x86_64 0.0.1 611.00 176.00 787.00 NOTE
r-release-osx-x86_64 0.0.1 FAIL
r-oldrel-windows-ix86+x86_64 0.0.1 566.00 161.00 727.00 NOTE
r-oldrel-osx-x86_64 0.0.1 NOTE

Check Details

Version: 0.0.1
Check: package dependencies
Result: NOTE
    Package suggested but not available for checking: 'jug'
Flavors: r-devel-linux-x86_64-debian-clang, r-devel-linux-x86_64-debian-gcc, r-devel-linux-x86_64-fedora-clang, r-devel-linux-x86_64-fedora-gcc, r-patched-linux-x86_64, r-patched-solaris-x86, r-release-linux-x86_64

Version: 0.0.1
Check: installed package size
Result: NOTE
     installed size is 27.7Mb
     sub-directories of 1Mb or more:
     R 27.6Mb
Flavors: r-devel-linux-x86_64-fedora-clang, r-devel-windows-ix86+x86_64, r-patched-solaris-x86, r-release-windows-ix86+x86_64, r-release-osx-x86_64, r-oldrel-windows-ix86+x86_64, r-oldrel-osx-x86_64

Version: 0.0.1
Check: dependencies in R code
Result: NOTE
    Namespace in Imports field not imported from: ‘base’
     All declared Imports should be used.
Flavors: r-devel-linux-x86_64-fedora-clang, r-devel-linux-x86_64-fedora-gcc, r-patched-solaris-x86, r-release-osx-x86_64, r-oldrel-osx-x86_64

Version: 0.0.1
Check: tests
Result: ERROR
     Running ‘testthat.R’ [63s/138s]
    Running the tests in ‘tests/testthat.R’ failed.
    Complete output:
     > library(testthat)
     > library(gqlr)
     >
     > test_check("gqlr")
    
     ══ testthat results ═══════════════════════════════════════════════════════════
     OK: 450 SKIPPED: 0 FAILED: 0
     Execution halted
Flavor: r-release-osx-x86_64

Version: 0.0.1
Check: PDF version of manual
Result: FAIL
    
Flavor: r-release-osx-x86_64