CRAN Package Check Results for Package gqlr

Last updated on 2021-11-28 22:51:16 CET.

Flavor Version Tinstall Tcheck Ttotal Status Flags
r-devel-linux-x86_64-debian-clang 0.0.2 NOTE
r-devel-linux-x86_64-debian-gcc 0.0.2 10.58 146.71 157.29 NOTE
r-devel-linux-x86_64-fedora-clang 0.0.2 259.36 NOTE
r-devel-linux-x86_64-fedora-gcc 0.0.2 249.89 NOTE
r-devel-windows-x86_64-new-UL 0.0.2 25.00 239.00 264.00 NOTE
r-devel-windows-x86_64-new-TK 0.0.2 NOTE
r-devel-windows-x86_64-old 0.0.2 15.00 247.00 262.00 NOTE
r-patched-linux-x86_64 0.0.2 14.90 192.31 207.21 NOTE
r-patched-solaris-x86 0.0.2 290.40 NOTE
r-release-linux-x86_64 0.0.2 12.63 193.40 206.03 NOTE
r-release-macos-arm64 0.0.2 NOTE
r-release-macos-x86_64 0.0.2 NOTE
r-release-windows-ix86+x86_64 0.0.2 33.00 188.00 221.00 NOTE
r-oldrel-macos-x86_64 0.0.2 OK
r-oldrel-windows-ix86+x86_64 0.0.2 26.00 244.00 270.00 OK

Check Details

Version: 0.0.2
Check: LazyData
Result: NOTE
     'LazyData' is specified without a 'data' directory
Flavors: r-devel-linux-x86_64-debian-clang, r-devel-linux-x86_64-debian-gcc, r-devel-linux-x86_64-fedora-clang, r-devel-linux-x86_64-fedora-gcc, r-devel-windows-x86_64-new-UL, r-devel-windows-x86_64-new-TK, r-devel-windows-x86_64-old, r-patched-linux-x86_64, r-patched-solaris-x86, r-release-linux-x86_64, r-release-macos-arm64, r-release-macos-x86_64, r-release-windows-ix86+x86_64