CRAN Package Check Results for Package grandR

Last updated on 2024-07-18 22:49:56 CEST.

Flavor Version Tinstall Tcheck Ttotal Status Flags
r-devel-linux-x86_64-debian-clang 0.2.5 17.88 205.69 223.57 NOTE
r-devel-linux-x86_64-debian-gcc 0.2.5 16.51 145.64 162.15 NOTE
r-devel-linux-x86_64-fedora-clang 0.2.5 297.73 NOTE
r-devel-linux-x86_64-fedora-gcc 0.2.5 285.50 NOTE
r-devel-windows-x86_64 0.2.5 23.00 169.00 192.00 NOTE
r-patched-linux-x86_64 0.2.5 22.25 196.83 219.08 OK
r-release-linux-x86_64 0.2.5 13.51 195.69 209.20 OK
r-release-macos-arm64 0.2.5 74.00 NOTE
r-release-macos-x86_64 0.2.5 117.00 NOTE
r-release-windows-x86_64 0.2.5 22.00 170.00 192.00 OK
r-oldrel-macos-arm64 0.2.5 90.00 NOTE
r-oldrel-macos-x86_64 0.2.5 158.00 NOTE
r-oldrel-windows-x86_64 0.2.5 29.00 213.00 242.00 OK

Check Details

Version: 0.2.5
Check: compiled code
Result: NOTE File ‘grandR/libs/grandR.so’: Found non-API call to R: ‘SETLENGTH’ Compiled code should not call non-API entry points in R. See ‘Writing portable packages’ in the ‘Writing R Extensions’ manual, and section ‘Moving into C API compliance’ for issues with the use of non-API entry points. Flavors: r-devel-linux-x86_64-debian-clang, r-devel-linux-x86_64-debian-gcc, r-devel-linux-x86_64-fedora-clang, r-devel-linux-x86_64-fedora-gcc

Version: 0.2.5
Check: compiled code
Result: NOTE File 'grandR/libs/x64/grandR.dll': Found non-API call to R: 'SETLENGTH' Compiled code should not call non-API entry points in R. See 'Writing portable packages' in the 'Writing R Extensions' manual, and section 'Moving into C API compliance' for issues with the use of non-API entry points. Flavor: r-devel-windows-x86_64

Version: 0.2.5
Check: package dependencies
Result: NOTE Package suggested but not available for checking: ‘monocle’ Flavors: r-release-macos-arm64, r-release-macos-x86_64, r-oldrel-macos-arm64, r-oldrel-macos-x86_64

Version: 0.2.5
Check: Rd cross-references
Result: NOTE Package unavailable to check Rd xrefs: ‘monocle’ Flavors: r-release-macos-arm64, r-release-macos-x86_64, r-oldrel-macos-arm64, r-oldrel-macos-x86_64