CRAN Package Check Results for Package grandR

Last updated on 2023-09-26 23:04:14 CEST.

Flavor Version Tinstall Tcheck Ttotal Status Flags
r-devel-linux-x86_64-debian-clang 0.2.2 19.13 194.58 213.71 OK
r-devel-linux-x86_64-debian-gcc 0.2.2 14.21 137.97 152.18 OK
r-devel-linux-x86_64-fedora-clang 0.2.2 252.52 OK
r-devel-linux-x86_64-fedora-gcc 0.2.2 282.37 OK
r-devel-windows-x86_64 0.2.2 21.00 172.00 193.00 OK
r-patched-linux-x86_64 0.2.2 14.06 183.15 197.21 OK
r-release-linux-x86_64 0.2.2 13.87 184.55 198.42 OK
r-release-macos-arm64 0.2.2 81.00 NOTE
r-release-macos-x86_64 0.2.2 167.00 NOTE
r-release-windows-x86_64 0.2.2 27.00 213.00 240.00 OK
r-oldrel-macos-arm64 0.2.2 75.00 NOTE
r-oldrel-macos-x86_64 0.2.2 92.00 OK
r-oldrel-windows-x86_64 0.2.2 26.00 197.00 223.00 OK

Check Details

Version: 0.2.2
Check: package dependencies
Result: NOTE
    Package suggested but not available for checking: ‘monocle’
Flavors: r-release-macos-arm64, r-release-macos-x86_64, r-oldrel-macos-arm64

Version: 0.2.2
Check: Rd cross-references
Result: NOTE
    Package unavailable to check Rd xrefs: ‘monocle’
Flavors: r-release-macos-arm64, r-release-macos-x86_64, r-oldrel-macos-arm64