Last updated on 2024-03-28 23:01:46 CET.
Flavor | Version | Tinstall | Tcheck | Ttotal | Status | Flags |
---|---|---|---|---|---|---|
r-devel-linux-x86_64-debian-clang | 0.1.0 | 5.47 | 45.55 | 51.02 | NOTE | |
r-devel-linux-x86_64-debian-gcc | 0.1.0 | 3.95 | 34.57 | 38.52 | NOTE | |
r-devel-linux-x86_64-fedora-clang | 0.1.0 | 64.91 | NOTE | |||
r-devel-linux-x86_64-fedora-gcc | 0.1.0 | 66.06 | NOTE | |||
r-devel-windows-x86_64 | 0.1.0 | 5.00 | 55.00 | 60.00 | NOTE | |
r-patched-linux-x86_64 | 0.1.0 | 5.52 | 43.40 | 48.92 | NOTE | |
r-release-linux-x86_64 | 0.1.0 | 4.73 | 44.00 | 48.73 | OK | |
r-release-macos-arm64 | 0.1.0 | 23.00 | OK | |||
r-release-macos-x86_64 | 0.1.0 | 33.00 | OK | |||
r-release-windows-x86_64 | 0.1.0 | 6.00 | 59.00 | 65.00 | OK | |
r-oldrel-macos-arm64 | 0.1.0 | 23.00 | OK | |||
r-oldrel-windows-x86_64 | 0.1.0 | 7.00 | 64.00 | 71.00 | OK |
Version: 0.1.0
Check: Rd files
Result: NOTE
checkRd: (-1) Granger.inference.difference.Rd:65: Lost braces; missing escapes or markup?
65 | least one root larger than one) on bootstrapped \verb{x} and {y}.
| ^
checkRd: (-1) Granger.inference.difference.Rd:68: Lost braces; missing escapes or markup?
68 | least one root larger than one) on bootstrapped \verb{x} and {z}.
| ^
checkRd: (-1) Granger.inference.difference.Rd:71: Lost braces; missing escapes or markup?
71 | least one root larger than one) on bootstrapped \verb{x}, \verb{y} and {z}.
| ^
Flavors: r-devel-linux-x86_64-debian-clang, r-devel-linux-x86_64-debian-gcc, r-devel-linux-x86_64-fedora-clang, r-devel-linux-x86_64-fedora-gcc, r-devel-windows-x86_64, r-patched-linux-x86_64