CRAN Package Check Results for Package graph3d

Last updated on 2021-05-16 22:49:52 CEST.

Flavor Version Tinstall Tcheck Ttotal Status Flags
r-devel-linux-x86_64-debian-clang 0.2.0 2.24 27.79 30.03 NOTE
r-devel-linux-x86_64-debian-gcc 0.2.0 1.75 22.10 23.85 NOTE
r-devel-linux-x86_64-fedora-clang 0.2.0 45.95 NOTE
r-devel-linux-x86_64-fedora-gcc 0.2.0 34.57 NOTE
r-devel-windows-ix86+x86_64 0.2.0 7.00 41.00 48.00 NOTE
r-devel-windows-x86_64-gcc10-UCRT 0.2.0 NOTE
r-patched-linux-x86_64 0.2.0 2.38 27.22 29.60 NOTE
r-patched-solaris-x86 0.2.0 55.80 NOTE
r-release-linux-x86_64 0.2.0 2.19 26.78 28.97 OK
r-release-macos-x86_64 0.2.0 OK
r-release-windows-ix86+x86_64 0.2.0 4.00 35.00 39.00 OK
r-oldrel-macos-x86_64 0.2.0 OK
r-oldrel-windows-ix86+x86_64 0.2.0 3.00 55.00 58.00 OK

Check Details

Version: 0.2.0
Check: LazyData
Result: NOTE
     'LazyData' is specified without a 'data' directory
Flavors: r-devel-linux-x86_64-debian-clang, r-devel-linux-x86_64-debian-gcc, r-devel-linux-x86_64-fedora-clang, r-devel-linux-x86_64-fedora-gcc, r-devel-windows-ix86+x86_64, r-devel-windows-x86_64-gcc10-UCRT, r-patched-linux-x86_64, r-patched-solaris-x86