CRAN Package Check Results for Package graphTweets

Last updated on 2019-08-22 22:46:56 CEST.

Flavor Version Tinstall Tcheck Ttotal Status Flags
r-devel-linux-x86_64-debian-clang 0.5.2 4.20 33.31 37.51 OK
r-devel-linux-x86_64-debian-gcc 0.5.2 3.14 26.27 29.41 OK
r-devel-linux-x86_64-fedora-clang 0.5.2 45.55 NOTE
r-devel-linux-x86_64-fedora-gcc 0.5.2 43.59 NOTE
r-devel-windows-ix86+x86_64 0.5.2 17.00 62.00 79.00 OK
r-patched-linux-x86_64 0.5.2 3.01 32.37 35.38 OK
r-patched-solaris-x86 0.5.2 67.50 NOTE
r-release-linux-x86_64 0.5.2 3.32 32.14 35.46 OK
r-release-windows-ix86+x86_64 0.5.2 16.00 78.00 94.00 OK
r-release-osx-x86_64 0.5.2 NOTE
r-oldrel-windows-ix86+x86_64 0.5.2 7.00 66.00 73.00 OK
r-oldrel-osx-x86_64 0.5.2 NOTE

Check Details

Version: 0.5.2
Check: dependencies in R code
Result: NOTE
    Namespace in Imports field not imported from: ‘utils’
     All declared Imports should be used.
Flavors: r-devel-linux-x86_64-fedora-clang, r-devel-linux-x86_64-fedora-gcc, r-patched-solaris-x86, r-release-osx-x86_64, r-oldrel-osx-x86_64