CRAN Package Check Results for Package grapherator

Last updated on 2019-09-17 22:48:08 CEST.

Flavor Version Tinstall Tcheck Ttotal Status Flags
r-devel-linux-x86_64-debian-clang 1.0.0 9.08 96.61 105.69 OK
r-devel-linux-x86_64-debian-gcc 1.0.0 7.56 75.39 82.95 OK
r-devel-linux-x86_64-fedora-clang 1.0.0 126.71 NOTE
r-devel-linux-x86_64-fedora-gcc 1.0.0 122.97 NOTE
r-devel-windows-ix86+x86_64 1.0.0 26.00 156.00 182.00 OK
r-patched-linux-x86_64 1.0.0 7.04 92.27 99.31 OK
r-patched-solaris-x86 1.0.0 186.40 NOTE
r-release-linux-x86_64 1.0.0 8.70 92.35 101.05 OK
r-release-windows-ix86+x86_64 1.0.0 20.00 159.00 179.00 OK
r-release-osx-x86_64 1.0.0 NOTE
r-oldrel-windows-ix86+x86_64 1.0.0 20.00 93.00 113.00 OK
r-oldrel-osx-x86_64 1.0.0 NOTE

Check Details

Version: 1.0.0
Check: dependencies in R code
Result: NOTE
    Namespace in Imports field not imported from: ‘reshape2’
     All declared Imports should be used.
Flavors: r-devel-linux-x86_64-fedora-clang, r-devel-linux-x86_64-fedora-gcc, r-patched-solaris-x86, r-release-osx-x86_64, r-oldrel-osx-x86_64