CRAN Package Check Results for Package grapherator

Last updated on 2021-11-29 22:59:13 CET.

Flavor Version Tinstall Tcheck Ttotal Status Flags
r-devel-linux-x86_64-debian-clang 1.0.0 10.35 108.84 119.19 NOTE
r-devel-linux-x86_64-debian-gcc 1.0.0 7.85 81.47 89.32 NOTE
r-devel-linux-x86_64-fedora-clang 1.0.0 150.70 NOTE
r-devel-linux-x86_64-fedora-gcc 1.0.0 139.47 NOTE
r-devel-windows-x86_64-new-UL 1.0.0 21.00 161.00 182.00 NOTE
r-devel-windows-x86_64-new-TK 1.0.0 NOTE
r-devel-windows-x86_64-old 1.0.0 16.00 103.00 119.00 NOTE
r-patched-linux-x86_64 1.0.0 9.40 107.96 117.36 NOTE
r-patched-solaris-x86 1.0.0 164.70 NOTE
r-release-linux-x86_64 1.0.0 10.04 107.77 117.81 NOTE
r-release-macos-arm64 1.0.0 NOTE
r-release-macos-x86_64 1.0.0 NOTE
r-release-windows-ix86+x86_64 1.0.0 26.00 94.00 120.00 NOTE
r-oldrel-macos-x86_64 1.0.0 NOTE
r-oldrel-windows-ix86+x86_64 1.0.0 17.00 107.00 124.00 OK

Check Details

Version: 1.0.0
Check: LazyData
Result: NOTE
     'LazyData' is specified without a 'data' directory
Flavors: r-devel-linux-x86_64-debian-clang, r-devel-linux-x86_64-debian-gcc, r-devel-linux-x86_64-fedora-clang, r-devel-linux-x86_64-fedora-gcc, r-devel-windows-x86_64-new-UL, r-devel-windows-x86_64-new-TK, r-devel-windows-x86_64-old, r-patched-linux-x86_64, r-patched-solaris-x86, r-release-linux-x86_64, r-release-macos-arm64, r-release-macos-x86_64, r-release-windows-ix86+x86_64

Version: 1.0.0
Check: dependencies in R code
Result: NOTE
    Namespace in Imports field not imported from: ‘reshape2’
     All declared Imports should be used.
Flavors: r-devel-linux-x86_64-fedora-clang, r-devel-linux-x86_64-fedora-gcc, r-devel-windows-x86_64-new-TK, r-patched-solaris-x86, r-release-macos-arm64, r-release-macos-x86_64, r-oldrel-macos-x86_64