CRAN Package Check Results for Package grapherator

Last updated on 2020-02-17 22:49:33 CET.

Flavor Version Tinstall Tcheck Ttotal Status Flags
r-devel-linux-x86_64-debian-clang 1.0.0 9.97 110.07 120.04 OK
r-devel-linux-x86_64-debian-gcc 1.0.0 8.23 82.89 91.12 OK
r-devel-linux-x86_64-fedora-clang 1.0.0 138.08 NOTE
r-devel-linux-x86_64-fedora-gcc 1.0.0 138.04 NOTE
r-devel-windows-ix86+x86_64 1.0.0 22.00 109.00 131.00 OK
r-devel-windows-ix86+x86_64-gcc8 1.0.0 35.00 154.00 189.00 OK
r-patched-linux-x86_64 1.0.0 7.42 93.30 100.72 OK
r-patched-solaris-x86 1.0.0 181.80 NOTE
r-release-linux-x86_64 1.0.0 7.91 92.44 100.35 OK
r-release-windows-ix86+x86_64 1.0.0 18.00 107.00 125.00 OK
r-release-osx-x86_64 1.0.0 NOTE
r-oldrel-windows-ix86+x86_64 1.0.0 13.00 99.00 112.00 OK
r-oldrel-osx-x86_64 1.0.0 NOTE

Check Details

Version: 1.0.0
Check: dependencies in R code
Result: NOTE
    Namespace in Imports field not imported from: ‘reshape2’
     All declared Imports should be used.
Flavors: r-devel-linux-x86_64-fedora-clang, r-devel-linux-x86_64-fedora-gcc, r-patched-solaris-x86, r-release-osx-x86_64, r-oldrel-osx-x86_64