CRAN Package Check Results for Package graphframes

Last updated on 2023-10-01 23:03:47 CEST.

Flavor Version Tinstall Tcheck Ttotal Status Flags
r-devel-linux-x86_64-debian-clang 0.1.2 8.97 67.54 76.51 NOTE
r-devel-linux-x86_64-debian-gcc 0.1.2 6.47 49.01 55.48 NOTE
r-devel-linux-x86_64-fedora-clang 0.1.2 92.28 NOTE
r-devel-linux-x86_64-fedora-gcc 0.1.2 90.03 NOTE
r-devel-windows-x86_64 0.1.2 9.00 70.00 79.00 NOTE
r-patched-linux-x86_64 0.1.2 5.80 63.47 69.27 NOTE
r-release-linux-x86_64 0.1.2 7.44 63.41 70.85 NOTE
r-release-macos-arm64 0.1.2 31.00 NOTE
r-release-macos-x86_64 0.1.2 47.00 NOTE
r-release-windows-x86_64 0.1.2 10.00 82.00 92.00 NOTE
r-oldrel-macos-arm64 0.1.2 27.00 NOTE
r-oldrel-macos-x86_64 0.1.2 66.00 NOTE
r-oldrel-windows-x86_64 0.1.2 10.00 81.00 91.00 NOTE

Check Details

Version: 0.1.2
Check: LazyData
Result: NOTE
     'LazyData' is specified without a 'data' directory
Flavors: r-devel-linux-x86_64-debian-clang, r-devel-linux-x86_64-debian-gcc, r-devel-linux-x86_64-fedora-clang, r-devel-linux-x86_64-fedora-gcc, r-devel-windows-x86_64, r-patched-linux-x86_64, r-release-linux-x86_64, r-release-macos-arm64, r-release-macos-x86_64, r-release-windows-x86_64, r-oldrel-macos-arm64, r-oldrel-macos-x86_64, r-oldrel-windows-x86_64