CRAN Package Check Results for Package graphicalExtremes

Last updated on 2024-02-23 23:10:07 CET.

Flavor Version Tinstall Tcheck Ttotal Status Flags
r-devel-linux-x86_64-debian-clang 0.3.0 OK
r-devel-linux-x86_64-debian-gcc 0.3.0 11.87 105.29 117.16 OK
r-devel-linux-x86_64-fedora-clang 0.3.1 209.69 NOTE
r-devel-linux-x86_64-fedora-gcc 0.3.1 215.47 OK
r-devel-windows-x86_64 0.3.0 15.00 386.00 401.00 OK
r-patched-linux-x86_64 0.3.0 12.26 137.66 149.92 OK
r-release-linux-x86_64 0.3.0 10.66 137.62 148.28 OK
r-release-macos-arm64 0.3.1 195.00 OK
r-release-macos-x86_64 0.3.1 478.00 OK
r-release-windows-x86_64 0.3.0 20.00 506.00 526.00 OK
r-oldrel-macos-arm64 0.3.1 181.00 OK
r-oldrel-windows-x86_64 0.3.0 19.00 469.00 488.00 OK

Check Details

Version: 0.3.1
Check: Rd cross-references
Result: NOTE Undeclared package ‘glasso’ in Rd xrefs Flavor: r-devel-linux-x86_64-fedora-clang