CRAN Package Check Results for Package graphkernels

Last updated on 2019-12-09 22:51:11 CET.

Flavor Version Tinstall Tcheck Ttotal Status Flags
r-devel-linux-x86_64-debian-clang 1.6 50.64 70.45 121.09 OK
r-devel-linux-x86_64-debian-gcc 1.6 36.12 56.66 92.78 OK
r-devel-linux-x86_64-fedora-clang 1.6 150.37 NOTE
r-devel-linux-x86_64-fedora-gcc 1.6 162.28 OK
r-devel-windows-ix86+x86_64 1.6 76.00 188.00 264.00 OK
r-devel-windows-ix86+x86_64-gcc8 1.6 84.00 154.00 238.00 OK
r-patched-linux-x86_64 1.6 40.04 67.20 107.24 OK
r-patched-solaris-x86 1.6 153.20 OK
r-release-linux-x86_64 1.6 42.67 67.05 109.72 OK
r-release-windows-ix86+x86_64 1.6 73.00 130.00 203.00 OK
r-release-osx-x86_64 1.6 NOTE
r-oldrel-windows-ix86+x86_64 1.6 71.00 159.00 230.00 OK
r-oldrel-osx-x86_64 1.6 NOTE

Check Details

Version: 1.6
Check: installed package size
Result: NOTE
     installed size is 10.8Mb
     sub-directories of 1Mb or more:
     libs 10.6Mb
Flavors: r-devel-linux-x86_64-fedora-clang, r-release-osx-x86_64, r-oldrel-osx-x86_64