CRAN Package Check Results for Package graticule

Last updated on 2022-01-23 22:49:42 CET.

Flavor Version Tinstall Tcheck Ttotal Status Flags
r-devel-linux-x86_64-debian-clang 0.1.6 23.10 265.65 288.75 OK
r-devel-linux-x86_64-debian-gcc 0.1.6 22.30 212.20 234.50 OK
r-devel-linux-x86_64-fedora-clang 0.1.6 341.79 NOTE
r-devel-linux-x86_64-fedora-gcc 0.1.6 327.01 NOTE
r-devel-windows-x86_64-new-UL 0.1.6 48.00 270.00 318.00 OK
r-devel-windows-x86_64-new-TK 0.1.6 NOTE
r-patched-linux-x86_64 0.1.6 23.43 254.63 278.06 OK
r-release-linux-x86_64 0.1.6 21.68 254.55 276.23 OK
r-release-macos-arm64 0.1.6 NOTE
r-release-macos-x86_64 0.1.6 NOTE
r-release-windows-ix86+x86_64 0.1.6 55.00 280.00 335.00 OK
r-oldrel-macos-x86_64 0.1.6 NOTE
r-oldrel-windows-ix86+x86_64 0.1.6 59.00 297.00 356.00 OK

Check Details

Version: 0.1.6
Check: dependencies in R code
Result: NOTE
    Namespaces in Imports field not imported from:
     ‘methods’ ‘quadmesh’
     All declared Imports should be used.
Flavors: r-devel-linux-x86_64-fedora-clang, r-devel-linux-x86_64-fedora-gcc, r-devel-windows-x86_64-new-TK, r-release-macos-arm64, r-release-macos-x86_64, r-oldrel-macos-x86_64