CRAN Package Check Results for Package grattan

Last updated on 2021-10-26 22:58:03 CEST.

Flavor Version Tinstall Tcheck Ttotal Status Flags
r-devel-linux-x86_64-debian-clang 1.9.0.9 92.55 94.80 187.35 NOTE
r-devel-linux-x86_64-debian-gcc 1.9.0.9 65.10 67.55 132.65 NOTE
r-devel-linux-x86_64-fedora-clang 1.9.0.9 282.05 NOTE
r-devel-linux-x86_64-fedora-gcc 1.9.0.9 235.43 NOTE
r-devel-windows-x86_64 1.9.0.9 126.00 123.00 249.00 NOTE
r-devel-windows-x86_64-gcc10-UCRT 1.9.0.9 NOTE
r-patched-linux-x86_64 1.9.0.9 82.04 87.36 169.40 NOTE
r-patched-solaris-x86 1.9.0.9 237.80 NOTE
r-release-linux-x86_64 1.9.0.9 78.98 88.78 167.76 NOTE
r-release-macos-arm64 1.9.0.9 NOTE
r-release-macos-x86_64 1.9.0.9 NOTE
r-release-windows-ix86+x86_64 1.9.0.9 175.00 122.00 297.00 NOTE
r-oldrel-macos-x86_64 1.9.0.9 NOTE
r-oldrel-windows-ix86+x86_64 1.9.0.9 234.00 163.00 397.00 NOTE

Check Details

Version: 1.9.0.9
Check: package dependencies
Result: NOTE
    Packages suggested but not available for checking:
     'taxstats', 'taxstats1516'
Flavors: r-devel-linux-x86_64-debian-clang, r-devel-linux-x86_64-debian-gcc, r-devel-linux-x86_64-fedora-clang, r-devel-linux-x86_64-fedora-gcc, r-devel-windows-x86_64, r-devel-windows-x86_64-gcc10-UCRT, r-patched-linux-x86_64, r-patched-solaris-x86, r-release-linux-x86_64, r-release-macos-arm64, r-release-macos-x86_64, r-release-windows-ix86+x86_64, r-oldrel-macos-x86_64, r-oldrel-windows-ix86+x86_64