CRAN Package Check Results for Package greed

Last updated on 2021-07-23 22:53:09 CEST.

Flavor Version Tinstall Tcheck Ttotal Status Flags
r-devel-linux-x86_64-debian-clang 0.5.1 418.11 576.39 994.50 OK
r-devel-linux-x86_64-debian-gcc 0.5.1 252.32 651.57 903.89 OK
r-devel-linux-x86_64-fedora-clang 0.5.1 1246.34 NOTE
r-devel-linux-x86_64-fedora-gcc 0.5.1 1233.71 NOTE
r-devel-windows-x86_64 0.5.1 358.00 378.00 736.00 OK
r-devel-windows-x86_64-gcc10-UCRT 0.5.1 NOTE
r-patched-linux-x86_64 0.5.1 298.20 570.57 868.77 OK
r-patched-solaris-x86 0.5.1 1223.50 NOTE
r-release-linux-x86_64 0.5.1 305.38 588.83 894.21 OK
r-release-macos-arm64 0.5.1 NOTE
r-release-macos-x86_64 0.5.1 NOTE
r-release-windows-ix86+x86_64 0.5.1 811.00 789.00 1600.00 NOTE
r-oldrel-macos-x86_64 0.5.1 NOTE
r-oldrel-windows-ix86+x86_64 0.5.1 864.00 733.00 1597.00 NOTE

Check Details

Version: 0.5.1
Check: installed package size
Result: NOTE
     installed size is 23.6Mb
     sub-directories of 1Mb or more:
     libs 21.3Mb
Flavors: r-devel-linux-x86_64-fedora-clang, r-release-macos-arm64, r-release-macos-x86_64, r-release-windows-ix86+x86_64, r-oldrel-macos-x86_64, r-oldrel-windows-ix86+x86_64

Version: 0.5.1
Check: data for non-ASCII characters
Result: NOTE
     Note: found 6693 marked UTF-8 strings
Flavors: r-devel-linux-x86_64-fedora-clang, r-devel-linux-x86_64-fedora-gcc, r-devel-windows-x86_64-gcc10-UCRT, r-patched-solaris-x86, r-release-macos-arm64, r-release-macos-x86_64, r-oldrel-macos-x86_64