Last updated on 2023-09-25 22:12:40 CEST.
Flavor | Version | Tinstall | Tcheck | Ttotal | Status | Flags |
---|---|---|---|---|---|---|
r-devel-linux-x86_64-debian-clang | 0.2 | 433.34 | 212.91 | 646.25 | NOTE | |
r-devel-linux-x86_64-debian-gcc | 0.2 | 380.38 | 176.03 | 556.41 | NOTE | |
r-devel-linux-x86_64-fedora-clang | 0.2 | 818.29 | NOTE | |||
r-devel-linux-x86_64-fedora-gcc | 0.2 | 1041.41 | NOTE | |||
r-devel-windows-x86_64 | 0.2 | 336.00 | 202.00 | 538.00 | NOTE | |
r-patched-linux-x86_64 | 0.2 | 359.11 | 225.73 | 584.84 | NOTE | |
r-release-linux-x86_64 | 0.2 | 0.01 | 1.79 | 1.80 | ERROR | |
r-release-macos-arm64 | 0.2 | 233.00 | NOTE | |||
r-release-macos-x86_64 | 0.2 | 264.00 | NOTE | |||
r-release-windows-x86_64 | 0.2 | 452.00 | 253.00 | 705.00 | NOTE | |
r-oldrel-macos-arm64 | 0.2 | 205.00 | NOTE | |||
r-oldrel-macos-x86_64 | 0.2 | 311.00 | NOTE | |||
r-oldrel-windows-x86_64 | 0.2 | 420.00 | 241.00 | 661.00 | NOTE |
Version: 0.2
Check: for GNU extensions in Makefiles
Result: NOTE
GNU make is a SystemRequirements.
Flavors: r-devel-linux-x86_64-debian-clang, r-devel-linux-x86_64-debian-gcc, r-devel-linux-x86_64-fedora-clang, r-devel-linux-x86_64-fedora-gcc, r-devel-windows-x86_64, r-patched-linux-x86_64, r-release-macos-arm64, r-release-macos-x86_64, r-release-windows-x86_64, r-oldrel-macos-arm64, r-oldrel-macos-x86_64, r-oldrel-windows-x86_64
Version: 0.2
Check: whether package can be installed
Result: ERROR
Installation failed.
Flavor: r-release-linux-x86_64
Version: 0.2
Check: installed package size
Result: NOTE
installed size is 50.7Mb
sub-directories of 1Mb or more:
libs 50.5Mb
Flavors: r-release-macos-arm64, r-release-macos-x86_64, r-oldrel-macos-arm64, r-oldrel-macos-x86_64