Last updated on 2023-03-29 23:09:04 CEST.
Flavor | Version | Tinstall | Tcheck | Ttotal | Status | Flags |
---|---|---|---|---|---|---|
r-devel-linux-x86_64-debian-clang | 1.0.7 | 58.66 | 146.40 | 205.06 | OK | |
r-devel-linux-x86_64-debian-gcc | 1.0.7 | 48.42 | 110.22 | 158.64 | OK | |
r-devel-linux-x86_64-fedora-clang | 1.0.7 | 277.89 | OK | |||
r-devel-linux-x86_64-fedora-gcc | 1.0.7 | 282.68 | OK | |||
r-devel-windows-x86_64 | 1.0.7 | 109.00 | 0.00 | 109.00 | NOTE | |
r-patched-linux-x86_64 | 1.0.7 | 60.01 | 136.88 | 196.89 | OK | |
r-release-linux-x86_64 | 1.0.7 | 39.07 | 134.84 | 173.91 | OK | |
r-release-macos-arm64 | 1.0.7 | 63.00 | NOTE | |||
r-release-macos-x86_64 | 1.0.7 | 100.00 | OK | |||
r-release-windows-x86_64 | 1.0.7 | 101.00 | 189.00 | 290.00 | NOTE | |
r-oldrel-macos-arm64 | 1.0.7 | 58.00 | NOTE | |||
r-oldrel-macos-x86_64 | 1.0.7 | 100.00 | OK | |||
r-oldrel-windows-ix86+x86_64 | 1.0.7 | 111.00 | 202.00 | 313.00 | NOTE |
Version: 1.0.7
Check: package dependencies
Result: NOTE
Package suggested but not available for checking: 'doMC'
Flavors: r-devel-windows-x86_64, r-release-windows-x86_64, r-oldrel-windows-ix86+x86_64
Version: 1.0.7
Check: installed package size
Result: NOTE
installed size is 5.1Mb
sub-directories of 1Mb or more:
R 1.1Mb
doc 2.7Mb
Flavors: r-devel-windows-x86_64, r-release-macos-arm64, r-release-windows-x86_64, r-oldrel-macos-arm64, r-oldrel-windows-ix86+x86_64