CRAN Package Check Results for Package grf

Last updated on 2021-11-28 22:51:16 CET.

Flavor Version Tinstall Tcheck Ttotal Status Flags
r-devel-linux-x86_64-debian-clang 2.0.2 NOTE
r-devel-linux-x86_64-debian-gcc 2.0.2 215.36 70.46 285.82 NOTE
r-devel-linux-x86_64-fedora-clang 2.0.2 633.58 NOTE
r-devel-linux-x86_64-fedora-gcc 2.0.2 532.25 NOTE
r-devel-windows-x86_64-new-UL 2.0.2 457.00 445.00 902.00 NOTE
r-devel-windows-x86_64-new-TK 2.0.2 NOTE
r-devel-windows-x86_64-old 2.0.2 335.00 401.00 736.00 NOTE
r-patched-linux-x86_64 2.0.2 270.31 90.25 360.56 NOTE
r-patched-solaris-x86 2.0.2 439.60 NOTE
r-release-linux-x86_64 2.0.2 265.22 89.15 354.37 NOTE
r-release-macos-arm64 2.0.2 NOTE
r-release-macos-x86_64 2.0.2 NOTE
r-release-windows-ix86+x86_64 2.0.2 786.00 144.00 930.00 NOTE
r-oldrel-macos-x86_64 2.0.2 NOTE
r-oldrel-windows-ix86+x86_64 2.0.2 547.00 172.00 719.00 NOTE

Check Details

Version: 2.0.2
Check: for GNU extensions in Makefiles
Result: NOTE
    GNU make is a SystemRequirements.
Flavors: r-devel-linux-x86_64-debian-clang, r-devel-linux-x86_64-debian-gcc, r-devel-linux-x86_64-fedora-clang, r-devel-linux-x86_64-fedora-gcc, r-devel-windows-x86_64-new-UL, r-devel-windows-x86_64-new-TK, r-devel-windows-x86_64-old, r-patched-linux-x86_64, r-patched-solaris-x86, r-release-linux-x86_64, r-release-macos-arm64, r-release-macos-x86_64, r-release-windows-ix86+x86_64, r-oldrel-macos-x86_64, r-oldrel-windows-ix86+x86_64

Version: 2.0.2
Check: installed package size
Result: NOTE
     installed size is 28.3Mb
     sub-directories of 1Mb or more:
     libs 27.8Mb
Flavors: r-devel-linux-x86_64-fedora-clang, r-release-macos-arm64, r-release-macos-x86_64, r-oldrel-macos-x86_64