CRAN Package Check Results for Package gridBase

Last updated on 2019-09-14 22:48:26 CEST.

Flavor Version Tinstall Tcheck Ttotal Status Flags
r-devel-linux-x86_64-debian-clang 0.4-7 1.81 22.78 24.59 NOTE
r-devel-linux-x86_64-debian-gcc 0.4-7 1.59 18.61 20.20 NOTE
r-devel-linux-x86_64-fedora-clang 0.4-7 30.37 NOTE
r-devel-linux-x86_64-fedora-gcc 0.4-7 30.16 NOTE
r-devel-windows-ix86+x86_64 0.4-7 13.00 36.00 49.00 NOTE
r-patched-linux-x86_64 0.4-7 1.54 22.65 24.19 NOTE
r-patched-solaris-x86 0.4-7 46.10 NOTE
r-release-linux-x86_64 0.4-7 1.60 22.61 24.21 NOTE
r-release-windows-ix86+x86_64 0.4-7 4.00 51.00 55.00 NOTE
r-release-osx-x86_64 0.4-7 NOTE
r-oldrel-windows-ix86+x86_64 0.4-7 3.00 39.00 42.00 NOTE
r-oldrel-osx-x86_64 0.4-7 NOTE

Check Details

Version: 0.4-7
Check: DESCRIPTION meta-information
Result: NOTE
    Malformed Description field: should contain one or more complete sentences.
Flavors: r-devel-linux-x86_64-debian-clang, r-devel-linux-x86_64-debian-gcc, r-devel-linux-x86_64-fedora-clang, r-devel-linux-x86_64-fedora-gcc, r-devel-windows-ix86+x86_64, r-patched-linux-x86_64, r-patched-solaris-x86, r-release-linux-x86_64, r-release-windows-ix86+x86_64, r-release-osx-x86_64, r-oldrel-windows-ix86+x86_64, r-oldrel-osx-x86_64