CRAN Package Check Results for Package gridDebug

Last updated on 2019-09-22 22:46:48 CEST.

Flavor Version Tinstall Tcheck Ttotal Status Flags
r-devel-linux-x86_64-debian-clang 0.5-0 5.28 40.70 45.98 OK
r-devel-linux-x86_64-debian-gcc 0.5-0 4.28 33.59 37.87 OK
r-devel-linux-x86_64-fedora-clang 0.5-0 56.19 OK
r-devel-linux-x86_64-fedora-gcc 0.5-0 56.12 OK
r-devel-windows-ix86+x86_64 0.5-0 14.00 86.00 100.00 OK
r-patched-linux-x86_64 0.5-0 4.71 40.73 45.44 OK
r-patched-solaris-x86 0.5-0 86.50 OK
r-release-linux-x86_64 0.5-0 4.55 40.92 45.47 OK
r-release-windows-ix86+x86_64 0.5-0 13.00 83.00 96.00 OK
r-release-osx-x86_64 0.5-0 ERROR
r-oldrel-windows-ix86+x86_64 0.5-0 6.00 55.00 61.00 OK
r-oldrel-osx-x86_64 0.5-0 OK

Check Details

Version: 0.5-0
Check: package dependencies
Result: ERROR
    Packages required but not available: 'graph', 'gridGraphviz'
    
    See section ‘The DESCRIPTION file’ in the ‘Writing R Extensions’
    manual.
Flavor: r-release-osx-x86_64