Last updated on 2023-12-03 22:57:08 CET.
Flavor | Version | Tinstall | Tcheck | Ttotal | Status | Flags |
---|---|---|---|---|---|---|
r-devel-linux-x86_64-debian-clang | 0.5-1 | 7.93 | 50.49 | 58.42 | OK | |
r-devel-linux-x86_64-debian-gcc | 0.5-1 | 4.79 | 36.42 | 41.21 | OK | |
r-devel-linux-x86_64-fedora-clang | 0.5-1 | 71.42 | OK | |||
r-devel-linux-x86_64-fedora-gcc | 0.5-1 | 65.93 | OK | |||
r-devel-windows-x86_64 | 0.5-1 | 6.00 | 54.00 | 60.00 | OK | |
r-patched-linux-x86_64 | 0.5-1 | 5.28 | 47.78 | 53.06 | OK | |
r-release-linux-x86_64 | 0.5-1 | 5.36 | 46.42 | 51.78 | OK | |
r-release-macos-arm64 | 0.5-1 | 25.00 | OK | |||
r-release-macos-x86_64 | 0.5-1 | 40.00 | OK | |||
r-release-windows-x86_64 | 0.5-1 | 8.00 | 59.00 | 67.00 | OK | |
r-oldrel-macos-arm64 | 0.5-1 | 26.00 | OK | |||
r-oldrel-macos-x86_64 | 0.5-1 | 32.00 | NOTE | |||
r-oldrel-windows-x86_64 | 0.5-1 | 8.00 | 61.00 | 69.00 | OK |
Version: 0.5-1
Check: package dependencies
Result: NOTE
Package suggested but not available for checking: ‘pdftools’
Flavor: r-oldrel-macos-x86_64