CRAN Package Check Results for Package growthPheno

Last updated on 2020-02-22 22:47:48 CET.

Flavor Version Tinstall Tcheck Ttotal Status Flags
r-devel-linux-x86_64-debian-clang 1.0-21 16.04 129.19 145.23 OK
r-devel-linux-x86_64-debian-gcc 1.0-21 13.84 97.46 111.30 OK
r-devel-linux-x86_64-fedora-clang 1.0-21 172.29 OK
r-devel-linux-x86_64-fedora-gcc 1.0-21 168.94 OK
r-devel-windows-ix86+x86_64 1.0-21 35.00 134.00 169.00 OK
r-devel-windows-ix86+x86_64-gcc8 1.0-21 53.00 195.00 248.00 OK
r-patched-linux-x86_64 1.0-21 OK
r-patched-solaris-x86 1.0-21 220.10 NOTE
r-release-linux-x86_64 1.0-21 13.21 114.14 127.35 OK
r-release-windows-ix86+x86_64 1.0-21 27.00 146.00 173.00 OK
r-release-osx-x86_64 1.0-21 OK
r-oldrel-windows-ix86+x86_64 1.0-21 20.00 128.00 148.00 OK
r-oldrel-osx-x86_64 1.0-21 OK

Check Details

Version: 1.0-21
Check: installed package size
Result: NOTE
     installed size is 5.0Mb
     sub-directories of 1Mb or more:
     doc 2.3Mb
     extdata 1.1Mb
Flavor: r-patched-solaris-x86