Last updated on 2024-04-19 22:55:47 CEST.
Flavor | Version | Tinstall | Tcheck | Ttotal | Status | Flags |
---|---|---|---|---|---|---|
r-devel-linux-x86_64-debian-clang | 2.2.0 | 22.32 | 104.97 | 127.29 | OK | |
r-devel-linux-x86_64-debian-gcc | 2.2.0 | OK | ||||
r-devel-linux-x86_64-fedora-clang | 2.2.0 | 151.51 | NOTE | |||
r-devel-linux-x86_64-fedora-gcc | 2.2.0 | 143.73 | OK | |||
r-prerel-macos-arm64 | 2.2.0 | 41.00 | NOTE | |||
r-prerel-macos-x86_64 | 2.2.0 | 112.00 | NOTE | |||
r-prerel-windows-x86_64 | 2.2.0 | 16.00 | 91.00 | 107.00 | NOTE | |
r-patched-linux-x86_64 | 2.2.0 | 11.99 | 96.14 | 108.13 | OK | |
r-release-linux-x86_64 | 2.2.0 | 12.44 | 97.96 | 110.40 | OK | |
r-release-macos-arm64 | 2.2.0 | 52.00 | NOTE | |||
r-release-macos-x86_64 | 2.2.0 | 95.00 | NOTE | |||
r-release-windows-x86_64 | 2.2.0 | 20.00 | 108.00 | 128.00 | NOTE | |
r-oldrel-macos-arm64 | 2.2.0 | 47.00 | NOTE | |||
r-oldrel-windows-x86_64 | 2.2.0 | 21.00 | 109.00 | 130.00 | NOTE |
Version: 2.2.0
Check: installed package size
Result: NOTE
installed size is 5.9Mb
sub-directories of 1Mb or more:
extdata 5.0Mb
Flavors: r-devel-linux-x86_64-fedora-clang, r-prerel-macos-arm64, r-prerel-macos-x86_64, r-prerel-windows-x86_64, r-release-macos-arm64, r-release-macos-x86_64, r-release-windows-x86_64, r-oldrel-macos-arm64, r-oldrel-windows-x86_64