Last updated on 2024-04-18 22:52:43 CEST.
Flavor | Version | Tinstall | Tcheck | Ttotal | Status | Flags |
---|---|---|---|---|---|---|
r-devel-linux-x86_64-debian-clang | 0.8.4 | 8.57 | 89.43 | 98.00 | NOTE | |
r-devel-linux-x86_64-debian-gcc | 0.8.4 | 5.44 | 66.78 | 72.22 | NOTE | |
r-devel-linux-x86_64-fedora-clang | 0.8.4 | 122.39 | NOTE | |||
r-devel-linux-x86_64-fedora-gcc | 0.8.4 | 129.65 | NOTE | |||
r-prerel-macos-arm64 | 0.8.4 | 48.00 | NOTE | |||
r-prerel-windows-x86_64 | 0.8.4 | 11.00 | 104.00 | 115.00 | NOTE | |
r-patched-linux-x86_64 | 0.8.4 | 11.34 | 87.02 | 98.36 | NOTE | |
r-release-linux-x86_64 | 0.8.4 | 6.17 | 81.97 | 88.14 | OK | |
r-release-macos-arm64 | 0.8.4 | 49.00 | OK | |||
r-release-macos-x86_64 | 0.8.4 | 88.00 | OK | |||
r-release-windows-x86_64 | 0.8.4 | 12.00 | 125.00 | 137.00 | OK | |
r-oldrel-macos-arm64 | 0.8.4 | 47.00 | OK | |||
r-oldrel-windows-x86_64 | 0.8.4 | 12.00 | 125.00 | 137.00 | OK |
Version: 0.8.4
Check: Rd files
Result: NOTE
checkRd: (-1) predict.Rd:30: Lost braces
30 | resp. code{'exponential'} or \code{'no_lag'} for \code{fit_easylinear}.}
| ^
Flavors: r-devel-linux-x86_64-debian-clang, r-devel-linux-x86_64-debian-gcc, r-devel-linux-x86_64-fedora-clang, r-devel-linux-x86_64-fedora-gcc, r-prerel-macos-arm64, r-prerel-windows-x86_64, r-patched-linux-x86_64