CRAN Package Check Results for Package gtable

Last updated on 2019-09-18 22:52:38 CEST.

Flavor Version Tinstall Tcheck Ttotal Status Flags
r-devel-linux-x86_64-debian-clang 0.3.0 1.73 56.49 58.22 OK
r-devel-linux-x86_64-debian-gcc 0.3.0 1.91 42.64 44.55 OK
r-devel-linux-x86_64-fedora-clang 0.3.0 69.01 OK
r-devel-linux-x86_64-fedora-gcc 0.3.0 68.98 OK
r-devel-windows-ix86+x86_64 0.3.0 15.00 64.00 79.00 OK
r-patched-linux-x86_64 0.3.0 1.49 54.46 55.95 OK
r-patched-solaris-x86 0.3.0 69.60 WARN
r-release-linux-x86_64 0.3.0 1.56 55.16 56.72 OK
r-release-windows-ix86+x86_64 0.3.0 6.00 101.00 107.00 OK
r-release-osx-x86_64 0.3.0 ERROR
r-oldrel-windows-ix86+x86_64 0.3.0 6.00 69.00 75.00 OK
r-oldrel-osx-x86_64 0.3.0 WARN

Check Details

Version: 0.3.0
Check: re-building of vignette outputs
Result: WARN
    Error(s) in re-building vignettes:
     ...
    --- re-building ‘profiling.Rmd’ using rmarkdown
    Warning in engine$weave(file, quiet = quiet, encoding = enc) :
     Pandoc (>= 1.12.3) and/or pandoc-citeproc not available. Falling back to R Markdown v1.
Flavor: r-patched-solaris-x86

Version: 0.3.0
Check: tests
Result: ERROR
     Running ‘testthat.R’ [0s/1s]
    Running the tests in ‘tests/testthat.R’ failed.
    Complete output:
     > library(testthat)
     Error: package or namespace load failed for 'testthat' in loadNamespace(i, c(lib.loc, .libPaths()), versionCheck = vI[[i]]):
     there is no package called 'rlang'
     Execution halted
Flavor: r-release-osx-x86_64

Version: 0.3.0
Check: re-building of vignette outputs
Result: WARN
    Error(s) in re-building vignettes:
     ...
    --- re-building ‘profiling.Rmd’ using rmarkdown
    Warning in engine$weave(file, quiet = quiet, encoding = enc) :
     Pandoc (>= 1.12.3) and/or pandoc-citeproc not available. Falling back to R Markdown v1.
    Quitting from lines 22-34 (profiling.Rmd)
    Error: processing vignette 'profiling.Rmd' failed with diagnostics:
    package or namespace load failed for 'ggplot2' in loadNamespace(j <- i[[1L]], c(lib.loc, .libPaths()), versionCheck = vI[[j]]):
     there is no package called 'rlang'
    --- failed re-building ‘profiling.Rmd’
    
    SUMMARY: processing the following file failed:
     ‘profiling.Rmd’
    
    Error: Vignette re-building failed.
    Execution halted
Flavor: r-release-osx-x86_64

Version: 0.3.0
Check: re-building of vignette outputs
Result: WARN
    Error in re-building vignettes:
     ...
    Warning in engine$weave(file, quiet = quiet, encoding = enc) :
     Pandoc (>= 1.12.3) and/or pandoc-citeproc not available. Falling back to R Markdown v1.
    Quitting from lines 22-34 (profiling.Rmd)
    Error: processing vignette 'profiling.Rmd' failed with diagnostics:
    cannot open the connection
    Execution halted
Flavor: r-oldrel-osx-x86_64