CRAN Package Check Results for Package gtfs2gps

Last updated on 2021-07-23 22:53:09 CEST.

Flavor Version Tinstall Tcheck Ttotal Status Flags
r-devel-linux-x86_64-debian-clang 1.4-1 30.50 107.04 137.54 OK --no-tests
r-devel-linux-x86_64-debian-gcc 1.4-1 21.31 76.73 98.04 OK --no-tests
r-devel-linux-x86_64-fedora-clang 1.4-1 260.98 NOTE
r-devel-linux-x86_64-fedora-gcc 1.4-1 224.55 NOTE
r-devel-windows-x86_64 1.4-1 28.00 173.00 201.00 OK
r-devel-windows-x86_64-gcc10-UCRT 1.4-1 NOTE --no-tests
r-patched-linux-x86_64 1.4-1 28.22 95.23 123.45 OK --no-tests
r-patched-solaris-x86 1.4-1 410.80 NOTE
r-release-linux-x86_64 1.4-1 21.19 95.81 117.00 OK --no-tests
r-release-macos-arm64 1.4-1 NOTE
r-release-macos-x86_64 1.4-1 NOTE
r-release-windows-ix86+x86_64 1.4-1 73.00 299.00 372.00 NOTE
r-oldrel-macos-x86_64 1.4-1 NOTE
r-oldrel-windows-ix86+x86_64 1.4-1 75.00 412.00 487.00 NOTE

Check Details

Version: 1.4-1
Check: dependencies in R code
Result: NOTE
    Namespace in Imports field not imported from: ‘readr’
     All declared Imports should be used.
Flavors: r-devel-linux-x86_64-fedora-clang, r-devel-linux-x86_64-fedora-gcc, r-patched-solaris-x86, r-release-macos-arm64, r-release-macos-x86_64, r-oldrel-macos-x86_64

Version: 1.4-1
Flags: --no-tests
Check: dependencies in R code
Result: NOTE
    Namespace in Imports field not imported from: 'readr'
     All declared Imports should be used.
Flavor: r-devel-windows-x86_64-gcc10-UCRT

Version: 1.4-1
Check: installed package size
Result: NOTE
     installed size is 5.0Mb
     sub-directories of 1Mb or more:
     extdata 2.5Mb
     libs 2.0Mb
Flavors: r-release-windows-ix86+x86_64, r-oldrel-windows-ix86+x86_64