CRAN Package Check Results for Package gtfsio

Last updated on 2021-11-28 22:51:16 CET.

Flavor Version Tinstall Tcheck Ttotal Status Flags
r-devel-linux-x86_64-debian-clang 1.0.0 OK
r-devel-linux-x86_64-debian-gcc 1.0.0 2.38 28.46 30.84 OK
r-devel-linux-x86_64-fedora-clang 1.0.0 58.51 OK
r-devel-linux-x86_64-fedora-gcc 1.0.0 47.34 OK
r-devel-windows-x86_64-new-UL 1.0.0 10.00 78.00 88.00 OK
r-devel-windows-x86_64-new-TK 1.0.0 OK
r-devel-windows-x86_64-old 1.0.0 5.00 61.00 66.00 OK
r-patched-linux-x86_64 1.0.0 3.72 34.52 38.24 OK
r-patched-solaris-x86 1.0.0 66.40 OK
r-release-linux-x86_64 1.0.0 3.39 32.88 36.27 ERROR
r-release-macos-arm64 1.0.0 OK
r-release-macos-x86_64 1.0.0 OK
r-release-windows-ix86+x86_64 1.0.0 8.00 39.00 47.00 OK
r-oldrel-macos-x86_64 1.0.0 OK
r-oldrel-windows-ix86+x86_64 1.0.0 6.00 43.00 49.00 OK

Check Details

Version: 1.0.0
Check: tests
Result: ERROR
     Running ‘tinytest.R’ [2s/63s]
    Running the tests in ‘tests/tinytest.R’ failed.
    Complete output:
     > if (requireNamespace("tinytest", quietly = TRUE)) {
     +
     + library(tinytest)
     + test_package("gtfsio")
     +
     + }
    
     test_assert_gtfs.R............ 0 tests
     test_assert_gtfs.R............ 0 tests
     test_assert_gtfs.R............ 0 tests
     test_assert_gtfs.R............ 0 tests
     test_assert_gtfs.R............ 1 tests <1b>[0;32mOK<1b>[0m
     test_assert_gtfs.R............ 2 tests <1b>[0;32mOK<1b>[0m
     test_assert_gtfs.R............ 2 tests <1b>[0;32mOK<1b>[0m
     test_assert_gtfs.R............ 2 tests <1b>[0;32mOK<1b>[0m
     test_assert_gtfs.R............ 3 tests <1b>[0;32mOK<1b>[0m
     test_assert_gtfs.R............ 3 tests <1b>[0;32mOK<1b>[0m
     test_assert_gtfs.R............ 3 tests <1b>[0;32mOK<1b>[0m
     test_assert_gtfs.R............ 3 tests <1b>[0;32mOK<1b>[0m
     test_assert_gtfs.R............ 4 tests <1b>[0;32mOK<1b>[0m
     test_assert_gtfs.R............ 4 tests <1b>[0;32mOK<1b>[0m
     test_assert_gtfs.R............ 5 tests <1b>[0;32mOK<1b>[0m
     test_assert_gtfs.R............ 5 tests <1b>[0;32mOK<1b>[0m
     test_assert_gtfs.R............ 6 tests <1b>[0;32mOK<1b>[0m
     test_assert_gtfs.R............ 6 tests <1b>[0;32mOK<1b>[0m
     test_assert_gtfs.R............ 6 tests <1b>[0;32mOK<1b>[0m
     test_assert_gtfs.R............ 7 tests <1b>[0;32mOK<1b>[0m
     test_assert_gtfs.R............ 7 tests <1b>[0;32mOK<1b>[0m
     test_assert_gtfs.R............ 7 tests <1b>[0;32mOK<1b>[0m
     test_assert_gtfs.R............ 8 tests <1b>[0;32mOK<1b>[0m
     test_assert_gtfs.R............ 8 tests <1b>[0;32mOK<1b>[0m
     test_assert_gtfs.R............ 9 tests <1b>[0;32mOK<1b>[0m
     test_assert_gtfs.R............ 9 tests <1b>[0;32mOK<1b>[0m
     test_assert_gtfs.R............ 9 tests <1b>[0;32mOK<1b>[0m
     test_assert_gtfs.R............ 10 tests <1b>[0;32mOK<1b>[0m
     test_assert_gtfs.R............ 10 tests <1b>[0;32mOK<1b>[0m
     test_assert_gtfs.R............ 10 tests <1b>[0;32mOK<1b>[0m
     test_assert_gtfs.R............ 11 tests <1b>[0;32mOK<1b>[0m
     test_assert_gtfs.R............ 12 tests <1b>[0;32mOK<1b>[0m <1b>[0;34m0.1s<1b>[0m
    
     test_assert_inputs.R.......... 0 tests
     test_assert_inputs.R.......... 1 tests <1b>[0;32mOK<1b>[0m
     test_assert_inputs.R.......... 2 tests <1b>[0;32mOK<1b>[0m
     test_assert_inputs.R.......... 3 tests <1b>[0;32mOK<1b>[0m
     test_assert_inputs.R.......... 4 tests <1b>[0;32mOK<1b>[0m
     test_assert_inputs.R.......... 5 tests <1b>[0;32mOK<1b>[0m
     test_assert_inputs.R.......... 6 tests <1b>[0;32mOK<1b>[0m
     test_assert_inputs.R.......... 7 tests <1b>[0;32mOK<1b>[0m
     test_assert_inputs.R.......... 8 tests <1b>[0;32mOK<1b>[0m
     test_assert_inputs.R.......... 9 tests <1b>[0;32mOK<1b>[0m
     test_assert_inputs.R.......... 10 tests <1b>[0;32mOK<1b>[0m
     test_assert_inputs.R.......... 11 tests <1b>[0;32mOK<1b>[0m
     test_assert_inputs.R.......... 12 tests <1b>[0;32mOK<1b>[0m
     test_assert_inputs.R.......... 13 tests <1b>[0;32mOK<1b>[0m
     test_assert_inputs.R.......... 14 tests <1b>[0;32mOK<1b>[0m
     test_assert_inputs.R.......... 15 tests <1b>[0;32mOK<1b>[0m
     test_assert_inputs.R.......... 16 tests <1b>[0;32mOK<1b>[0m
     test_assert_inputs.R.......... 17 tests <1b>[0;32mOK<1b>[0m
     test_assert_inputs.R.......... 18 tests <1b>[0;32mOK<1b>[0m
     test_assert_inputs.R.......... 19 tests <1b>[0;32mOK<1b>[0m
     test_assert_inputs.R.......... 20 tests <1b>[0;32mOK<1b>[0m
     test_assert_inputs.R.......... 21 tests <1b>[0;32mOK<1b>[0m
     test_assert_inputs.R.......... 22 tests <1b>[0;32mOK<1b>[0m
     test_assert_inputs.R.......... 23 tests <1b>[0;32mOK<1b>[0m
     test_assert_inputs.R.......... 24 tests <1b>[0;32mOK<1b>[0m
     test_assert_inputs.R.......... 24 tests <1b>[0;32mOK<1b>[0m
     test_assert_inputs.R.......... 25 tests <1b>[0;32mOK<1b>[0m
     test_assert_inputs.R.......... 25 tests <1b>[0;32mOK<1b>[0m
     test_assert_inputs.R.......... 26 tests <1b>[0;32mOK<1b>[0m
     test_assert_inputs.R.......... 27 tests <1b>[0;32mOK<1b>[0m
     test_assert_inputs.R.......... 28 tests <1b>[0;32mOK<1b>[0m
     test_assert_inputs.R.......... 28 tests <1b>[0;32mOK<1b>[0m
     test_assert_inputs.R.......... 29 tests <1b>[0;32mOK<1b>[0m
     test_assert_inputs.R.......... 30 tests <1b>[0;32mOK<1b>[0m
     test_assert_inputs.R.......... 31 tests <1b>[0;32mOK<1b>[0m
     test_assert_inputs.R.......... 32 tests <1b>[0;32mOK<1b>[0m
     test_assert_inputs.R.......... 33 tests <1b>[0;32mOK<1b>[0m <1b>[0;36m21ms<1b>[0m
    
     test_checks.R................. 0 tests
     test_checks.R................. 0 tests
     test_checks.R................. 1 tests <1b>[0;32mOK<1b>[0m
     test_checks.R................. 2 tests <1b>[0;32mOK<1b>[0m
     test_checks.R................. 3 tests <1b>[0;32mOK<1b>[0m
     test_checks.R................. 4 tests <1b>[0;32mOK<1b>[0m
     test_checks.R................. 5 tests <1b>[0;32mOK<1b>[0m
     test_checks.R................. 6 tests <1b>[0;32mOK<1b>[0m
     test_checks.R................. 7 tests <1b>[0;32mOK<1b>[0m
     test_checks.R................. 8 tests <1b>[0;32mOK<1b>[0m
     test_checks.R................. 9 tests <1b>[0;32mOK<1b>[0m
     test_checks.R................. 10 tests <1b>[0;32mOK<1b>[0m
     test_checks.R................. 11 tests <1b>[0;32mOK<1b>[0m
     test_checks.R................. 12 tests <1b>[0;32mOK<1b>[0m
     test_checks.R................. 13 tests <1b>[0;32mOK<1b>[0m
     test_checks.R................. 14 tests <1b>[0;32mOK<1b>[0m
     test_checks.R................. 15 tests <1b>[0;32mOK<1b>[0m
     test_checks.R................. 16 tests <1b>[0;32mOK<1b>[0m
     test_checks.R................. 17 tests <1b>[0;32mOK<1b>[0m
     test_checks.R................. 18 tests <1b>[0;32mOK<1b>[0m
     test_checks.R................. 19 tests <1b>[0;32mOK<1b>[0m
     test_checks.R................. 20 tests <1b>[0;32mOK<1b>[0m
     test_checks.R................. 21 tests <1b>[0;32mOK<1b>[0m
     test_checks.R................. 22 tests <1b>[0;32mOK<1b>[0m
     test_checks.R................. 23 tests <1b>[0;32mOK<1b>[0m
     test_checks.R................. 24 tests <1b>[0;32mOK<1b>[0m
     test_checks.R................. 25 tests <1b>[0;32mOK<1b>[0m
     test_checks.R................. 26 tests <1b>[0;32mOK<1b>[0m
     test_checks.R................. 27 tests <1b>[0;32mOK<1b>[0m
     test_checks.R................. 28 tests <1b>[0;32mOK<1b>[0m
     test_checks.R................. 29 tests <1b>[0;32mOK<1b>[0m
     test_checks.R................. 30 tests <1b>[0;32mOK<1b>[0m
     test_checks.R................. 31 tests <1b>[0;32mOK<1b>[0m
     test_checks.R................. 32 tests <1b>[0;32mOK<1b>[0m
     test_checks.R................. 33 tests <1b>[0;32mOK<1b>[0m
     test_checks.R................. 34 tests <1b>[0;32mOK<1b>[0m
     test_checks.R................. 35 tests <1b>[0;32mOK<1b>[0m
     test_checks.R................. 36 tests <1b>[0;32mOK<1b>[0m
     test_checks.R................. 37 tests <1b>[0;32mOK<1b>[0m
     test_checks.R................. 38 tests <1b>[0;32mOK<1b>[0m
     test_checks.R................. 39 tests <1b>[0;32mOK<1b>[0m
     test_checks.R................. 40 tests <1b>[0;32mOK<1b>[0m
     test_checks.R................. 41 tests <1b>[0;32mOK<1b>[0m
     test_checks.R................. 42 tests <1b>[0;32mOK<1b>[0m
     test_checks.R................. 43 tests <1b>[0;32mOK<1b>[0m
     test_checks.R................. 44 tests <1b>[0;32mOK<1b>[0m
     test_checks.R................. 45 tests <1b>[0;32mOK<1b>[0m
     test_checks.R................. 46 tests <1b>[0;32mOK<1b>[0m
     test_checks.R................. 47 tests <1b>[0;32mOK<1b>[0m
     test_checks.R................. 48 tests <1b>[0;32mOK<1b>[0m
     test_checks.R................. 49 tests <1b>[0;32mOK<1b>[0m
     test_checks.R................. 50 tests <1b>[0;32mOK<1b>[0m
     test_checks.R................. 51 tests <1b>[0;32mOK<1b>[0m
     test_checks.R................. 52 tests <1b>[0;32mOK<1b>[0m
     test_checks.R................. 53 tests <1b>[0;32mOK<1b>[0m
     test_checks.R................. 54 tests <1b>[0;32mOK<1b>[0m
     test_checks.R................. 55 tests <1b>[0;32mOK<1b>[0m
     test_checks.R................. 56 tests <1b>[0;32mOK<1b>[0m
     test_checks.R................. 57 tests <1b>[0;32mOK<1b>[0m
     test_checks.R................. 58 tests <1b>[0;32mOK<1b>[0m
     test_checks.R................. 59 tests <1b>[0;32mOK<1b>[0m
     test_checks.R................. 60 tests <1b>[0;32mOK<1b>[0m
     test_checks.R................. 61 tests <1b>[0;32mOK<1b>[0m <1b>[0;34m0.1s<1b>[0m
    
     test_export_gtfs.R............ 0 tests
     test_export_gtfs.R............ 0 tests
     test_export_gtfs.R............ 0 tests
     test_export_gtfs.R............ 0 tests
     test_export_gtfs.R............ 0 tests
     test_export_gtfs.R............ 0 tests
     test_export_gtfs.R............ 1 tests <1b>[0;32mOK<1b>[0m
     test_export_gtfs.R............ 2 tests <1b>[0;32mOK<1b>[0m
     test_export_gtfs.R............ 3 tests <1b>[0;32mOK<1b>[0m
     test_export_gtfs.R............ 4 tests <1b>[0;32mOK<1b>[0m
     test_export_gtfs.R............ 5 tests <1b>[0;32mOK<1b>[0m
     test_export_gtfs.R............ 6 tests <1b>[0;32mOK<1b>[0m
     test_export_gtfs.R............ 7 tests <1b>[0;32mOK<1b>[0m
     test_export_gtfs.R............ 8 tests <1b>[0;32mOK<1b>[0m
     test_export_gtfs.R............ 9 tests <1b>[0;32mOK<1b>[0m
     test_export_gtfs.R............ 10 tests <1b>[0;32mOK<1b>[0m
     test_export_gtfs.R............ 11 tests <1b>[0;32mOK<1b>[0m
     test_export_gtfs.R............ 12 tests <1b>[0;32mOK<1b>[0m
     test_export_gtfs.R............ 13 tests <1b>[0;32mOK<1b>[0m
     test_export_gtfs.R............ 14 tests <1b>[0;32mOK<1b>[0m
     test_export_gtfs.R............ 15 tests <1b>[0;32mOK<1b>[0m
     test_export_gtfs.R............ 15 tests <1b>[0;32mOK<1b>[0m
     test_export_gtfs.R............ 15 tests <1b>[0;32mOK<1b>[0m
     test_export_gtfs.R............ 15 tests <1b>[0;32mOK<1b>[0m
     test_export_gtfs.R............ 16 tests <1b>[0;32mOK<1b>[0m
     test_export_gtfs.R............ 16 tests <1b>[0;32mOK<1b>[0m
     test_export_gtfs.R............ 17 tests <1b>[0;32mOK<1b>[0m
     test_export_gtfs.R............ 18 tests <1b>[0;32mOK<1b>[0m
     test_export_gtfs.R............ 19 tests <1b>[0;32mOK<1b>[0m
     test_export_gtfs.R............ 20 tests <1b>[0;32mOK<1b>[0m
     test_export_gtfs.R............ 21 tests <1b>[0;32mOK<1b>[0m
     test_export_gtfs.R............ 22 tests <1b>[0;32mOK<1b>[0m
     test_export_gtfs.R............ 22 tests <1b>[0;32mOK<1b>[0m
     test_export_gtfs.R............ 23 tests <1b>[0;32mOK<1b>[0m
     test_export_gtfs.R............ 24 tests <1b>[0;32mOK<1b>[0m
     test_export_gtfs.R............ 25 tests <1b>[0;32mOK<1b>[0m
     test_export_gtfs.R............ 25 tests <1b>[0;32mOK<1b>[0m
     test_export_gtfs.R............ 26 tests <1b>[0;32mOK<1b>[0m
     test_export_gtfs.R............ 27 tests <1b>[0;32mOK<1b>[0m
     test_export_gtfs.R............ 27 tests <1b>[0;32mOK<1b>[0m
     test_export_gtfs.R............ 27 tests <1b>[0;32mOK<1b>[0m
     test_export_gtfs.R............ 28 tests <1b>[0;32mOK<1b>[0m
     test_export_gtfs.R............ 28 tests <1b>[0;32mOK<1b>[0m
     test_export_gtfs.R............ 29 tests <1b>[0;32mOK<1b>[0m
     test_export_gtfs.R............ 29 tests <1b>[0;32mOK<1b>[0m
     test_export_gtfs.R............ 30 tests <1b>[0;32mOK<1b>[0m
     test_export_gtfs.R............ 30 tests <1b>[0;32mOK<1b>[0m
     test_export_gtfs.R............ 31 tests <1b>[0;32mOK<1b>[0m
     test_export_gtfs.R............ 32 tests <1b>[0;32mOK<1b>[0m
     test_export_gtfs.R............ 32 tests <1b>[0;32mOK<1b>[0m
     test_export_gtfs.R............ 32 tests <1b>[0;32mOK<1b>[0m
     test_export_gtfs.R............ 32 tests <1b>[0;32mOK<1b>[0m
     test_export_gtfs.R............ 33 tests <1b>[0;32mOK<1b>[0m
     test_export_gtfs.R............ 33 tests <1b>[0;32mOK<1b>[0m
     test_export_gtfs.R............ 33 tests <1b>[0;32mOK<1b>[0m
     test_export_gtfs.R............ 34 tests <1b>[0;32mOK<1b>[0m
     test_export_gtfs.R............ 34 tests <1b>[0;32mOK<1b>[0m
     test_export_gtfs.R............ 35 tests <1b>[0;32mOK<1b>[0m
     test_export_gtfs.R............ 36 tests <1b>[0;32mOK<1b>[0m
     test_export_gtfs.R............ 70 tests <1b>[0;32mOK<1b>[0m
     test_export_gtfs.R............ 70 tests <1b>[0;32mOK<1b>[0m
     test_export_gtfs.R............ 70 tests <1b>[0;32mOK<1b>[0m
     test_export_gtfs.R............ 70 tests <1b>[0;32mOK<1b>[0m
     test_export_gtfs.R............ 70 tests <1b>[0;32mOK<1b>[0m
     test_export_gtfs.R............ 71 tests <1b>[0;32mOK<1b>[0m
     test_export_gtfs.R............ 71 tests <1b>[0;32mOK<1b>[0m
     test_export_gtfs.R............ 72 tests <1b>[0;32mOK<1b>[0m
     test_export_gtfs.R............ 73 tests <1b>[0;32mOK<1b>[0m
     test_export_gtfs.R............ 74 tests <1b>[0;32mOK<1b>[0m
     test_export_gtfs.R............ 75 tests <1b>[0;32mOK<1b>[0m
     test_export_gtfs.R............ 76 tests <1b>[0;32mOK<1b>[0m
     test_export_gtfs.R............ 77 tests <1b>[0;32mOK<1b>[0m
     test_export_gtfs.R............ 78 tests <1b>[0;32mOK<1b>[0m
     test_export_gtfs.R............ 78 tests <1b>[0;32mOK<1b>[0m
     test_export_gtfs.R............ 79 tests <1b>[0;32mOK<1b>[0m
     test_export_gtfs.R............ 80 tests <1b>[0;32mOK<1b>[0m
     test_export_gtfs.R............ 81 tests <1b>[0;32mOK<1b>[0m
     test_export_gtfs.R............ 82 tests <1b>[0;32mOK<1b>[0m
     test_export_gtfs.R............ 82 tests <1b>[0;32mOK<1b>[0m
     test_export_gtfs.R............ 83 tests <1b>[0;32mOK<1b>[0m
     test_export_gtfs.R............ 84 tests <1b>[0;32mOK<1b>[0m <1b>[0;34m0.5s<1b>[0m
    
     test_gtfsio_error.R........... 1 tests <1b>[0;32mOK<1b>[0m
     test_gtfsio_error.R........... 2 tests <1b>[0;32mOK<1b>[0m
     test_gtfsio_error.R........... 2 tests <1b>[0;32mOK<1b>[0m
     test_gtfsio_error.R........... 3 tests <1b>[0;32mOK<1b>[0m
     test_gtfsio_error.R........... 3 tests <1b>[0;32mOK<1b>[0m
     test_gtfsio_error.R........... 4 tests <1b>[0;32mOK<1b>[0m
     test_gtfsio_error.R........... 5 tests <1b>[0;32mOK<1b>[0m
     test_gtfsio_error.R........... 5 tests <1b>[0;32mOK<1b>[0m
     test_gtfsio_error.R........... 5 tests <1b>[0;32mOK<1b>[0m
     test_gtfsio_error.R........... 6 tests <1b>[0;32mOK<1b>[0m
     test_gtfsio_error.R........... 6 tests <1b>[0;32mOK<1b>[0m
     test_gtfsio_error.R........... 6 tests <1b>[0;32mOK<1b>[0m
     test_gtfsio_error.R........... 7 tests <1b>[0;32mOK<1b>[0m
     test_gtfsio_error.R........... 8 tests <1b>[0;32mOK<1b>[0m
     test_gtfsio_error.R........... 8 tests <1b>[0;32mOK<1b>[0m
     test_gtfsio_error.R........... 8 tests <1b>[0;32mOK<1b>[0m
     test_gtfsio_error.R........... 9 tests <1b>[0;32mOK<1b>[0m
     test_gtfsio_error.R........... 10 tests <1b>[0;32mOK<1b>[0m <1b>[0;36m8ms<1b>[0m
    
     test_import_gtfs.R............ 0 tests
     test_import_gtfs.R............ 0 tests
     test_import_gtfs.R............ 0 tests
     test_import_gtfs.R............ 0 tests
     test_import_gtfs.R............ 1 tests <1b>[0;32mOK<1b>[0m
     test_import_gtfs.R............ 2 tests <1b>[0;32mOK<1b>[0m
     test_import_gtfs.R............ 3 tests <1b>[0;32mOK<1b>[0m
     test_import_gtfs.R............ 4 tests <1b>[0;32mOK<1b>[0m
     test_import_gtfs.R............ 5 tests <1b>[0;32mOK<1b>[0m
     test_import_gtfs.R............ 6 tests <1b>[0;32mOK<1b>[0m
     test_import_gtfs.R............ 7 tests <1b>[0;32mOK<1b>[0m
     test_import_gtfs.R............ 8 tests <1b>[0;32mOK<1b>[0m
     test_import_gtfs.R............ 9 tests <1b>[0;32mOK<1b>[0m
     test_import_gtfs.R............ 10 tests <1b>[0;32mOK<1b>[0m
     test_import_gtfs.R............ 11 tests <1b>[0;32mOK<1b>[0m
     test_import_gtfs.R............ 12 tests <1b>[0;32mOK<1b>[0m
     test_import_gtfs.R............ 13 tests <1b>[0;32mOK<1b>[0m
     test_import_gtfs.R............ 14 tests <1b>[0;32mOK<1b>[0m
     test_import_gtfs.R............ 15 tests <1b>[0;32mOK<1b>[0m
     test_import_gtfs.R............ 16 tests <1b>[0;32mOK<1b>[0m
     test_import_gtfs.R............ 16 tests <1b>[0;32mOK<1b>[0m
     test_import_gtfs.R............ 17 tests <1b>[0;32mOK<1b>[0m
     test_import_gtfs.R............ 18 tests <1b>[0;32mOK<1b>[0m
     test_import_gtfs.R............ 18 tests <1b>[0;32mOK<1b>[0m
     test_import_gtfs.R............ 18 tests <1b>[0;32mOK<1b>[0m
     test_import_gtfs.R............ 18 tests <1b>[0;32mOK<1b>[0m
     test_import_gtfs.R............ 19 tests <1b>[0;32mOK<1b>[0m
     test_import_gtfs.R............ 19 tests <1b>[0;32mOK<1b>[0m
     test_import_gtfs.R............ 20 tests <1b>[0;32mOK<1b>[0m
     test_import_gtfs.R............ 21 tests <1b>[0;32mOK<1b>[0m
     test_import_gtfs.R............ 22 tests <1b>[0;32mOK<1b>[0m
     test_import_gtfs.R............ 23 tests <1b>[0;32mOK<1b>[0m
     test_import_gtfs.R............ 23 tests <1b>[0;32mOK<1b>[0m
     test_import_gtfs.R............ 23 tests <1b>[0;32mOK<1b>[0m
     test_import_gtfs.R............ 23 tests <1b>[0;32mOK<1b>[0m
     test_import_gtfs.R............ 23 tests <1b>[0;32mOK<1b>[0m
     test_import_gtfs.R............ 23 tests <1b>[0;32mOK<1b>[0m
     test_import_gtfs.R............ 23 tests <1b>[0;32mOK<1b>[0m
     test_import_gtfs.R............ 23 tests <1b>[0;32mOK<1b>[0m
     test_import_gtfs.R............ 23 tests <1b>[0;32mOK<1b>[0m
     test_import_gtfs.R............ 24 tests <1b>[0;32mOK<1b>[0m
     test_import_gtfs.R............ 24 tests <1b>[0;32mOK<1b>[0m
     test_import_gtfs.R............ 24 tests <1b>[0;32mOK<1b>[0m
     test_import_gtfs.R............ 25 tests <1b>[0;32mOK<1b>[0m
     test_import_gtfs.R............ 25 tests <1b>[0;32mOK<1b>[0m
     test_import_gtfs.R............ 25 tests <1b>[0;32mOK<1b>[0m
     test_import_gtfs.R............ 25 tests <1b>[0;32mOK<1b>[0m
     test_import_gtfs.R............ 25 tests <1b>[0;32mOK<1b>[0m
     test_import_gtfs.R............ 25 tests <1b>[0;32mOK<1b>[0m
     test_import_gtfs.R............ 25 tests <1b>[0;32mOK<1b>[0m
     test_import_gtfs.R............ 25 tests <1b>[0;32mOK<1b>[0m
     test_import_gtfs.R............ 25 tests <1b>[0;32mOK<1b>[0m
     test_import_gtfs.R............ 25 tests <1b>[0;32mOK<1b>[0m
     test_import_gtfs.R............ 25 tests <1b>[0;32mOK<1b>[0m
     test_import_gtfs.R............ 26 tests <1b>[0;32mOK<1b>[0m
     test_import_gtfs.R............ 27 tests <1b>[0;32mOK<1b>[0m
     test_import_gtfs.R............ 28 tests <1b>[0;32mOK<1b>[0m
     test_import_gtfs.R............ 29 tests <1b>[0;32mOK<1b>[0m
     test_import_gtfs.R............ 29 tests <1b>[0;32mOK<1b>[0m
     test_import_gtfs.R............ 30 tests <1b>[0;32mOK<1b>[0m
     test_import_gtfs.R............ 30 tests <1b>[0;32mOK<1b>[0m
     test_import_gtfs.R............ 31 tests <1b>[0;32mOK<1b>[0m
     test_import_gtfs.R............ 31 tests <1b>[0;32mOK<1b>[0m
     test_import_gtfs.R............ 32 tests <1b>[0;32mOK<1b>[0m
     test_import_gtfs.R............ 33 tests <1b>[0;32mOK<1b>[0m
     test_import_gtfs.R............ 33 tests <1b>[0;32mOK<1b>[0m
     test_import_gtfs.R............ 34 tests <1b>[0;32mOK<1b>[0m
     test_import_gtfs.R............ 35 tests <1b>[0;32mOK<1b>[0m
     test_import_gtfs.R............ 36 tests <1b>[0;32mOK<1b>[0m
     test_import_gtfs.R............ 37 tests <1b>[0;32mOK<1b>[0m
     test_import_gtfs.R............ 38 tests <1b>[0;31m1 fails<1b>[0m
     test_import_gtfs.R............ 39 tests <1b>[0;31m1 fails<1b>[0m
     test_import_gtfs.R............ 39 tests <1b>[0;31m1 fails<1b>[0m
     test_import_gtfs.R............ 40 tests <1b>[0;31m1 fails<1b>[0m
     test_import_gtfs.R............ 41 tests <1b>[0;31m1 fails<1b>[0m
     test_import_gtfs.R............ 42 tests <1b>[0;31m1 fails<1b>[0m Execution halted
Flavor: r-release-linux-x86_64

Version: 1.0.0
Check: re-building of vignette outputs
Result: WARN
    Error(s) in re-building vignettes:
     ...
    --- re-building ‘gtfsio.Rmd’ using rmarkdown
    Quitting from lines 60-68 (gtfsio.Rmd)
    Error: processing vignette 'gtfsio.Rmd' failed with diagnostics:
    cannot open URL ‘https://github.com/r-transit/gtfsio/raw/master/inst/extdata/ggl_gtfs.zip’
    --- failed re-building ‘gtfsio.Rmd’
    
    SUMMARY: processing the following file failed:
     ‘gtfsio.Rmd’
    
    Error: Vignette re-building failed.
    Execution halted
Flavor: r-release-linux-x86_64