CRAN Package Check Results for Package gtfsrouter

Last updated on 2020-01-17 22:50:54 CET.

Flavor Version Tinstall Tcheck Ttotal Status Flags
r-devel-linux-x86_64-debian-clang 0.0.1 50.05 112.55 162.60 OK
r-devel-linux-x86_64-debian-gcc 0.0.1 32.30 110.61 142.91 OK
r-devel-linux-x86_64-fedora-clang 0.0.1 181.99 NOTE
r-devel-linux-x86_64-fedora-gcc 0.0.1 183.84 OK
r-devel-windows-ix86+x86_64 0.0.1 131.00 171.00 302.00 OK
r-devel-windows-ix86+x86_64-gcc8 0.0.1 103.00 202.00 305.00 OK
r-patched-linux-x86_64 0.0.1 38.67 99.19 137.86 OK
r-patched-solaris-x86 0.0.1 173.40 OK
r-release-linux-x86_64 0.0.1 38.58 98.29 136.87 OK
r-release-windows-ix86+x86_64 0.0.1 116.00 194.00 310.00 OK
r-release-osx-x86_64 0.0.1 OK
r-oldrel-windows-ix86+x86_64 0.0.1 113.00 145.00 258.00 OK
r-oldrel-osx-x86_64 0.0.1 OK

Check Details

Version: 0.0.1
Check: installed package size
Result: NOTE
     installed size is 5.2Mb
     sub-directories of 1Mb or more:
     doc 2.1Mb
     libs 2.7Mb
Flavor: r-devel-linux-x86_64-fedora-clang