CRAN Package Check Results for Package gtfsrouter

Last updated on 2019-09-14 22:48:27 CEST.

Flavor Version Tinstall Tcheck Ttotal Status Flags
r-devel-linux-x86_64-debian-clang 0.0.1 42.35 110.34 152.69 OK
r-devel-linux-x86_64-debian-gcc 0.0.1 34.75 103.55 138.30 OK
r-devel-linux-x86_64-fedora-clang 0.0.1 171.13 NOTE
r-devel-linux-x86_64-fedora-gcc 0.0.1 162.12 OK
r-devel-windows-ix86+x86_64 0.0.1 126.00 195.00 321.00 OK
r-patched-linux-x86_64 0.0.1 37.67 104.84 142.51 OK
r-patched-solaris-x86 0.0.1 166.40 OK
r-release-linux-x86_64 0.0.1 39.05 102.86 141.91 OK
r-release-windows-ix86+x86_64 0.0.1 83.00 141.00 224.00 OK
r-release-osx-x86_64 0.0.1 OK
r-oldrel-windows-ix86+x86_64 0.0.1 121.00 141.00 262.00 OK
r-oldrel-osx-x86_64 0.0.1 OK

Check Details

Version: 0.0.1
Check: installed package size
Result: NOTE
     installed size is 5.2Mb
     sub-directories of 1Mb or more:
     doc 2.1Mb
     libs 2.7Mb
Flavor: r-devel-linux-x86_64-fedora-clang