CRAN Package Check Results for Package gtfsrouter

Last updated on 2021-05-17 22:56:26 CEST.

Flavor Version Tinstall Tcheck Ttotal Status Flags
r-devel-linux-x86_64-debian-clang 0.0.4 58.78 119.08 177.86 OK
r-devel-linux-x86_64-debian-gcc 0.0.4 39.19 79.71 118.90 OK
r-devel-linux-x86_64-fedora-clang 0.0.4 221.87 NOTE
r-devel-linux-x86_64-fedora-gcc 0.0.4 197.63 OK
r-devel-windows-ix86+x86_64 0.0.4 145.00 167.00 312.00 OK
r-devel-windows-x86_64-gcc10-UCRT 0.0.4 OK
r-patched-linux-x86_64 0.0.4 48.23 92.36 140.59 OK
r-patched-solaris-x86 0.0.4 208.30 OK
r-release-linux-x86_64 0.0.4 47.76 93.95 141.71 OK
r-release-macos-x86_64 0.0.4 NOTE
r-release-windows-ix86+x86_64 0.0.4 106.00 147.00 253.00 OK
r-oldrel-macos-x86_64 0.0.4 NOTE
r-oldrel-windows-ix86+x86_64 0.0.4 92.00 199.00 291.00 OK

Check Details

Version: 0.0.4
Check: installed package size
Result: NOTE
     installed size is 5.3Mb
     sub-directories of 1Mb or more:
     doc 2.1Mb
     libs 2.8Mb
Flavors: r-devel-linux-x86_64-fedora-clang, r-release-macos-x86_64, r-oldrel-macos-x86_64