CRAN Package Check Results for Package guaguas

Last updated on 2021-12-06 21:51:15 CET.

Flavor Version Tinstall Tcheck Ttotal Status Flags
r-devel-linux-x86_64-debian-clang 0.2.0 22.91 43.01 65.92 OK
r-devel-linux-x86_64-debian-gcc 0.2.0 20.22 34.46 54.68 OK
r-devel-linux-x86_64-fedora-clang 0.2.0 85.19 NOTE
r-devel-linux-x86_64-fedora-gcc 0.2.0 74.28 NOTE
r-devel-windows-x86_64-new-UL 0.2.0 37.00 69.00 106.00 OK
r-devel-windows-x86_64-new-TK 0.2.0 NOTE
r-devel-windows-x86_64-old 0.2.0 30.00 39.00 69.00 OK
r-patched-linux-x86_64 0.2.0 22.89 33.28 56.17 OK
r-release-linux-x86_64 0.2.0 22.55 41.36 63.91 OK
r-release-macos-arm64 0.2.0 NOTE
r-release-macos-x86_64 0.2.0 NOTE
r-release-windows-ix86+x86_64 0.2.0 34.00 53.00 87.00 OK
r-oldrel-macos-x86_64 0.2.0 NOTE
r-oldrel-windows-ix86+x86_64 0.2.0 35.00 51.00 86.00 OK

Check Details

Version: 0.2.0
Check: data for non-ASCII characters
Result: NOTE
     Note: found 40918 marked UTF-8 strings
Flavors: r-devel-linux-x86_64-fedora-clang, r-devel-linux-x86_64-fedora-gcc, r-devel-windows-x86_64-new-TK, r-release-macos-arm64, r-release-macos-x86_64, r-oldrel-macos-x86_64