CRAN Package Check Results for Package gutenbergr

Last updated on 2020-02-17 22:49:33 CET.

Flavor Version Tinstall Tcheck Ttotal Status Flags
r-devel-linux-x86_64-debian-clang 0.1.5 6.78 164.63 171.41 OK
r-devel-linux-x86_64-debian-gcc 0.1.5 6.96 120.29 127.25 OK
r-devel-linux-x86_64-fedora-clang 0.1.5 204.47 NOTE
r-devel-linux-x86_64-fedora-gcc 0.1.5 199.38 NOTE
r-devel-windows-ix86+x86_64 0.1.5 13.00 197.00 210.00 OK
r-devel-windows-ix86+x86_64-gcc8 0.1.5 16.00 238.00 254.00 OK
r-patched-linux-x86_64 0.1.5 6.49 149.12 155.61 OK
r-patched-solaris-x86 0.1.5 255.10 NOTE
r-release-linux-x86_64 0.1.5 7.24 147.61 154.85 OK
r-release-windows-ix86+x86_64 0.1.5 12.00 165.00 177.00 OK
r-release-osx-x86_64 0.1.5 NOTE
r-oldrel-windows-ix86+x86_64 0.1.5 9.00 164.00 173.00 OK
r-oldrel-osx-x86_64 0.1.5 NOTE

Check Details

Version: 0.1.5
Check: data for non-ASCII characters
Result: NOTE
     Note: found 13617 marked UTF-8 strings
Flavors: r-devel-linux-x86_64-fedora-clang, r-devel-linux-x86_64-fedora-gcc, r-patched-solaris-x86, r-release-osx-x86_64, r-oldrel-osx-x86_64