CRAN Package Check Results for Package gwaRs

Last updated on 2024-06-13 22:49:30 CEST.

Flavor Version Tinstall Tcheck Ttotal Status Flags
r-devel-linux-x86_64-debian-clang 0.3.0 9.09 83.26 92.35 OK
r-devel-linux-x86_64-debian-gcc 0.3.0 0.59 1.84 2.43 ERROR
r-devel-linux-x86_64-fedora-clang 0.3.0 121.44 OK
r-devel-linux-x86_64-fedora-gcc 0.3.0 126.30 OK
r-devel-windows-x86_64 0.3.0 9.00 85.00 94.00 OK
r-patched-linux-x86_64 0.3.0 9.50 80.10 89.60 OK
r-release-linux-x86_64 0.3.0 6.84 82.00 88.84 OK
r-release-macos-arm64 0.3.0 47.00 OK
r-release-macos-x86_64 0.3.0 76.00 OK
r-release-windows-x86_64 0.3.0 12.00 87.00 99.00 OK
r-oldrel-macos-arm64 0.3.0 43.00 OK
r-oldrel-macos-x86_64 0.3.0 71.00 OK
r-oldrel-windows-x86_64 0.3.0 12.00 98.00 110.00 OK

Check Details

Version: 0.3.0
Check: package dependencies
Result: ERROR Packages required but not available: 'ggplot2', 'ggrepel', 'dplyr', 'tidyr' See section ‘The DESCRIPTION file’ in the ‘Writing R Extensions’ manual. Flavor: r-devel-linux-x86_64-debian-gcc