CRAN Package Check Results for Package gwer

Last updated on 2022-01-27 23:01:04 CET.

Flavor Version Tinstall Tcheck Ttotal Status Flags
r-devel-linux-x86_64-debian-clang 3.0 43.51 375.08 418.59 OK
r-devel-linux-x86_64-debian-gcc 3.0 32.75 276.72 309.47 OK
r-devel-linux-x86_64-fedora-clang 3.0 507.08 NOTE
r-devel-linux-x86_64-fedora-gcc 3.0 491.93 NOTE
r-devel-windows-x86_64-new-UL 3.0 55.00 390.00 445.00 OK
r-devel-windows-x86_64-new-TK 3.0 NOTE
r-patched-linux-x86_64 3.0 44.71 330.99 375.70 OK
r-release-linux-x86_64 3.0 37.05 329.31 366.36 OK
r-release-macos-arm64 3.0 NOTE
r-release-macos-x86_64 3.0 NOTE
r-release-windows-ix86+x86_64 3.0 109.00 407.00 516.00 OK
r-oldrel-macos-x86_64 3.0 NOTE
r-oldrel-windows-ix86+x86_64 3.0 101.00 411.00 512.00 OK

Check Details

Version: 3.0
Check: dependencies in R code
Result: NOTE
    Namespace in Imports field not imported from: ‘Matrix’
     All declared Imports should be used.
Flavors: r-devel-linux-x86_64-fedora-clang, r-devel-linux-x86_64-fedora-gcc, r-devel-windows-x86_64-new-TK, r-release-macos-arm64, r-release-macos-x86_64, r-oldrel-macos-x86_64