CRAN Package Check Results for Package gwerAM

Last updated on 2019-10-16 22:55:59 CEST.

Flavor Version Tinstall Tcheck Ttotal Status Flags
r-devel-linux-x86_64-debian-clang 1.0 6.53 55.62 62.15 NOTE
r-devel-linux-x86_64-debian-gcc 1.0 4.88 45.77 50.65 NOTE
r-devel-linux-x86_64-fedora-clang 1.0 76.45 NOTE
r-devel-linux-x86_64-fedora-gcc 1.0 76.64 NOTE
r-devel-windows-ix86+x86_64 1.0 16.00 68.00 84.00 NOTE
r-patched-linux-x86_64 1.0 5.88 55.17 61.05 NOTE
r-patched-solaris-x86 1.0 121.40 NOTE
r-release-linux-x86_64 1.0 5.85 54.82 60.67 NOTE
r-release-windows-ix86+x86_64 1.0 12.00 96.00 108.00 NOTE
r-release-osx-x86_64 1.0 NOTE
r-oldrel-windows-ix86+x86_64 1.0 7.00 68.00 75.00 NOTE
r-oldrel-osx-x86_64 1.0 NOTE

Check Details

Version: 1.0
Check: top-level files
Result: NOTE
    Non-standard file/directory found at top level:
     'TITEL'
Flavors: r-devel-linux-x86_64-debian-clang, r-devel-linux-x86_64-debian-gcc, r-devel-linux-x86_64-fedora-clang, r-devel-linux-x86_64-fedora-gcc, r-patched-linux-x86_64, r-release-linux-x86_64

Version: 1.0
Check: R code for possible problems
Result: NOTE
    calculate.threshold: no visible global function definition for 'pchisq'
    gwerAM: no visible global function definition for 'rnorm'
    gwerAM: no visible binding for global variable 'quantile'
    Undefined global functions or variables:
     pchisq quantile rnorm
    Consider adding
     importFrom("stats", "pchisq", "quantile", "rnorm")
    to your NAMESPACE file.
Flavors: r-devel-linux-x86_64-debian-clang, r-devel-linux-x86_64-debian-gcc, r-devel-linux-x86_64-fedora-clang, r-devel-linux-x86_64-fedora-gcc, r-devel-windows-ix86+x86_64, r-patched-linux-x86_64, r-patched-solaris-x86, r-release-linux-x86_64, r-release-windows-ix86+x86_64, r-release-osx-x86_64, r-oldrel-windows-ix86+x86_64, r-oldrel-osx-x86_64